{"id":2513,"date":"2011-11-22T17:01:46","date_gmt":"2011-11-22T16:01:46","guid":{"rendered":"http:\/\/montreux-vieux.org\/?page_id=2513"},"modified":"2019-02-03T11:56:18","modified_gmt":"2019-02-03T10:56:18","slug":"trains-excursions","status":"publish","type":"page","link":"https:\/\/montreux-vieux.net\/?page_id=2513","title":{"rendered":"Trains excursions"},"content":{"rendered":"<h3 style=\"text-align: center;\"><span style=\"color: #000000;\">Trains excursions<\/span><\/h3>\n<h4 style=\"text-align: justify;\"><span style=\"color: #000000;\">09-04-0908<\/span><\/h4>\n<h4 style=\"text-align: justify;\"><span style=\"color: #000000;\">Chemins de fer de l\u2019Est &#8211;&nbsp; F\u00eates de P\u00e2ques &#8211; Trains excursions<\/span><\/h4>\n<h4 style=\"text-align: justify;\"><span style=\"color: #000000;\">Le jeudi 16 avril la Compagnie des Chemins de Fer de l\u2019Est mettra en marche au d\u00e9part de Paris&nbsp;pour Belfort et Montreux-Vieux un train sp\u00e9cial d\u2019excursion \u00e0 prix tr\u00e8s r\u00e9duit, compos\u00e9 de voiture 3\u00e8 classe.<\/span><\/h4>\n<h4 style=\"text-align: justify;\"><span style=\"color: #000000;\">Ce train prendra des voyageurs pour certaines stations comprises entre Vendeuvre inclus et Montreux-Vieux. Le nombre de place est limit\u00e9. Le prix des billets d\u2019aller et retour dont la dur\u00e9e de validit\u00e9 est de dix jours, sont les suivants&nbsp;: pour Vendeuvre \u2013 Chaumont 11f pour Langres, Vesoul, Belfort, Petit Croix 16f50 pour Montreux-Vieux 16f80.Au retour les voyageurs seront admis \u00e0 leur choix dans tous les trains ordinaires comportant des voitures de 3\u00e8 classe, aux m\u00eames conditions que les voyageurs \u00e0 plein tarif, dans la limite des places disponibles \u00e0 chacun de ces trains. Les voyageurs devront \u00eatre rentr\u00e9s \u00e0 Paris le 27 avril avant midi. Les bicyclettes sans moteur m\u00e9canique \u00e0 l\u2019exclusion des tandems, tricycles, etc. seront admises dans ce train d\u2019excursion aux conditions qui figurent dans l\u2019affiche sp\u00e9ciale&nbsp;; le nombre de bicyclettes est limit\u00e9 \u00e0 50. Pour les autres renseignements, consulter les affiches et bulletins publi\u00e9s par la compagnie des chemins de fer de l\u2019Est<\/span><\/h4>\n\n\n<h3 class=\"wp-block-heading\" style=\"text-align:center\">Trains excursions \u00e0 l&rsquo;occasion des f\u00eates de P\u00e2ques<\/h3>\n\n\n\n<h4 class=\"wp-block-heading\">Le saviez-vous ? Les chemins de fer de l&rsquo;Est organisaient, selon les informations&nbsp;de la Revue&nbsp;&nbsp;municipale notamment celle du 09 avril 1908 &nbsp;des excursions \u00e0 l&rsquo;occasion des f\u00eates de P\u00e2ques. On pouvait lire sur cette revue les informations suivantes : &nbsp;Le jeudi 16 avril la Compagnie des Chemins de Fer de l\u2019Est mettra en marche au d\u00e9part de Paris&nbsp;pour Belfort et Montreux-Vieux un train sp\u00e9cial d\u2019excursion \u00e0 prix tr\u00e8s r\u00e9duit, compos\u00e9 de voiture 3\u00e8 classe.<\/h4>\n\n\n\n<h4 class=\"wp-block-heading\">Ce train prendra des voyageurs pour certaines stations comprises entre Vendeuvre inclus et Montreux-Vieux. Le nombre de place est limit\u00e9. Le prix des billets d\u2019aller et retour dont la dur\u00e9e de validit\u00e9 est de dix jours, sont les suivants&nbsp;: pour Vendeuvre \u2013 Chaumont 11f pour Langres, Vesoul, Belfort, Petit Croix 16f50 pour Montreux-Vieux 16f80.Au retour les voyageurs seront admis \u00e0 leur choix dans tous les trains ordinaires comportant des voitures de 3\u00e8 classe, aux m\u00eames conditions que les voyageurs \u00e0 plein tarif, dans la limite des places disponibles \u00e0 chacun de ces trains. Les voyageurs devront \u00eatre rentr\u00e9s \u00e0 Paris le 27 avril avant midi. Les bicyclettes sans moteur m\u00e9canique \u00e0 l\u2019exclusion des tandems, tricycles, etc. seront admises dans ce train d\u2019excursion aux conditions qui figurent dans l\u2019affiche sp\u00e9ciale&nbsp;; le nombre de bicyclettes est limit\u00e9 \u00e0 50. Pour les autres renseignements, consulter les affiches et bulletins publi\u00e9s par la compagnie des chemins de fer de l\u2019Est<\/h4>\n\n\n\n<div class=\"wp-block-image\"><figure class=\"aligncenter\"><a href=\"http:\/\/montreux-vieux.net\/montreux-vieux.net\/wp-content\/uploads\/2017\/04\/Chemins-de-fer-de-lEst.jpg\" target=\"_blank\" rel=\"noreferrer noopener\"><img loading=\"lazy\" decoding=\"async\" width=\"945\" height=\"756\" src=\"http:\/\/montreux-vieux.net\/montreux-vieux.net\/wp-content\/uploads\/2017\/04\/Chemins-de-fer-de-lEst.jpg\" alt=\"Trains excursions f\u00eate de P\u00e2ques\" class=\"wp-image-8876\" srcset=\"https:\/\/montreux-vieux.net\/montreux-vieux.net\/wp-content\/uploads\/2017\/04\/Chemins-de-fer-de-lEst.jpg 945w, https:\/\/montreux-vieux.net\/montreux-vieux.net\/wp-content\/uploads\/2017\/04\/Chemins-de-fer-de-lEst-300x240.jpg 300w, https:\/\/montreux-vieux.net\/montreux-vieux.net\/wp-content\/uploads\/2017\/04\/Chemins-de-fer-de-lEst-768x614.jpg 768w, https:\/\/montreux-vieux.net\/montreux-vieux.net\/wp-content\/uploads\/2017\/04\/Chemins-de-fer-de-lEst-600x480.jpg 600w\" sizes=\"auto, (max-width: 945px) 100vw, 945px\" \/><\/a><\/figure><\/div>\n\n\n\n<h3 class=\"wp-block-heading\" style=\"text-align:center\">F\u00eates de la Pentec\u00f4te,&nbsp;Train d&rsquo;excursion de Paris \u00e0 Belfort&nbsp;et &nbsp;Montreux-Vieux.<\/h3>\n\n\n\n<h4 class=\"wp-block-heading\">Le mercredi 3 juin, la Compagnie des Chemins&nbsp;de fer de l&rsquo;Est mettra en marche au d\u00e9part de&nbsp;Paris vers&nbsp;Belfort et Montreux-Vieux, un train&nbsp;d&rsquo;excursion a prix tr\u00e8s r\u00e9duits, compos\u00e9 de voitures de 3\u00e8me classe.&nbsp;Ce train prendra des voyageurs pour certaines&nbsp;stations comprises entre Vendeuvre inclus et&nbsp;Montreux-Vieux.&nbsp;Le nombre do places est limit\u00e9.&nbsp;Les prix des billets d&rsquo;aller et retour sont las&nbsp;suivants : pour Vendeuve, Chaumont ; 11 fr.&nbsp;Pour Langres-Marne, Vesoul, Belfort, Petite-Croix : 16 fr. 50,&nbsp;Pour Montreux-Vieux : 16 fr.&nbsp; Au retour les voyageurs seront admis a leur&nbsp;choix dans tous les trains ordinaires comportant&nbsp;des voitures de 3\u00e8 classe, aux m\u00eames. conditions&nbsp;que les voyageurs \u00e0 plein traif, dans la limite&nbsp;des places disponibles a chacune de ces trains.&nbsp;Les voyageurs devront \u00eatre-rentr\u00e9e a Paris, le&nbsp;15 juin \u00e0 midi au plus tard.&nbsp;Les bicyclettes sans moteur m\u00e9canique, a l&rsquo; exclusion des tandems, tricycles, &nbsp;seront&nbsp;admises dans ce train d&rsquo;excursion aux conditions qui figurent dans l&rsquo;affiche sp\u00e9ciale, le nombre&nbsp;&nbsp;de ces bicyclettes est. limit\u00e9 \u00e0 50.&nbsp;Pour tous les autres renseignements consulter&nbsp;les affiches et bulletins publi\u00e9s par la Compagniedes Chemins de l&rsquo;Est. (L&rsquo;Aurore : du 1er juin 1908 b\u00b03874)<\/h4>\n","protected":false},"excerpt":{"rendered":"<p>Trains excursions 09-04-0908 Chemins de fer de l\u2019Est &#8211;&nbsp; F\u00eates de P\u00e2ques &#8211; Trains excursions Le jeudi 16 avril la Compagnie des Chemins de Fer de l\u2019Est mettra en marche au d\u00e9part de Paris&nbsp;pour Belfort et Montreux-Vieux un train sp\u00e9cial &hellip; <a href=\"https:\/\/montreux-vieux.net\/?page_id=2513\">Continuer la lecture <span class=\"meta-nav\">&rarr;<\/span><\/a><\/p>\n","protected":false},"author":1,"featured_media":0,"parent":13007,"menu_order":22,"comment_status":"open","ping_status":"open","template":"","meta":{"footnotes":""},"class_list":["post-2513","page","type-page","status-publish","hentry"],"_links":{"self":[{"href":"https:\/\/montreux-vieux.net\/index.php?rest_route=\/wp\/v2\/pages\/2513","targetHints":{"allow":["GET"]}}],"collection":[{"href":"https:\/\/montreux-vieux.net\/index.php?rest_route=\/wp\/v2\/pages"}],"about":[{"href":"https:\/\/montreux-vieux.net\/index.php?rest_route=\/wp\/v2\/types\/page"}],"author":[{"embeddable":true,"href":"https:\/\/montreux-vieux.net\/index.php?rest_route=\/wp\/v2\/users\/1"}],"replies":[{"embeddable":true,"href":"https:\/\/montreux-vieux.net\/index.php?rest_route=%2Fwp%2Fv2%2Fcomments&post=2513"}],"version-history":[{"count":5,"href":"https:\/\/montreux-vieux.net\/index.php?rest_route=\/wp\/v2\/pages\/2513\/revisions"}],"predecessor-version":[{"id":14525,"href":"https:\/\/montreux-vieux.net\/index.php?rest_route=\/wp\/v2\/pages\/2513\/revisions\/14525"}],"up":[{"embeddable":true,"href":"https:\/\/montreux-vieux.net\/index.php?rest_route=\/wp\/v2\/pages\/13007"}],"wp:attachment":[{"href":"https:\/\/montreux-vieux.net\/index.php?rest_route=%2Fwp%2Fv2%2Fmedia&parent=2513"}],"curies":[{"name":"wp","href":"https:\/\/api.w.org\/{rel}","templated":true}]}}