{"id":2616,"date":"2011-12-14T09:42:58","date_gmt":"2011-12-14T08:42:58","guid":{"rendered":"http:\/\/montreux-vieux.org\/?page_id=2616"},"modified":"2020-09-14T15:30:04","modified_gmt":"2020-09-14T14:30:04","slug":"grand-incendie-a-montreux-jeune","status":"publish","type":"page","link":"https:\/\/montreux-vieux.net\/?page_id=2616","title":{"rendered":"Grand Incendie \u00e0 Montreux-Ch\u00e2teau"},"content":{"rendered":"<h3 style=\"text-align: center;\"><span style=\"color: #000000;\">Grand incendie \u00e0 Montreux-Ch\u00e2teau<\/span><\/h3>\n<h4 style=\"text-align: justify;\">19-09-1888<\/h4>\n<h4 style=\"text-align: justify;\">Les pompiers de Montreux-Vieux<\/h4>\n<h4 style=\"text-align: justify;\">Si les Prussiens ont voulu \u00e9lever une barri\u00e8re infranchissable entre la France et l\u2019Alsace, ils n\u2019y ont que trop r\u00e9ussi. Le journal de Belfort, d\u2019apr\u00e8s une feuille allemande de Mulhouse montre quelle est la surexcitation qui r\u00e8gne \u00e0 la fronti\u00e8re.<\/h4>\n<h4 style=\"text-align: justify;\">Dans la commune fran\u00e7aise de Montreux-Ch\u00e2teau, un grand incendie s\u2019\u00e9tait d\u00e9clar\u00e9 le 12 septembre.<\/h4>\n<h4 style=\"text-align: justify;\">Les pompiers de Montreux-Vieux ayant re\u00e7u avis du sinistre all\u00e8rent au secours. Ils \u00e9taient en uniforme. Mais lorsqu\u2019ils arriv\u00e8rent \u00e0 la fronti\u00e8re, ils furent repouss\u00e9s par la population, qui les emp\u00eacha d\u2019entrer dans le village.<\/h4>\n<h4 style=\"text-align: justify;\">Ce fait a provoqu\u00e9 une vive \u00e9motion \u00e0 Montreux-Vieux. Les pompiers n\u2019avaient en effet d\u2019autre but que celui d\u2019aider \u00e0 combattre le sinistre.<\/h4>\n<p>\u00a0<\/p>\n<ul>\n<li><em><strong>autre article sur cet incendie.<\/strong><\/em><\/li>\n<\/ul>\n<p>\u00a0Le Journal de Belfort reproduit cet extrait du Mulhauser Tagblatt, journal prussien de Mulhouse :<\/p>\n\n\n<p>Dans la commune fran\u00e7aise de&nbsp;&nbsp; Montreux-Ch\u00e2teau , un grand incendie s&rsquo;\u00e9tait d\u00e9clar\u00e9 le 12 septembre. Les pompiers de Montreux-Vieux, ayant re\u00e7u avis du sinistre, se mirent en mesure de porter secours. Les hommes de cette troupe \u00e9taient en uniforme. Mais lorsqu&rsquo;ils arriv\u00e8rent \u00e0 la fronti\u00e8re, ils furent aussit\u00f4t repouss\u00e9s par la population, qui les emp\u00eacha d&rsquo;entrer dans le village.<\/p>\n\n\n\n<p>Ce fait a produit une vive \u00e9motion \u00e0 Montreux-Vieux, attendu que les pompiers de cette commune n&rsquo;avaient pas d&rsquo;autre but que celui d&rsquo;aider \u00e0 combattre le sinistre.<\/p>\n\n\n\n<p>Notre confr\u00e8re Belfortain dit que ce r\u00e9cit est exact, et que cette manifestation fait voir comment nos populations fronti\u00e8res appr\u00e9cient les proc\u00e9d\u00e9s dont les Prussiens usent \u00e0 l&rsquo;\u00e9gard de l&rsquo;Alsace.<\/p>\n\n\n\n<p>On ne veut plus avoir affaire \u00e0 eux, conclu t-il, m\u00eame quand ils montrent de bonnes intentions.<\/p>\n\n\n\n<p>Sources Le Figaro 18 septembre 1888<\/p>\n","protected":false},"excerpt":{"rendered":"<p>Grand incendie \u00e0 Montreux-Ch\u00e2teau 19-09-1888 Les pompiers de Montreux-Vieux Si les Prussiens ont voulu \u00e9lever une barri\u00e8re infranchissable entre la France et l\u2019Alsace, ils n\u2019y ont que trop r\u00e9ussi. Le journal de Belfort, d\u2019apr\u00e8s une feuille allemande de Mulhouse montre &hellip; <a href=\"https:\/\/montreux-vieux.net\/?page_id=2616\">Continuer la lecture <span class=\"meta-nav\">&rarr;<\/span><\/a><\/p>\n","protected":false},"author":1,"featured_media":0,"parent":13044,"menu_order":26,"comment_status":"open","ping_status":"open","template":"","meta":{"footnotes":""},"class_list":["post-2616","page","type-page","status-publish","hentry"],"_links":{"self":[{"href":"https:\/\/montreux-vieux.net\/index.php?rest_route=\/wp\/v2\/pages\/2616","targetHints":{"allow":["GET"]}}],"collection":[{"href":"https:\/\/montreux-vieux.net\/index.php?rest_route=\/wp\/v2\/pages"}],"about":[{"href":"https:\/\/montreux-vieux.net\/index.php?rest_route=\/wp\/v2\/types\/page"}],"author":[{"embeddable":true,"href":"https:\/\/montreux-vieux.net\/index.php?rest_route=\/wp\/v2\/users\/1"}],"replies":[{"embeddable":true,"href":"https:\/\/montreux-vieux.net\/index.php?rest_route=%2Fwp%2Fv2%2Fcomments&post=2616"}],"version-history":[{"count":7,"href":"https:\/\/montreux-vieux.net\/index.php?rest_route=\/wp\/v2\/pages\/2616\/revisions"}],"predecessor-version":[{"id":20969,"href":"https:\/\/montreux-vieux.net\/index.php?rest_route=\/wp\/v2\/pages\/2616\/revisions\/20969"}],"up":[{"embeddable":true,"href":"https:\/\/montreux-vieux.net\/index.php?rest_route=\/wp\/v2\/pages\/13044"}],"wp:attachment":[{"href":"https:\/\/montreux-vieux.net\/index.php?rest_route=%2Fwp%2Fv2%2Fmedia&parent=2616"}],"curies":[{"name":"wp","href":"https:\/\/api.w.org\/{rel}","templated":true}]}}