{"id":4103,"date":"2015-01-29T16:08:03","date_gmt":"2015-01-29T15:08:03","guid":{"rendered":"http:\/\/montreux-vieux.net\/?page_id=4103"},"modified":"2019-01-03T14:16:35","modified_gmt":"2019-01-03T13:16:35","slug":"historique","status":"publish","type":"page","link":"https:\/\/montreux-vieux.net\/?page_id=4103","title":{"rendered":"Historique (ancien)"},"content":{"rendered":"<h3 style=\"text-align: center;\">Introduction<\/h3>\n<p style=\"text-align: center;\"><a href=\"http:\/\/montreux-vieux.net\/montreux-vieux.net\/wp-content\/uploads\/2015\/02\/ScreenShot325.jpg\" target=\"_blank\"><img loading=\"lazy\" decoding=\"async\" class=\"aligncenter wp-image-4263 size-medium\" src=\"http:\/\/montreux-vieux.net\/montreux-vieux.net\/wp-content\/uploads\/2015\/02\/ScreenShot325-256x300.jpg\" alt=\"ScreenShot325\" width=\"256\" height=\"300\" srcset=\"https:\/\/montreux-vieux.net\/montreux-vieux.net\/wp-content\/uploads\/2015\/02\/ScreenShot325-256x300.jpg 256w, https:\/\/montreux-vieux.net\/montreux-vieux.net\/wp-content\/uploads\/2015\/02\/ScreenShot325.jpg 416w\" sizes=\"auto, (max-width: 256px) 100vw, 256px\" \/><\/a><\/p>\n<h4 style=\"text-align: justify;\">Le pays \u00e9tait alors divis\u00e9 en un grand nombre de Seigneuries ou Fiefs signifiants une portion de territoire compos\u00e9&nbsp; de plusieurs villages, administr\u00e9s par un Seigneur. Afin que le lecteur comprenne le d\u00e9but de l\u2019histoire de Montreux-Vieux nous l\u2019invitons \u00e0 faire appel \u00e0 son imagination et se placer quelques instants&nbsp; dans le contexte d\u2019une \u00e9poque,&nbsp; ou n\u2019existe&nbsp; pas encore de divisions administratives,&nbsp; en d\u2019autres termes pas de notion de r\u00e9gions, d\u00e9partements etc\u2026<\/h4>\n<p><a href=\"http:\/\/montreux-vieux.net\/montreux-vieux.net\/wp-content\/uploads\/2015\/01\/EN-TRAVAUX.gif\"><br \/>\n<\/a><\/p>\n","protected":false},"excerpt":{"rendered":"<p>Introduction Le pays \u00e9tait alors divis\u00e9 en un grand nombre de Seigneuries ou Fiefs signifiants une portion de territoire compos\u00e9&nbsp; de plusieurs villages, administr\u00e9s par un Seigneur. Afin que le lecteur comprenne le d\u00e9but de l\u2019histoire de Montreux-Vieux nous l\u2019invitons &hellip; <a href=\"https:\/\/montreux-vieux.net\/?page_id=4103\">Continuer la lecture <span class=\"meta-nav\">&rarr;<\/span><\/a><\/p>\n","protected":false},"author":1,"featured_media":0,"parent":13032,"menu_order":1,"comment_status":"open","ping_status":"open","template":"","meta":{"footnotes":""},"class_list":["post-4103","page","type-page","status-publish","hentry"],"_links":{"self":[{"href":"https:\/\/montreux-vieux.net\/index.php?rest_route=\/wp\/v2\/pages\/4103","targetHints":{"allow":["GET"]}}],"collection":[{"href":"https:\/\/montreux-vieux.net\/index.php?rest_route=\/wp\/v2\/pages"}],"about":[{"href":"https:\/\/montreux-vieux.net\/index.php?rest_route=\/wp\/v2\/types\/page"}],"author":[{"embeddable":true,"href":"https:\/\/montreux-vieux.net\/index.php?rest_route=\/wp\/v2\/users\/1"}],"replies":[{"embeddable":true,"href":"https:\/\/montreux-vieux.net\/index.php?rest_route=%2Fwp%2Fv2%2Fcomments&post=4103"}],"version-history":[{"count":10,"href":"https:\/\/montreux-vieux.net\/index.php?rest_route=\/wp\/v2\/pages\/4103\/revisions"}],"predecessor-version":[{"id":13451,"href":"https:\/\/montreux-vieux.net\/index.php?rest_route=\/wp\/v2\/pages\/4103\/revisions\/13451"}],"up":[{"embeddable":true,"href":"https:\/\/montreux-vieux.net\/index.php?rest_route=\/wp\/v2\/pages\/13032"}],"wp:attachment":[{"href":"https:\/\/montreux-vieux.net\/index.php?rest_route=%2Fwp%2Fv2%2Fmedia&parent=4103"}],"curies":[{"name":"wp","href":"https:\/\/api.w.org\/{rel}","templated":true}]}}