{"id":4432,"date":"2015-02-12T10:28:48","date_gmt":"2015-02-12T09:28:48","guid":{"rendered":"http:\/\/montreux-vieux.net\/?page_id=4432"},"modified":"2015-02-12T10:29:10","modified_gmt":"2015-02-12T09:29:10","slug":"divers","status":"publish","type":"page","link":"https:\/\/montreux-vieux.net\/?page_id=4432","title":{"rendered":"Divers"},"content":{"rendered":"<h3 style=\"text-align: center;\"><strong>Divers<\/strong><\/h3>\n<h4 style=\"text-align: justify;\">Le 6 ao\u00fbt 1819 le Pr\u00e9fet demande \u00e0 la commune d\u2019assurer les b\u00e2timents communaux . Le Conseil Municipal constate qu\u2019ils sont construits en bois de charpente dont le cloisonnement est en terre, la couverture en chaume. Il ne peut par cons\u00e9quent les assurer.<\/h4>\n<h4 style=\"text-align: justify;\">Le 17 mars 1820 une r\u00e9union extraordinaire s\u2019est tenue\u00a0\u00a0 sous la pr\u00e9sidence du Maire Patat qui donne connaissance au conseil municipal de l\u2019horrible assassinat du Prince Auguste famille des Barbon.<\/h4>\n<h4 style=\"text-align: justify;\">Le 14 Ao\u00fbt 1823 un cr\u00e9dit de 20 F a \u00e9t\u00e9 vot\u00e9 pour les r\u00e9jouissances publiques \u00e0 l\u2019occasion de la\u00a0 d\u00e9livrance du Roi d\u2019Espagne et des succ\u00e8s de l\u2019arm\u00e9e fran\u00e7aise<\/h4>\n<h4 style=\"text-align: justify;\">\u00a0Le 17 mai 1824 (1 \u00e8re reproche)<\/h4>\n<h4 style=\"text-align: justify;\">Diff\u00e9rents particuliers reprochent au maire d\u2019avoir\u00a0 vendu des mat\u00e9riaux de la vieille maison de Paisan du vieux presbyt\u00e8re. Le maire affirme qu\u2019une adjudication publique des mat\u00e9riaux avait bien eu\u00a0 lieu . Les pierres n\u2019ayant pu \u00eatre c\u00e9d\u00e9es seront employ\u00e9es \u00e0 la construction d\u2019une maison curiale<\/h4>\n<h4 style=\"text-align: justify;\">(2 \u00e8me reproche) Le conseil municipal aurait fait la distribution d\u2019un ou de plusieurs portions d\u2019affouage.<\/h4>\n<h4 style=\"text-align: justify;\">La r\u00e9ponse donn\u00e9e \u00e9tait la suivante\u00a0; Une d\u00e9cision du Conseil d\u2019Etat autorise le maire \u00e0 accorder des portions aux chefs de familles.<\/h4>\n<h4 style=\"text-align: justify;\">(3 \u00e8me reproche)<\/h4>\n<h4 style=\"text-align: justify;\">Le Maire aurait vendu des bois de ch\u00eane\u00a0?<\/h4>\n<h4 style=\"text-align: justify;\">R\u00e9ponse\u00a0: C\u2019est un mensonge la vente a \u00e9t\u00e9 faite par adjudication publique<\/h4>\n<h4>Le 23 juin 1824 Le conseil municipal choisi la poste de Belfort pour le service de sa correspondance.<\/h4>\n<h4 style=\"text-align: justify;\">Le 27 janvier 1830 les frais de fa\u00e7onnage des bois s\u2019effectuaient au moyen d\u2019un trait\u00e9 avec les b\u00fbcherons, la commune et le garde g\u00e9n\u00e9ral.<\/h4>\n<h4 style=\"text-align: justify;\">Au registre du Conseil Municipal du 4 octobre 1830\u00a0 Tambour pour le service de la garde nationale et de la commune et de lire\u00a0:<\/h4>\n<h4 style=\"text-align: justify;\">Il faut trouver un arrangement avec le sieur Fran\u00e7ois Xavier Greber \u00e2g\u00e9 de 15 ans fils mineur de Andr\u00e9 et de Marie Anne Patat pour \u00eatre tambour pour le service de la Garde Nationale et celui de la Commune.<\/h4>\n<h4 style=\"text-align: justify;\">Invit\u00e9 \u00e0 la s\u00e9ance du Conseil Municipal le sieur Greber et le fils ont d\u00e9clar\u00e9 bien vouloir diligenter et donner toutes les peines afin de pouvoir apprendre \u00e0 battre <strong>\u00ab\u00a0<em>la caisse<\/em>\u00a0\u00bb<\/strong> le tambour en l\u2019occurrence moyennant d\u2019\u00eatre habill\u00e9 par les revenus communaux et par un salaire p\u00e9cuniaire qui sera de 50 cts par jour pendant l\u2019espace de 3 mois puis 45 F par mois vers\u00e9s par le Receveur. Compte tenu qu\u2019il \u00e9tait mineur le p\u00e8re \u00e0 d\u00fb signer caution pour responsable. L\u2019int\u00e9ress\u00e9 a \u00e9t\u00e9 pr\u00e9venu qu\u2019il fallait \u00eatre habile des mains. L\u2019autorisation a \u00e9t\u00e9 faite au Pr\u00e9fet que le Conseil Municipal \u00e0 l\u2019\u00e9poque\u00a0 \u00ab\u00a0<em>suppliait<\/em>\u00a0\u00bb<\/h4>\n<h4 style=\"text-align: justify;\">Le 16 janvier 1832 a eu lieu l\u2019Adjudication d\u2019un taureau pour la saillie des vaches de particuliers. Les conditions \u00e9taient les suivantes\u00a0:<\/h4>\n<ul style=\"text-align: justify;\">\n<li>\n<h5>La fourniture aura lieu le jour de la Saint Antoine prochain<\/h5>\n<\/li>\n<li>\n<h5>Il devra \u00eatre de bel esp\u00e8ces, propre<\/h5>\n<\/li>\n<li>\n<h5>Il devra \u00eatre agr\u00e9\u00e9 par le Conseil Municipal<\/h5>\n<\/li>\n<li>\n<h5>Il devra \u00eatre amen\u00e9 au moins une fois par jour au troupeau<\/h5>\n<\/li>\n<li>\n<h5>Il devra \u00eatre remplac\u00e9 dans les quinze jours s\u2019il est accident\u00e9 ou hors service<\/h5>\n<\/li>\n<li>\n<h5>Il pourra \u00eatre attel\u00e9 une fois par jour par le propri\u00e9taire pour son usage<\/h5>\n<\/li>\n<\/ul>\n<h4 style=\"text-align: justify;\">C\u2019est le taureau du sieur Gaspard Cuenin qui f\u00fbt agr\u00e9\u00e9 au prix de 81 F<\/h4>\n<h4 style=\"text-align: justify;\">Et de lire\u00a0: \u00ab\u00a0<em>Le sieur Gevrier Fran\u00e7ois Joseph secr\u00e9taire tenant la plume<\/em>\u00a0\u00bb<\/h4>\n<h4 style=\"text-align: justify;\">Le 13 mars 1832 L\u2019adjudication pour prendre les taupes durant l\u2019ann\u00e9e 1834 a \u00e9t\u00e9 attribu\u00e9e au sieur Jean Pierre Quiquerez de Chavannes sur l\u2019Etang pour 54 F<\/h4>\n<h4 style=\"text-align: justify;\">Le budget du 26 mai 1834 indique que la vente de rameaux s\u2019est \u00e9lev\u00e9e\u00a0 \u00e0 82,95F<\/h4>\n<h4 style=\"text-align: justify;\">Le 8 f\u00e9vrier 1837 Le sieur Cuenin\u00a0 Joseph adresse une r\u00e9clamation sans signature au mairie parce qu\u2019il ne figure plus sur la liste \u00e9lectorale. Il aurait vendu sa maison ce qui lui \u00f4te le droit de voter.<\/h4>\n<h4 style=\"text-align: justify;\">Sa demande a \u00e9t\u00e9 rejet\u00e9e invoquant le fait que ce n\u2019est que dans le but de \u00ab\u00a0<em>fatiguer<\/em> \u00ab\u00a0 l\u2019administration par sa r\u00e9clamation \u00ab\u00a0<em>a<\/em><em>bsurd<\/em>e\u00a0\u00bb qu\u2019il a pris plaisir \u00e0 la pr\u00e9senter.<\/h4>\n<h4 style=\"text-align: justify;\">\u00a0En 1843 la ville de Delle \u00e9tait appel\u00e9e ville champ\u00eatre<\/h4>\n<h4 style=\"text-align: justify;\">Le 1\u00a0<sup>er<\/sup> f\u00e9vrier 1843 figure sur les registres la mention suivante\u00a0: Ici se termine la gestion de Jean Pierre Charbonnier qui a remis sa d\u00e9mission de maire \u00e0 l\u2019Administration Sup\u00e9rieure le 2 janvier 1843 et commence la gestion de Jean Pierre Modeste Patat qui exerce \u00e0 partir de ces pr\u00e9sentes les fonctions de Maire par int\u00e9rim comme \u00e9tant titulaire de la place d\u2019adjoint de cette commune.<\/h4>\n<h4 style=\"text-align: justify;\">Le 8 d\u00e9cembre 1843 un tilleul a \u00e9t\u00e9 renvers\u00e9 par le vent. Sa vente est demand\u00e9e afin de d\u00e9gager le chemin allant \u00e0 l\u2019Eglise .<\/h4>\n<h4 style=\"text-align: justify;\">Le 6 juillet 1846 un orage a \u00e9clat\u00e9 dans la nuit .\u00a0Il a fallu les pompiers de Chavannes sur l\u2019Etang, Foussemagne, Lutran, Reppe et Chavannes les Grands\u00a0. La maison de Cuenin Claude fut touch\u00e9e par la foudre et a br\u00fbl\u00e9e. Gr\u00e2ce \u00e0 l\u2019intervention de ces pompiers d\u2019autres maisons ont pu \u00eatre pr\u00e9serv\u00e9es.<\/h4>\n<h4 style=\"text-align: justify;\">Les frais de l\u2019Aubergiste Cuenin\u00a0 Henri pour le ravitaillement des hommes se sont \u00e9lev\u00e9s \u00e0 48,60 F que la commune a pay\u00e9s.<\/h4>\n<h4 style=\"text-align: justify;\">Le 2 f\u00e9vrier 1852 les fonctionnaires administratifs de la commune devaient pr\u00eater erment . Dans le PV de prestations de serments . On peut lire \u201c<strong><em>Je jure ob\u00e9issance \u00e0 la Constitution et fid\u00e9lit\u00e9 au Pr\u00e9siden<\/em>t<\/strong>\u201d.<\/h4>\n<h4 style=\"text-align: justify;\">Le 28 f\u00e9vrier 1854 Modeste et Marianne Mangolte n\u00e9e Barey ont d\u00e9clar\u00e9 faire m\u00e9nage \u00e0 part et pr\u00e9tendre les deux \u00e0 l\u2019affouage<\/h4>\n<h4 style=\"text-align: justify;\">Le 7 janvier 1855 Le sieur Contesse et Dame Barey \u201c<em>faux couple<\/em>\u201ddemande le droit d\u2019affouage. Le Conseil Municipal est d\u2019accord mais il doit fournir comme les autres habitants un sceau \u00e0 incendie ce qui est d\u2019usage dans la commune. La Dame Barey refuse le sceau, sa demande est rejet\u00e9e.<\/h4>\n<h4 style=\"text-align: justify;\">Le 19 ao\u00fbt 1855 Institution d\u2019une taxe sur les chiens<\/h4>\n<h4 style=\"text-align: justify;\">1\u00e8re Classe (chiens d\u2019agr\u00e9ment ou servant \u00e0 la chasse) 0 F<\/h4>\n<h4 style=\"text-align: justify;\">2<sup>\u00e8me<\/sup> Classe (chien de garde) 1F<\/h4>\n<h4 style=\"text-align: justify;\">Le 1\u00a0<sup>er<\/sup> mars 1857 Le Conseil Municipal a du d\u00e9lib\u00e9rer sur la dimension \u00e0 donner \u00e0 la rivi\u00e8re Le St Nicolas entre le maire de Cuneli\u00e8res et Montreux-Vieux apr\u00e8s curage (6 ou 7 m) le Pr\u00e9fet tranche \u00e0 5 m.<\/h4>\n<h4 style=\"text-align: justify;\">\u00a0Le 31 d\u00e9cembre 1857 une d\u00e9cision a \u00e9t\u00e9 prise afin que les contribuables aux sept dixi\u00e8mes pouvaient convertir leur imposition en journ\u00e9es de travail \u00e0 l\u2019entretien des chemins vicinaux . Offre de diminution 2 hommes 2 b\u0153ufs 1 voiture.<\/h4>\n<h4 style=\"text-align: justify;\">En 1872 Le conseil municipal employait\u00a0 souvent dans ces d\u00e9lib\u00e9rations <strong>\u201c<em>Apr\u00e8s avoir examin\u00e9 les choses au s\u00e9rieux<\/em>.\u201d<\/strong><\/h4>\n<h4 style=\"text-align: justify;\">Le 11 janvier 1888\u00a0 Le sieur Martichon C\u00e9lestin et sa famille ont d\u00e9pos\u00e9 une demande de naturalisation en qualit\u00e9 d\u2019Alsacien Lorrain.\u00a0Le Conseil Municipal est contre parcequ\u2019il n\u2019a ni maison ni position qui lui permet de subvenir aux besoins de sa famille.\u00a0Avec son grand \u00e2ge avanc\u00e9 de 69 ans il ne pourra bient\u00f4t plus travailler il sera alors une charge pour la commune. Sa femme est incapable de travailler et une de ses filles est malade allit\u00e9e depuis longtemps.<\/h4>\n<p>&nbsp;<\/p>\n","protected":false},"excerpt":{"rendered":"<p>Divers Le 6 ao\u00fbt 1819 le Pr\u00e9fet demande \u00e0 la commune d\u2019assurer les b\u00e2timents communaux . Le Conseil Municipal constate qu\u2019ils sont construits en bois de charpente dont le cloisonnement est en terre, la couverture en chaume. Il ne peut &hellip; <a href=\"https:\/\/montreux-vieux.net\/?page_id=4432\">Continuer la lecture <span class=\"meta-nav\">&rarr;<\/span><\/a><\/p>\n","protected":false},"author":1,"featured_media":0,"parent":4103,"menu_order":20,"comment_status":"open","ping_status":"open","template":"","meta":{"footnotes":""},"class_list":["post-4432","page","type-page","status-publish","hentry"],"_links":{"self":[{"href":"https:\/\/montreux-vieux.net\/index.php?rest_route=\/wp\/v2\/pages\/4432","targetHints":{"allow":["GET"]}}],"collection":[{"href":"https:\/\/montreux-vieux.net\/index.php?rest_route=\/wp\/v2\/pages"}],"about":[{"href":"https:\/\/montreux-vieux.net\/index.php?rest_route=\/wp\/v2\/types\/page"}],"author":[{"embeddable":true,"href":"https:\/\/montreux-vieux.net\/index.php?rest_route=\/wp\/v2\/users\/1"}],"replies":[{"embeddable":true,"href":"https:\/\/montreux-vieux.net\/index.php?rest_route=%2Fwp%2Fv2%2Fcomments&post=4432"}],"version-history":[{"count":1,"href":"https:\/\/montreux-vieux.net\/index.php?rest_route=\/wp\/v2\/pages\/4432\/revisions"}],"predecessor-version":[{"id":4433,"href":"https:\/\/montreux-vieux.net\/index.php?rest_route=\/wp\/v2\/pages\/4432\/revisions\/4433"}],"up":[{"embeddable":true,"href":"https:\/\/montreux-vieux.net\/index.php?rest_route=\/wp\/v2\/pages\/4103"}],"wp:attachment":[{"href":"https:\/\/montreux-vieux.net\/index.php?rest_route=%2Fwp%2Fv2%2Fmedia&parent=4432"}],"curies":[{"name":"wp","href":"https:\/\/api.w.org\/{rel}","templated":true}]}}