{"id":4624,"date":"2015-02-16T15:43:04","date_gmt":"2015-02-16T14:43:04","guid":{"rendered":"http:\/\/montreux-vieux.net\/?page_id=4624"},"modified":"2026-04-30T09:04:02","modified_gmt":"2026-04-30T08:04:02","slug":"a-s-c-l","status":"publish","type":"page","link":"https:\/\/montreux-vieux.net\/?page_id=4624","title":{"rendered":"A.S.C.L."},"content":{"rendered":"<h2 style=\"text-align: center;\">A.S.C.L<\/h2>\n<p style=\"text-align: center;\"><a href=\"http:\/\/montreux-vieux.net\/montreux-vieux.net\/wp-content\/uploads\/2015\/02\/ACSLcarr.jpg\" target=\"_blank\"><img loading=\"lazy\" decoding=\"async\" class=\"aligncenter wp-image-4190 size-full\" src=\"http:\/\/montreux-vieux.net\/montreux-vieux.net\/wp-content\/uploads\/2015\/02\/ACSLcarr.jpg\" alt=\"ACSLcarr\" width=\"150\" height=\"150\"><\/a><\/p>\n<h5 style=\"text-align: center;\">G\u00e9rard BERCHAT<\/h5>\n<h5 style=\"text-align: center;\">03 89 25 38 34<\/h5>\n<h5 style=\"text-align: center;\"><strong>A.S.C.L<\/strong><\/h5>\n<h4 style=\"text-align: justify;\"><span class=\"textePagePlus\">Constitu\u00e9e le 2 Mai 1983, son but est la cr\u00e9ation de sections de sports, de cultures et de loisirs<\/span><\/h4>\n<h4 style=\"text-align: justify;\"><span class=\"textePagePlus\">Son si\u00e8ge social est situ\u00e9 12, rue des Lilas \u00e0 Montreux-Vieux Sont \u00e9lus:<\/span><\/h4>\n<h4 style=\"text-align: justify;\"><span class=\"textePagePlus\">Pr\u00e9sident: M. GADEA Guy, Vice-Pr\u00e9sidente: Mme MARADAN Marie-France, Secr\u00e9taire: Mme PILLOT Josiane, Secr\u00e9taire Adjointe: Mme RICHARD Chantal, Tr\u00e9sorier: M. TRABOLD Yves, Tr\u00e9sorier Adjoint: M. WILHELM Patrick, Assesseurs: Mme AUBRY Nicole, M. MARADAN Jo\u00ebl, M. PILLOT Michel, M. WINNINGER Raymond.<\/span><\/h4>\n<h4 style=\"text-align: justify;\"><span class=\"textePagePlus\">La premi\u00e8re action a consist\u00e9 au lancement d\u2019une section de gymnastique volontaire f\u00e9minine qui a r\u00e9uni d\u00e8s le d\u00e9part 60 membres, 68 en D\u00e9cembre 1985.<\/span><\/h4>\n<h4 style=\"text-align: justify;\"><span class=\"textePagePlus\">La seconde, \u00e0 l\u2019organisation d\u2019une section de tennis, d\u2019une cinquantaine de membres s\u2019adonnant \u00e0 cette activit\u00e9 sur le plateau sportif.<\/span><\/h4>\n<h4 style=\"text-align: justify;\"><span class=\"textePagePlus\">La troisi\u00e8me, \u00e0 la cr\u00e9ation d\u2019une section de Ping-pong, 30 membres. En janvier 1985, une nouvelle activit\u00e9 s\u2019est inscrite. La danse \u00ab Modern Jazz \u00bb dont le nombre \u00e9tait d\u2019un quarantaine de jeunes de 6 \u00e0 17 ans.<\/span><\/h4>\n<h4 style=\"text-align: justify;\"><span class=\"textePagePlus\">Depuis le 11 Mai 1990, la section de tennis \u00e9volue sur les deux courts situ\u00e9s au lieu dit \u00ab Bois Jur\u00e9 \u00bb mis \u00e0 la disposition par la Commune.<\/span><\/h4>\n\n\n<h3 class=\"wp-block-heading has-text-align-center\">Am\u00e9nagement de la for\u00eat par l&rsquo;ASCL<\/h3>\n\n\n\n<h3 class=\"wp-block-heading\"><\/h3>\n\n\n<div class=\"wp-block-image\">\n<figure class=\"aligncenter\"><img decoding=\"async\" src=\"http:\/\/montreux-vieux.net\/montreux-vieux.net\/wp-content\/uploads\/2017\/05\/Am%C3%A9nagement-de-la-for%C3%AAt-par-lASCL.jpg\" alt=\"Am\u00e9nagement de la for\u00eat par l'ASCL\"\/><\/figure>\n<\/div>\n\n\n<p><\/p>\n\n\n\n<h4 class=\"wp-block-heading\">Apr\u00e8s quelques journ\u00e9es de travail, le terrain d&rsquo;entrainement dans la for\u00eat mise \u00e0 disposition de l&rsquo;ASCL par la commune de Montreux-Vieux prend forme. La journ\u00e9e du 25 mai\u00a0devrait permettre de solder l&rsquo;am\u00e9nagement et le d\u00e9broussaillage.<\/h4>\n\n\n\n<p>\u00a0A noter que l\u2019ASCL n\u2019existe plus en temps que telle depuis 2021 elle est devenue l\u2019<a href=\"https:\/\/www.facebook.com\/groups\/186739191349503\/user\/100057178581161\/?__cft__[0]=AZbd5iQUZoR2vwZxnZDoGJ23Z3uadHceaqY7ODEFLpkWF6oAGRKWzEI_-whajn5O5Xq23gGOCsxzk3LH2AkWKeCBq7JZNrYppXz0UJ7NTY_enVyK-BaUJ7hMxj6rK4tMrdUGfXSCKQPbaAnP1K9XOiCL&amp;__tn__=R]-R\">Union Cycliste Montreux-Vieux VTT Route Haut-Rhin 68<\/a>\u00a0qui ne g\u00e8re plus que ses activit\u00e9s v\u00e9los.<\/p>\n","protected":false},"excerpt":{"rendered":"<p>A.S.C.L G\u00e9rard BERCHAT 03 89 25 38 34 A.S.C.L Constitu\u00e9e le 2 Mai 1983, son but est la cr\u00e9ation de sections de sports, de cultures et de loisirs Son si\u00e8ge social est situ\u00e9 12, rue des Lilas \u00e0 Montreux-Vieux Sont &hellip; <a href=\"https:\/\/montreux-vieux.net\/?page_id=4624\">Continuer la lecture <span class=\"meta-nav\">&rarr;<\/span><\/a><\/p>\n","protected":false},"author":1,"featured_media":0,"parent":12802,"menu_order":22,"comment_status":"open","ping_status":"open","template":"","meta":{"footnotes":""},"class_list":["post-4624","page","type-page","status-publish","hentry"],"_links":{"self":[{"href":"https:\/\/montreux-vieux.net\/index.php?rest_route=\/wp\/v2\/pages\/4624","targetHints":{"allow":["GET"]}}],"collection":[{"href":"https:\/\/montreux-vieux.net\/index.php?rest_route=\/wp\/v2\/pages"}],"about":[{"href":"https:\/\/montreux-vieux.net\/index.php?rest_route=\/wp\/v2\/types\/page"}],"author":[{"embeddable":true,"href":"https:\/\/montreux-vieux.net\/index.php?rest_route=\/wp\/v2\/users\/1"}],"replies":[{"embeddable":true,"href":"https:\/\/montreux-vieux.net\/index.php?rest_route=%2Fwp%2Fv2%2Fcomments&post=4624"}],"version-history":[{"count":5,"href":"https:\/\/montreux-vieux.net\/index.php?rest_route=\/wp\/v2\/pages\/4624\/revisions"}],"predecessor-version":[{"id":28666,"href":"https:\/\/montreux-vieux.net\/index.php?rest_route=\/wp\/v2\/pages\/4624\/revisions\/28666"}],"up":[{"embeddable":true,"href":"https:\/\/montreux-vieux.net\/index.php?rest_route=\/wp\/v2\/pages\/12802"}],"wp:attachment":[{"href":"https:\/\/montreux-vieux.net\/index.php?rest_route=%2Fwp%2Fv2%2Fmedia&parent=4624"}],"curies":[{"name":"wp","href":"https:\/\/api.w.org\/{rel}","templated":true}]}}