{"id":4730,"date":"2015-02-17T12:01:17","date_gmt":"2015-02-17T11:01:17","guid":{"rendered":"http:\/\/montreux-vieux.net\/?page_id=4730"},"modified":"2020-06-27T14:52:41","modified_gmt":"2020-06-27T13:52:41","slug":"joseph-rosse-depute-ne-a-montreux-vieux-autonomiste","status":"publish","type":"page","link":"https:\/\/montreux-vieux.net\/?page_id=4730","title":{"rendered":"Joseph Ross\u00e9, d\u00e9put\u00e9 n\u00e9 \u00e0 Montreux-Vieux autonomiste"},"content":{"rendered":"<h3 style=\"text-align: center;\">Le d\u00e9put\u00e9 Joseph Ross\u00e9<\/h3>\n<h2>\u00a0<a href=\"http:\/\/montreux-vieux.net\/?attachment_id=3187\" target=\"_blank\" rel=\"attachment noopener wp-att-3187 noreferrer\"><img loading=\"lazy\" decoding=\"async\" class=\"aligncenter wp-image-3187 size-medium\" title=\"Joseph_Rosse\" src=\"http:\/\/montreux-vieux.net\/montreux-vieux.net\/wp-content\/uploads\/2011\/11\/Joseph_Rosse-199x300.jpg\" alt=\"Joseph Ross\u00e9, d\u00e9put\u00e9 n\u00e9 \u00e0 Montreux-Vieux autonomiste\" width=\"199\" height=\"300\" srcset=\"https:\/\/montreux-vieux.net\/montreux-vieux.net\/wp-content\/uploads\/2011\/11\/Joseph_Rosse-199x300.jpg 199w, https:\/\/montreux-vieux.net\/montreux-vieux.net\/wp-content\/uploads\/2011\/11\/Joseph_Rosse.jpg 460w\" sizes=\"auto, (max-width: 199px) 100vw, 199px\" \/><\/a><\/h2>\n<h4 style=\"text-align: justify;\">Eminente figure autonomiste alsacienne de l\u2019entre-deux guerres, Joseph Victor Ross\u00e9 nait le 26 ao\u00fbt 1892 \u00e0 Montreux-Vieux (Alt-M\u00fcnsterol), commune du Sundgau.<\/h4>\n<h4 style=\"text-align: justify;\">Il apprend le m\u00e9tier de boulanger et int\u00e8gre l\u2019Ecole Normale de Colmar o\u00f9 il sort premier de sa promotion. Mobilis\u00e9 en ao\u00fbt 1914, aussit\u00f4t r\u00e9form\u00e9 puis remobilis\u00e9 en 1916, il est envoy\u00e9 sur le front russe. Il est fait officier de l\u2019arm\u00e9e imp\u00e9riale allemande en 1918 et d\u00e9cor\u00e9 de la croix de fer de 2\u00e8me classe.<\/h4>\n<h4 style=\"text-align: justify;\">Professeur \u00e0 l\u2019\u00e9cole primaire sup\u00e9rieure de Colmar, militant r\u00e9gionaliste de la premi\u00e8re heure, il est r\u00e9voqu\u00e9 de ses fonctions apr\u00e8s avoir sign\u00e9 le manifeste du Heimatbund. Il rejoint alors la r\u00e9daction de l\u2019Els\u00e4sser Kurier, organe de presse de la tendance cl\u00e9ricale et autonomiste.<\/h4>\n<h4 style=\"text-align: justify;\">Il milite au sien de l\u2019Union populaire r\u00e9publicaine (UPR), le grand parti social-chr\u00e9tien alsacien. En 1928, le gouvernement fran\u00e7ais m\u00e8ne un dur combat contre les vis\u00e9es des autonomistes alsaciens. De nombreux militants de l\u2019UPR (Els\u00e4ssische Volkspartei), le parti catholique de l\u2019\u00e9poque, sont alors accus\u00e9s de conspiration contre le gouvernement et inculp\u00e9s. Joseph Ross\u00e9, qui vient d\u2019\u00eatre \u00e9lu d\u00e9put\u00e9, est d\u00e9chu de son mandat, condamn\u00e9 \u00e0 un an de prison et \u00e0 cinq ans d\u2019interdiction de s\u00e9jour pour complot contre la s\u00fbret\u00e9 de l\u2019\u00c9tat, condamnation partag\u00e9e avec son camarade de la Volkspartei Eug\u00e8ne Ricklin, l\u2019ancien pr\u00e9sident du Landtag Elsass-Lothringen.<\/h4>\n<p style=\"text-align: center;\"><a href=\"http:\/\/montreux-vieux.net\/montreux-vieux.net\/wp-content\/uploads\/2015\/02\/ross\u00e9.jpg\" target=\"_blank\" rel=\"noopener noreferrer\"><img loading=\"lazy\" decoding=\"async\" class=\"aligncenter wp-image-6857 size-medium\" src=\"http:\/\/montreux-vieux.net\/montreux-vieux.net\/wp-content\/uploads\/2015\/02\/ross\u00e9-300x195.jpg\" alt=\"d\u00e9put\u00e9 ross\u00e9 Montreux-Vieux\" width=\"300\" height=\"195\" srcset=\"https:\/\/montreux-vieux.net\/montreux-vieux.net\/wp-content\/uploads\/2015\/02\/ross\u00e9-300x195.jpg 300w, https:\/\/montreux-vieux.net\/montreux-vieux.net\/wp-content\/uploads\/2015\/02\/ross\u00e9-600x389.jpg 600w, https:\/\/montreux-vieux.net\/montreux-vieux.net\/wp-content\/uploads\/2015\/02\/ross\u00e9.jpg 700w\" sizes=\"auto, (max-width: 300px) 100vw, 300px\" \/><\/a><\/p>\n<h4 style=\"text-align: justify;\">Amnisti\u00e9 en 1931, il fonde le groupe de jeunesse de la Volkspartei (Jungvolkspartei). R\u00e9\u00e9lu en 1932, il participe \u00e0 la cr\u00e9ation du groupe parlementaire des R\u00e9publicains du centre, puis, en 1936, apr\u00e8s une nouvelle r\u00e9\u00e9lection, du groupe des Ind\u00e9pendants d\u2019action populaire. Il est aussi depuis 1932, directeur des \u00e9ditions catholiques Alsatia.<\/h4>\n<h4 style=\"text-align: justify;\">Farouchement pacifiste et anticommuniste comme tout les cl\u00e9ricaux de l\u2019\u00e9poque, il approuve les accords de Munich. Soup\u00e7onn\u00e9 en 1939 d\u2019\u00eatre un agent de la propagande hitl\u00e9rienne en France, il est \u00e0 nouveau arr\u00eat\u00e9, transf\u00e9r\u00e9 \u00e0 Nancy et accus\u00e9, avec d\u2019autres leaders autonomistes alsaciens et lorrains (les Nanziger), d\u2019atteinte \u00e0 la suret\u00e9 ext\u00e9rieure de la France. Il est successivement transf\u00e9r\u00e9 dans plusieurs maisons d\u2019arr\u00eat. Les Allemands retrouvent sa trace et le lib\u00e8re apr\u00e8s la signature de l\u2019armistice. Pendant l\u2019occupation, il restera \u00e0 l\u2019\u00e9cart de la collaboration avec les nazis, qui se m\u00e9fiaient de lui, car il exerce alors une grande influence sur le milieu catholique. Lors de l\u2019attentat contre Hitler, Joseph Ross\u00e9, alors en relation avec les conjur\u00e9s allemands, est activement recherch\u00e9 par la Gestapo. Il passera entre les mailles du filet. Apr\u00e8s la retraite allemande, il se pr\u00e9sente de lui m\u00eame, en f\u00e9vrier 1945, aux autorit\u00e9s fran\u00e7aises et est imm\u00e9diatement arr\u00eat\u00e9. Jug\u00e9 en 1947, il est honteusement pr\u00e9sent\u00e9 comme l\u2019instigateur d\u2019une 5\u00e8me colonne en Alsace, responsable des malheurs qui ont frapp\u00e9 la r\u00e9gion pendant la guerre. Les Fran\u00e7ais ont pris leur revanche sur le camouflet inflig\u00e9 par les autonomistes lors du proc\u00e8s de Colmar de 1928. Condamn\u00e9 \u00e0 15 ans de travaux forc\u00e9s, il d\u00e9c\u00e8de en 1951 dans la centrale d\u2019Eysses (prison pour collaborateurs fran\u00e7ais) dans le Lot-et-Garonne, bien loin de sa Heimet et oubli\u00e9 par ses compatriotes, lui qui avait tant d\u00e9fendu les droits des Alsaciens. Il repose en paix au cimeti\u00e8re de Colmar.<\/h4>\n<h3 style=\"text-align: center;\">Comm\u00e9moration Joseph Ross\u00e9, d\u00e9put\u00e9, n\u00e9 \u00e0 Montreux-Vieux<\/h3>\n<h4 style=\"text-align: justify;\">Joseph Ross\u00e9, d\u00e9put\u00e9, n\u00e9 \u00e0 Montreux-Vieux est d\u00e9c\u00e9d\u00e9 le 24 octobre 1951 dans la Maison Centrale d\u2019Eysse(47). A l\u2019occasion de sa cr\u00e9ation le 22 octobre, le Cercle Joseph Ross\u00e9 organise une comm\u00e9moration sur sa tombe Mur Nord n\u00b0 348 \u00e0 17 heures au Cimeti\u00e8re Ladhof \u00e0 Colmar \u00a0apr\u00e8s son Assembl\u00e9e G\u00e9n\u00e9rale constitutive<\/h4>\n<p style=\"text-align: center;\"><a href=\"http:\/\/montreux-vieux.net\/montreux-vieux.net\/wp-content\/uploads\/2016\/10\/joseph-ross\u00e9.jpg\" target=\"_blank\" rel=\"noopener noreferrer\"><img loading=\"lazy\" decoding=\"async\" class=\"aligncenter wp-image-7972 size-full\" src=\"http:\/\/montreux-vieux.net\/montreux-vieux.net\/wp-content\/uploads\/2016\/10\/joseph-ross\u00e9.jpg\" alt=\"joseph-rosse\" width=\"944\" height=\"755\" srcset=\"https:\/\/montreux-vieux.net\/montreux-vieux.net\/wp-content\/uploads\/2016\/10\/joseph-ross\u00e9.jpg 944w, https:\/\/montreux-vieux.net\/montreux-vieux.net\/wp-content\/uploads\/2016\/10\/joseph-ross\u00e9-300x240.jpg 300w, https:\/\/montreux-vieux.net\/montreux-vieux.net\/wp-content\/uploads\/2016\/10\/joseph-ross\u00e9-768x614.jpg 768w, https:\/\/montreux-vieux.net\/montreux-vieux.net\/wp-content\/uploads\/2016\/10\/joseph-ross\u00e9-600x480.jpg 600w\" sizes=\"auto, (max-width: 944px) 100vw, 944px\" \/><\/a><\/p>\n<h3 style=\"text-align: center;\">Joseph Ross\u00e9, d\u00e9put\u00e9, n\u00e9 \u00e0 Montreux-Vieux, sur la voie de la r\u00e9habilitation<\/h3>\n<h4 style=\"text-align: justify;\">Joseph Ross\u00e9, d\u00e9put\u00e9, n\u00e9 \u00e0 Montreux-Vieux est d\u00e9c\u00e9d\u00e9 le 24 octobre 1951 dans la Maison Centrale d\u2019Eysse(47). A l\u2019occasion de sa cr\u00e9ation samedi 22 octobre 2016, le \u00ab\u00a0Cercle Joseph Ross\u00e9\u00a0\u00bb qui entend oeuvrer \u00e0 la r\u00e9habilitation de ce grand Alsacien, chr\u00e9tien, anti-nazi et autonomiste trop longtemps interdit de m\u00e9moire \u00e0 organis\u00e9 une comm\u00e9moration sur sa tombe Mur Nord, n\u00b0 348 \u00e0 17 heures, au Cimeti\u00e8re Ladhof \u00e0 Colmar \u00a0apr\u00e8s son Assembl\u00e9e G\u00e9n\u00e9rale constitutive.<\/h4>\n<div id=\"attachment_8300\" style=\"width: 955px\" class=\"wp-caption aligncenter\"><a href=\"http:\/\/montreux-vieux.net\/montreux-vieux.net\/wp-content\/uploads\/2016\/10\/joseph-ross\u00e9-1.jpg\" target=\"_blank\" rel=\"noopener noreferrer\"><img loading=\"lazy\" decoding=\"async\" aria-describedby=\"caption-attachment-8300\" class=\"wp-image-8300 size-full\" src=\"http:\/\/montreux-vieux.net\/montreux-vieux.net\/wp-content\/uploads\/2016\/10\/joseph-ross\u00e9-1.jpg\" alt=\"Joseph Ross\u00e9 d\u00e9put\u00e9 n\u00e9 \u00e0 Montreux-Vieux\" width=\"945\" height=\"756\" srcset=\"https:\/\/montreux-vieux.net\/montreux-vieux.net\/wp-content\/uploads\/2016\/10\/joseph-ross\u00e9-1.jpg 945w, https:\/\/montreux-vieux.net\/montreux-vieux.net\/wp-content\/uploads\/2016\/10\/joseph-ross\u00e9-1-300x240.jpg 300w, https:\/\/montreux-vieux.net\/montreux-vieux.net\/wp-content\/uploads\/2016\/10\/joseph-ross\u00e9-1-768x614.jpg 768w, https:\/\/montreux-vieux.net\/montreux-vieux.net\/wp-content\/uploads\/2016\/10\/joseph-ross\u00e9-1-600x480.jpg 600w\" sizes=\"auto, (max-width: 945px) 100vw, 945px\" \/><\/a><p id=\"caption-attachment-8300\" class=\"wp-caption-text\">Joseph Ross\u00e9 d\u00e9put\u00e9 n\u00e9 \u00e0 Montreux-Vieux<\/p><\/div>\n<h4 style=\"text-align: justify;\">Cette association \u00a0aura \u00a0\u00e0 c\u0153ur de r\u00e9habiliter la m\u00e9moire de Joseph Ross\u00e9, d\u00e9put\u00e9 de Colmar, qui a sauv\u00e9 des camps des milliers de personnes. Il \u00a0a \u00e9t\u00e9 l\u2019un des plus grands \u00e9diteurs anti Nazi pendant la guerre, a prot\u00e9g\u00e9 des juifs au nez et \u00e0 la barbe de la Gestapo, et a particip\u00e9 au complot du Stauffenberg contre Hitler. Recherch\u00e9 par la Gestapo il sera finalement arr\u00eat\u00e9 par la police fran\u00e7aise apr\u00e8s la guerre, parce qu&rsquo;en tant qu&rsquo;autonomiste aim\u00e9 et respect\u00e9, il \u00e9tait le plus puissant rempart contre la vague de jacobinisme et de centralisation qu&rsquo;allait subir l&rsquo;Alsace<\/h4>\n<h4 style=\"text-align: justify;\">L\u2019Association est ouverte \u00e0 toute personne souhaitant s&rsquo;associer \u00e0 cette action.\u00a0Une conf\u00e9rence sur Joseph \u00a0Ross\u00e9 aura lieu \u00e0 Masevaux \u00e0 l&rsquo;Espace culturel Claude Rich le 18 novembre 2016 \u00e0 partir de 20 h par M.Michel Krempper auteur de l\u2019ouvrage \u00ab\u00a0Joseph Ross\u00e9 1892 \u2013 1951 Alsacien interdit de m\u00e9moire\u00a0\u00bb.<\/h4>\n<p>Ajout:<\/p>\n<p>Rosse (Joseph &#8211; Victor), cinquante-quatre ans, n\u00e9 le 26 ao\u00fbt 1892 \u00e0 Montreux-Vieux, directeur de la soci\u00e9t\u00e9 Alsatia, demeurant \u00e0 Colmar, 19, rue Voltaire, condamn\u00e9 le 12 juin 1947 \u00e0 la peine de quinze ans de travaux forc\u00e9s, d\u00e9gradation nationale \u00a0\u00e0 vie et confiscation totale des biens pour atteinte \u00e0 la s\u00fbret\u00e9 ext\u00e9rieure de l\u2019Etat.<\/p>\n<p>JO 22 septembre 1947<\/p>\n","protected":false},"excerpt":{"rendered":"<p>Le d\u00e9put\u00e9 Joseph Ross\u00e9 \u00a0 Eminente figure autonomiste alsacienne de l\u2019entre-deux guerres, Joseph Victor Ross\u00e9 nait le 26 ao\u00fbt 1892 \u00e0 Montreux-Vieux (Alt-M\u00fcnsterol), commune du Sundgau. Il apprend le m\u00e9tier de boulanger et int\u00e8gre l\u2019Ecole Normale de Colmar o\u00f9 il &hellip; <a href=\"https:\/\/montreux-vieux.net\/?page_id=4730\">Continuer la lecture <span class=\"meta-nav\">&rarr;<\/span><\/a><\/p>\n","protected":false},"author":1,"featured_media":0,"parent":4091,"menu_order":3,"comment_status":"open","ping_status":"open","template":"","meta":{"footnotes":""},"class_list":["post-4730","page","type-page","status-publish","hentry"],"_links":{"self":[{"href":"https:\/\/montreux-vieux.net\/index.php?rest_route=\/wp\/v2\/pages\/4730","targetHints":{"allow":["GET"]}}],"collection":[{"href":"https:\/\/montreux-vieux.net\/index.php?rest_route=\/wp\/v2\/pages"}],"about":[{"href":"https:\/\/montreux-vieux.net\/index.php?rest_route=\/wp\/v2\/types\/page"}],"author":[{"embeddable":true,"href":"https:\/\/montreux-vieux.net\/index.php?rest_route=\/wp\/v2\/users\/1"}],"replies":[{"embeddable":true,"href":"https:\/\/montreux-vieux.net\/index.php?rest_route=%2Fwp%2Fv2%2Fcomments&post=4730"}],"version-history":[{"count":7,"href":"https:\/\/montreux-vieux.net\/index.php?rest_route=\/wp\/v2\/pages\/4730\/revisions"}],"predecessor-version":[{"id":19870,"href":"https:\/\/montreux-vieux.net\/index.php?rest_route=\/wp\/v2\/pages\/4730\/revisions\/19870"}],"up":[{"embeddable":true,"href":"https:\/\/montreux-vieux.net\/index.php?rest_route=\/wp\/v2\/pages\/4091"}],"wp:attachment":[{"href":"https:\/\/montreux-vieux.net\/index.php?rest_route=%2Fwp%2Fv2%2Fmedia&parent=4730"}],"curies":[{"name":"wp","href":"https:\/\/api.w.org\/{rel}","templated":true}]}}