{"id":4774,"date":"2015-02-18T08:55:29","date_gmt":"2015-02-18T07:55:29","guid":{"rendered":"http:\/\/montreux-vieux.net\/?page_id=4774"},"modified":"2016-01-27T16:02:14","modified_gmt":"2016-01-27T15:02:14","slug":"le-sport-avant-guerre","status":"publish","type":"page","link":"https:\/\/montreux-vieux.net\/?page_id=4774","title":{"rendered":"Le sport avant guerre"},"content":{"rendered":"<h3 style=\"text-align: center;\"><strong>Le sport avant guerre<\/strong><\/h3>\n<h4>\u00a0Le sport \u00e0 Montreux-Vieux<\/h4>\n<p style=\"text-align: center;\"><a href=\"http:\/\/montreux-vieux.net\/montreux-vieux.net\/wp-content\/uploads\/2011\/05\/Foot-Ball.jpg\" target=\"_blank\"><img loading=\"lazy\" decoding=\"async\" class=\"aligncenter wp-image-3482 size-full\" src=\"http:\/\/montreux-vieux.net\/montreux-vieux.net\/wp-content\/uploads\/2011\/05\/Foot-Ball.jpg\" alt=\"Une \u00e9quipe le foot de Montreux-Vieux\" width=\"428\" height=\"263\" srcset=\"https:\/\/montreux-vieux.net\/montreux-vieux.net\/wp-content\/uploads\/2011\/05\/Foot-Ball.jpg 428w, https:\/\/montreux-vieux.net\/montreux-vieux.net\/wp-content\/uploads\/2011\/05\/Foot-Ball-300x184.jpg 300w\" sizes=\"auto, (max-width: 428px) 100vw, 428px\" \/><\/a><\/p>\n<h4 style=\"text-align: justify;\">A Montreux-Vieux, la pratique du football remonte avant la grande guerre de 1914-18. Le jeu du ballon rond avait, en effet fait son apparition d\u00e8s 1910 dans cette importante cit\u00e9 frontali\u00e8re qu\u2019\u00e9tait Montreux-Vieux. C\u2019est par souci scrupuleux de la v\u00e9rit\u00e9 que les dirigeants de Montreux-Sports n\u2019ont pas voulu \u00e9pingler un jubil\u00e9 plus flatteur \u00e0 la t\u00eate du programme; car le club a \u00e9t\u00e9 refondu vers 1930 et maintenu, depuis, dans sa structure actuelle.<\/h4>\n<h4 style=\"text-align: justify;\">\u00a0La soci\u00e9t\u00e9 connue sous le nom de \u00ab Sportverein \u00bb alignait \u00e0 cette \u00e9poque d\u00e9j\u00e0 trois \u00e9quipes dont une de jeunes. Le championnat n\u2019existant pas, les \u00e9quipes rencontraient des soci\u00e9t\u00e9s d\u2019Altkirch, de Mulhouse, de Fribourg-en-Brisgau, mais aussi de Montreux-Ch\u00e2teau et de Belfort, etc&#8230;<\/h4>\n<h4 style=\"text-align: justify;\">\u00a0A la d\u00e9claration de la grande guerre, les \u00e9quipes \u00ab seniors \u00bb disparaissaient et il ne restait plus que les juniors, qui donnaient naissance \u00e0 l\u2019\u00e9quipe historique de 1914-1919. Dans cette formation, on rel\u00e8ve les noms de MM. Thi\u00e9baut, Laurent, Armand, Ackermann, Auguste Seiler (ancien Maire de Montreux-Vieux), Th\u00e9ophile Huggenberger (ancien capitaine des sapeurs-pompiers),Charles Schoelhammer, Aloyse Peter, Paul Chaxel, Louis Widemann, Jules et Charles L\u00e9dy, Georges Martin et des plus jeunes comme Albert Birgy, Charles Bihler, Martin L\u00e9on, Munsch L\u00e9on, Braunstedter Paul, Meyer Louis, Widemann Etienne et Robert, Schott Emile, etc&#8230;Plac\u00e9s sous la direction de M. Ackermann Alfred, pr\u00e9sident-arbitre et par la suite aussi de M. Nys, professeur d\u2019\u00e9ducation physique \u00e0 l\u2019\u00e9cole sup\u00e9rieure de Montreux-Vieux, ces joueurs \u00e9taient oppos\u00e9s tous les dimanches \u00e0 des formations militaires au hasard des cantonnements, Montreux-Vieux \u00e9tant \u00e0 l\u2019\u00e9poque le si\u00e8ge de l\u2019Etat-Major du Front d\u2019Alsace Sud. La renomm\u00e9e de cette \u00e9quipe \u00e9tait telle qu\u2019elle a \u00e9t\u00e9 oppos\u00e9e \u00e0 une s\u00e9lection militaire interarm\u00e9es.<\/h4>\n","protected":false},"excerpt":{"rendered":"<p>Le sport avant guerre \u00a0Le sport \u00e0 Montreux-Vieux A Montreux-Vieux, la pratique du football remonte avant la grande guerre de 1914-18. Le jeu du ballon rond avait, en effet fait son apparition d\u00e8s 1910 dans cette importante cit\u00e9 frontali\u00e8re qu\u2019\u00e9tait &hellip; <a href=\"https:\/\/montreux-vieux.net\/?page_id=4774\">Continuer la lecture <span class=\"meta-nav\">&rarr;<\/span><\/a><\/p>\n","protected":false},"author":1,"featured_media":0,"parent":4105,"menu_order":1,"comment_status":"open","ping_status":"open","template":"","meta":{"footnotes":""},"class_list":["post-4774","page","type-page","status-publish","hentry"],"_links":{"self":[{"href":"https:\/\/montreux-vieux.net\/index.php?rest_route=\/wp\/v2\/pages\/4774","targetHints":{"allow":["GET"]}}],"collection":[{"href":"https:\/\/montreux-vieux.net\/index.php?rest_route=\/wp\/v2\/pages"}],"about":[{"href":"https:\/\/montreux-vieux.net\/index.php?rest_route=\/wp\/v2\/types\/page"}],"author":[{"embeddable":true,"href":"https:\/\/montreux-vieux.net\/index.php?rest_route=\/wp\/v2\/users\/1"}],"replies":[{"embeddable":true,"href":"https:\/\/montreux-vieux.net\/index.php?rest_route=%2Fwp%2Fv2%2Fcomments&post=4774"}],"version-history":[{"count":4,"href":"https:\/\/montreux-vieux.net\/index.php?rest_route=\/wp\/v2\/pages\/4774\/revisions"}],"predecessor-version":[{"id":6746,"href":"https:\/\/montreux-vieux.net\/index.php?rest_route=\/wp\/v2\/pages\/4774\/revisions\/6746"}],"up":[{"embeddable":true,"href":"https:\/\/montreux-vieux.net\/index.php?rest_route=\/wp\/v2\/pages\/4105"}],"wp:attachment":[{"href":"https:\/\/montreux-vieux.net\/index.php?rest_route=%2Fwp%2Fv2%2Fmedia&parent=4774"}],"curies":[{"name":"wp","href":"https:\/\/api.w.org\/{rel}","templated":true}]}}