{"id":4798,"date":"2015-02-18T10:45:30","date_gmt":"2015-02-18T09:45:30","guid":{"rendered":"http:\/\/montreux-vieux.net\/?page_id=4798"},"modified":"2015-02-18T10:45:30","modified_gmt":"2015-02-18T09:45:30","slug":"la-fourgonnette","status":"publish","type":"page","link":"https:\/\/montreux-vieux.net\/?page_id=4798","title":{"rendered":"La Fourgonnette"},"content":{"rendered":"<h3 style=\"text-align: center;\"><strong>LA FOURGONNETTE<\/strong><\/h3>\n<h4 style=\"text-align: justify;\">.En automne 1977, le Centre de Secours de Montreux-Vieux et les Corps de Chavannes\/L\u2019Etang, Valdieu-Lutran et Montreux-Jeune ont eux aussi organis\u00e9 dimanche matin leur revue-d\u00e9monstration d\u2019automne.<\/h4>\n<h4 style=\"text-align: justify;\">Le lieutenant Rein a conduit la revue des hommes et des v\u00e9hicules et a notamment pr\u00e9sent\u00e9 aux personnes pr\u00e9sentes la grosse motopompe r\u00e9nov\u00e9e et la petite fourgonnette R4L, ancien v\u00e9hicule du service des eaux de Montreux-Vieux, repeinte en rouge et portant fi\u00e8rement les armoiries de la commune. Ce v\u00e9hicule a \u00e9t\u00e9 mis \u00e0 la disposition du centre de secours de Montreux-Vieux tout en continuant de servir \u00e9galement pour les besoins de la municipalit\u00e9.<\/h4>\n<p>&nbsp;<\/p>\n","protected":false},"excerpt":{"rendered":"<p>LA FOURGONNETTE .En automne 1977, le Centre de Secours de Montreux-Vieux et les Corps de Chavannes\/L\u2019Etang, Valdieu-Lutran et Montreux-Jeune ont eux aussi organis\u00e9 dimanche matin leur revue-d\u00e9monstration d\u2019automne. Le lieutenant Rein a conduit la revue des hommes et des v\u00e9hicules &hellip; <a href=\"https:\/\/montreux-vieux.net\/?page_id=4798\">Continuer la lecture <span class=\"meta-nav\">&rarr;<\/span><\/a><\/p>\n","protected":false},"author":1,"featured_media":0,"parent":4107,"menu_order":7,"comment_status":"open","ping_status":"open","template":"","meta":{"footnotes":""},"class_list":["post-4798","page","type-page","status-publish","hentry"],"_links":{"self":[{"href":"https:\/\/montreux-vieux.net\/index.php?rest_route=\/wp\/v2\/pages\/4798","targetHints":{"allow":["GET"]}}],"collection":[{"href":"https:\/\/montreux-vieux.net\/index.php?rest_route=\/wp\/v2\/pages"}],"about":[{"href":"https:\/\/montreux-vieux.net\/index.php?rest_route=\/wp\/v2\/types\/page"}],"author":[{"embeddable":true,"href":"https:\/\/montreux-vieux.net\/index.php?rest_route=\/wp\/v2\/users\/1"}],"replies":[{"embeddable":true,"href":"https:\/\/montreux-vieux.net\/index.php?rest_route=%2Fwp%2Fv2%2Fcomments&post=4798"}],"version-history":[{"count":1,"href":"https:\/\/montreux-vieux.net\/index.php?rest_route=\/wp\/v2\/pages\/4798\/revisions"}],"predecessor-version":[{"id":4799,"href":"https:\/\/montreux-vieux.net\/index.php?rest_route=\/wp\/v2\/pages\/4798\/revisions\/4799"}],"up":[{"embeddable":true,"href":"https:\/\/montreux-vieux.net\/index.php?rest_route=\/wp\/v2\/pages\/4107"}],"wp:attachment":[{"href":"https:\/\/montreux-vieux.net\/index.php?rest_route=%2Fwp%2Fv2%2Fmedia&parent=4798"}],"curies":[{"name":"wp","href":"https:\/\/api.w.org\/{rel}","templated":true}]}}