{"id":4808,"date":"2015-02-18T10:50:49","date_gmt":"2015-02-18T09:50:49","guid":{"rendered":"http:\/\/montreux-vieux.net\/?page_id=4808"},"modified":"2015-02-18T10:50:49","modified_gmt":"2015-02-18T09:50:49","slug":"centre-de-formation","status":"publish","type":"page","link":"https:\/\/montreux-vieux.net\/?page_id=4808","title":{"rendered":"Centre de formation"},"content":{"rendered":"<h3 style=\"text-align: center;\"><strong>CENTRE DE FORMATION<\/strong><\/h3>\n<h4 style=\"text-align: justify;\">Depuis de nombreuses ann\u00e9es en effet, les responsables de Montreux-Vieux, Daniel Bouchonnet, Daniel Cuenin et Fran\u00e7ois Notter, avec le lieutenant Jean-Paul Groff de Seppois, animent une formation de \u00ab conducteur-m\u00e9canicien \u00bb.<\/h4>\n<h4 style=\"text-align: justify;\">Un stage d\u2019arrondissement dont le contenu, th\u00e9orique et pratique, a \u00e9t\u00e9 \u00e9labor\u00e9 par les cadres pompiers. Ce cycle d\u2019une quarantaine d\u2019heures permet d\u2019enseigner aux hommes qui sont charg\u00e9s de conduire et d\u2019entretenir les engins m\u00e9caniques (motopompe), de conna\u00eetre parfaitement le fonctionnement.<\/h4>\n<h4 style=\"text-align: justify;\">Un examen sanctionne ce cours dont l\u2019attestation permet aux laur\u00e9ats d\u2019assumer de nouvelles responsabilit\u00e9s au sein de l\u2019\u00e9quipe d\u2019intervention.<\/h4>\n<p>&nbsp;<\/p>\n","protected":false},"excerpt":{"rendered":"<p>CENTRE DE FORMATION Depuis de nombreuses ann\u00e9es en effet, les responsables de Montreux-Vieux, Daniel Bouchonnet, Daniel Cuenin et Fran\u00e7ois Notter, avec le lieutenant Jean-Paul Groff de Seppois, animent une formation de \u00ab conducteur-m\u00e9canicien \u00bb. Un stage d\u2019arrondissement dont le contenu, &hellip; <a href=\"https:\/\/montreux-vieux.net\/?page_id=4808\">Continuer la lecture <span class=\"meta-nav\">&rarr;<\/span><\/a><\/p>\n","protected":false},"author":1,"featured_media":0,"parent":4107,"menu_order":12,"comment_status":"open","ping_status":"open","template":"","meta":{"footnotes":""},"class_list":["post-4808","page","type-page","status-publish","hentry"],"_links":{"self":[{"href":"https:\/\/montreux-vieux.net\/index.php?rest_route=\/wp\/v2\/pages\/4808","targetHints":{"allow":["GET"]}}],"collection":[{"href":"https:\/\/montreux-vieux.net\/index.php?rest_route=\/wp\/v2\/pages"}],"about":[{"href":"https:\/\/montreux-vieux.net\/index.php?rest_route=\/wp\/v2\/types\/page"}],"author":[{"embeddable":true,"href":"https:\/\/montreux-vieux.net\/index.php?rest_route=\/wp\/v2\/users\/1"}],"replies":[{"embeddable":true,"href":"https:\/\/montreux-vieux.net\/index.php?rest_route=%2Fwp%2Fv2%2Fcomments&post=4808"}],"version-history":[{"count":1,"href":"https:\/\/montreux-vieux.net\/index.php?rest_route=\/wp\/v2\/pages\/4808\/revisions"}],"predecessor-version":[{"id":4809,"href":"https:\/\/montreux-vieux.net\/index.php?rest_route=\/wp\/v2\/pages\/4808\/revisions\/4809"}],"up":[{"embeddable":true,"href":"https:\/\/montreux-vieux.net\/index.php?rest_route=\/wp\/v2\/pages\/4107"}],"wp:attachment":[{"href":"https:\/\/montreux-vieux.net\/index.php?rest_route=%2Fwp%2Fv2%2Fmedia&parent=4808"}],"curies":[{"name":"wp","href":"https:\/\/api.w.org\/{rel}","templated":true}]}}