{"id":4888,"date":"2015-02-19T15:52:21","date_gmt":"2015-02-19T14:52:21","guid":{"rendered":"http:\/\/montreux-vieux.net\/?page_id=4888"},"modified":"2020-10-18T13:24:32","modified_gmt":"2020-10-18T12:24:32","slug":"lenterrement-du-chef-de-gare-allemand-2","status":"publish","type":"page","link":"https:\/\/montreux-vieux.net\/?page_id=4888","title":{"rendered":"L&rsquo;enterrement du chef de gare allemand"},"content":{"rendered":"<h3 style=\"text-align: center;\">L\u2019Enterrement du chef de gare allemand<\/h3>\n<h4 style=\"text-align: justify;\">Le 21 octobre 1890 a eu lieu l\u2019enterrement du chef de gare allemand de Montreux-Vieux.&nbsp;Une d\u00e9l\u00e9gation des employ\u00e9s de la gare de Petit-Croix assistait aux obs\u00e8ques.<\/h4>\n<p>Apr\u00e8s la c\u00e9r\u00e9monie, les employ\u00e9s allemands ont accompagn\u00e9, musique en t\u00eate, les employ\u00e9s fran\u00e7ais jusqu\u2019\u00e0 la fronti\u00e8re.&nbsp;Au moment de la s\u00e9paration, les Allemands ont cri\u00e9 dans leur langue : \u00ab Vivent les employ\u00e9s de chemins de fer \u00bb<\/p>\n<p style=\"text-align: justify; line-height: 18.0pt; background: white; margin: 6.0pt 0cm 6.0pt 0cm;\"><span style=\"font-family: 'Arial','sans-serif'; color: #4d4d4d; background: white;\">Sources&nbsp;: Le Petit Caporal du 3 novembre 1890<\/span><\/p>\n\n\n<figure class=\"wp-block-gallery aligncenter columns-1 is-cropped wp-block-gallery-1 is-layout-flex wp-block-gallery-is-layout-flex\"><ul class=\"blocks-gallery-grid\"><li class=\"blocks-gallery-item\"><figure><img loading=\"lazy\" decoding=\"async\" width=\"1024\" height=\"606\" src=\"http:\/\/montreux-vieux.net\/montreux-vieux.net\/wp-content\/uploads\/2020\/06\/ScreenShot247-1-1024x606.jpg\" alt=\"\" data-id=\"19648\" data-full-url=\"http:\/\/montreux-vieux.net\/montreux-vieux.net\/wp-content\/uploads\/2020\/06\/ScreenShot247-1.jpg\" data-link=\"http:\/\/montreux-vieux.net\/?attachment_id=19648\" class=\"wp-image-19648\" srcset=\"https:\/\/montreux-vieux.net\/montreux-vieux.net\/wp-content\/uploads\/2020\/06\/ScreenShot247-1-1024x606.jpg 1024w, https:\/\/montreux-vieux.net\/montreux-vieux.net\/wp-content\/uploads\/2020\/06\/ScreenShot247-1-300x178.jpg 300w, https:\/\/montreux-vieux.net\/montreux-vieux.net\/wp-content\/uploads\/2020\/06\/ScreenShot247-1-768x455.jpg 768w, https:\/\/montreux-vieux.net\/montreux-vieux.net\/wp-content\/uploads\/2020\/06\/ScreenShot247-1-600x355.jpg 600w, https:\/\/montreux-vieux.net\/montreux-vieux.net\/wp-content\/uploads\/2020\/06\/ScreenShot247-1.jpg 1084w\" sizes=\"auto, (max-width: 1024px) 100vw, 1024px\" \/><\/figure><\/li><\/ul><\/figure>\n\n\n\n<p><strong>Autre article<\/strong>! Alt Munsterol. (Montreux Vieux). \u2014\u2022 On nous \u00e9crit : Nous avons pu constater, la semaine derni\u00e8re, que l\u2019am\u00e9lioration des relations sur la fronti\u00e8re fran\u00e7aise n\u2019est pas un vain mot. On a enterr\u00e9 le chef de gare Berhold et parmi ceux qui ont rendu les derniers devoirs \u00e0 ce fonctionnaire, nous avons remarqu\u00e9 les chefs de gare de Belfort, Petit Croix, Ch\u00e8vremont, avec une vingtaine d&#8217;employ\u00e9s de la compagnie de l\u2019Est, en grand uniforme. L\u2019accueil fait par les employ\u00e9s allemands \u00e0 leurs &nbsp;coll\u00e8gues fran\u00e7ais a \u00e9t\u00e9 des plus cordiaux.<\/p>\n\n\n\n<p>Sources\u00a0: Express 19 octobre 1890<\/p>\n\n\n\n<p>Le chef de gare de Montreux-Vieux vient de d\u00e9c\u00e9der. On a remarqu\u00e9 \u00e0 son enterrement les chefs de gare de Belfort, Petit-Croix, Ch\u00e8vremont, avec un certain nombre d\u2019employ\u00e9s de la Compagnie de l\u2019Est en grand uniforme. Ce fait est tr\u00e8s comment\u00e9 dans les pays fronti\u00e8res, et on en conclut une certaine am\u00e9lioration dans les relations entre .les agents; des chemins de fer fran\u00e7ais et allemands relations qui \u00e9taient tendues depuis ces derniers temps.<\/p>\n\n\n\n<p>Sources\u00a0: La France 22 octobre 1890<\/p>\n","protected":false},"excerpt":{"rendered":"<p>L\u2019Enterrement du chef de gare allemand Le 21 octobre 1890 a eu lieu l\u2019enterrement du chef de gare allemand de Montreux-Vieux.&nbsp;Une d\u00e9l\u00e9gation des employ\u00e9s de la gare de Petit-Croix assistait aux obs\u00e8ques. Apr\u00e8s la c\u00e9r\u00e9monie, les employ\u00e9s allemands ont accompagn\u00e9, &hellip; <a href=\"https:\/\/montreux-vieux.net\/?page_id=4888\">Continuer la lecture <span class=\"meta-nav\">&rarr;<\/span><\/a><\/p>\n","protected":false},"author":1,"featured_media":0,"parent":13013,"menu_order":28,"comment_status":"open","ping_status":"open","template":"","meta":{"footnotes":""},"class_list":["post-4888","page","type-page","status-publish","hentry"],"_links":{"self":[{"href":"https:\/\/montreux-vieux.net\/index.php?rest_route=\/wp\/v2\/pages\/4888","targetHints":{"allow":["GET"]}}],"collection":[{"href":"https:\/\/montreux-vieux.net\/index.php?rest_route=\/wp\/v2\/pages"}],"about":[{"href":"https:\/\/montreux-vieux.net\/index.php?rest_route=\/wp\/v2\/types\/page"}],"author":[{"embeddable":true,"href":"https:\/\/montreux-vieux.net\/index.php?rest_route=\/wp\/v2\/users\/1"}],"replies":[{"embeddable":true,"href":"https:\/\/montreux-vieux.net\/index.php?rest_route=%2Fwp%2Fv2%2Fcomments&post=4888"}],"version-history":[{"count":11,"href":"https:\/\/montreux-vieux.net\/index.php?rest_route=\/wp\/v2\/pages\/4888\/revisions"}],"predecessor-version":[{"id":25425,"href":"https:\/\/montreux-vieux.net\/index.php?rest_route=\/wp\/v2\/pages\/4888\/revisions\/25425"}],"up":[{"embeddable":true,"href":"https:\/\/montreux-vieux.net\/index.php?rest_route=\/wp\/v2\/pages\/13013"}],"wp:attachment":[{"href":"https:\/\/montreux-vieux.net\/index.php?rest_route=%2Fwp%2Fv2%2Fmedia&parent=4888"}],"curies":[{"name":"wp","href":"https:\/\/api.w.org\/{rel}","templated":true}]}}