{"id":4896,"date":"2015-02-19T16:35:50","date_gmt":"2015-02-19T15:35:50","guid":{"rendered":"http:\/\/montreux-vieux.net\/?page_id=4896"},"modified":"2020-07-13T14:45:14","modified_gmt":"2020-07-13T13:45:14","slug":"la-premiere-filature-de-montreux-vieux","status":"publish","type":"page","link":"https:\/\/montreux-vieux.net\/?page_id=4896","title":{"rendered":"La filature de Montreux-Vieux"},"content":{"rendered":"<h3 style=\"text-align: center;\">La premi\u00e8re filature<\/h3>\n<p style=\"text-align: center;\"><a href=\"http:\/\/montreux-vieux.net\/montreux-vieux.net\/wp-content\/uploads\/2015\/02\/ScreenShot258.jpg\" target=\"_blank\" rel=\"noopener noreferrer\"><img loading=\"lazy\" decoding=\"async\" class=\"aligncenter wp-image-6805 size-medium\" src=\"http:\/\/montreux-vieux.net\/montreux-vieux.net\/wp-content\/uploads\/2015\/02\/ScreenShot258-300x183.jpg\" alt=\"La premi\u00e8re filature \u00e0 Montreux-Vieux\" width=\"300\" height=\"183\" srcset=\"https:\/\/montreux-vieux.net\/montreux-vieux.net\/wp-content\/uploads\/2015\/02\/ScreenShot258-300x183.jpg 300w, https:\/\/montreux-vieux.net\/montreux-vieux.net\/wp-content\/uploads\/2015\/02\/ScreenShot258-768x469.jpg 768w, https:\/\/montreux-vieux.net\/montreux-vieux.net\/wp-content\/uploads\/2015\/02\/ScreenShot258-600x367.jpg 600w, https:\/\/montreux-vieux.net\/montreux-vieux.net\/wp-content\/uploads\/2015\/02\/ScreenShot258.jpg 933w\" sizes=\"auto, (max-width: 300px) 100vw, 300px\" \/><\/a><\/p>\n<div id=\"attachment_5211\" style=\"width: 491px\" class=\"wp-caption aligncenter\"><a href=\"http:\/\/montreux-vieux.net\/montreux-vieux.net\/wp-content\/uploads\/2015\/02\/ScreenShot402.jpg\" target=\"_blank\" rel=\"noopener noreferrer\"><img loading=\"lazy\" decoding=\"async\" aria-describedby=\"caption-attachment-5211\" class=\"wp-image-5211 size-full\" src=\"http:\/\/montreux-vieux.net\/montreux-vieux.net\/wp-content\/uploads\/2015\/02\/ScreenShot402.jpg\" alt=\"Une facture \u00e9mise par la filature\" width=\"481\" height=\"695\" srcset=\"https:\/\/montreux-vieux.net\/montreux-vieux.net\/wp-content\/uploads\/2015\/02\/ScreenShot402.jpg 481w, https:\/\/montreux-vieux.net\/montreux-vieux.net\/wp-content\/uploads\/2015\/02\/ScreenShot402-208x300.jpg 208w\" sizes=\"auto, (max-width: 481px) 100vw, 481px\" \/><\/a><p id=\"caption-attachment-5211\" class=\"wp-caption-text\">Une facture \u00e9mise par la filature<\/p><\/div>\n<p>La derni\u00e8re filature \u00e0 Montreux-Vieux<\/p>\n<p><a href=\"http:\/\/montreux-vieux.net\/montreux-vieux.net\/wp-content\/uploads\/2014\/11\/00023.jpg\" target=\"_blank\" rel=\"noopener noreferrer\"><img loading=\"lazy\" decoding=\"async\" class=\"aligncenter wp-image-3958 size-medium\" src=\"http:\/\/montreux-vieux.net\/montreux-vieux.net\/wp-content\/uploads\/2014\/11\/00023-300x225.jpg\" alt=\"La derni\u00e8re filature et tissage \u00e0 Montreux-Vieux\" width=\"300\" height=\"225\" srcset=\"https:\/\/montreux-vieux.net\/montreux-vieux.net\/wp-content\/uploads\/2014\/11\/00023-300x225.jpg 300w, https:\/\/montreux-vieux.net\/montreux-vieux.net\/wp-content\/uploads\/2014\/11\/00023.jpg 320w\" sizes=\"auto, (max-width: 300px) 100vw, 300px\" \/><\/a><\/p>\n<h4 style=\"text-align: justify;\">Elle occupait 220 personnes, fabriquant des wassingues (serpilli\u00e8res)En 1927, l\u2019usine de tissage fut compl\u00e8tement d\u00e9truite par un incendie.En 1930, ce fut au tour de la Filature.Dans les ann\u00e9es 1960, sa fabrication annuelle atteignait 12 000000 de serpilli\u00e8res, soit 1\/3 de la production nationale.Le d\u00e9p\u00f4t de bilan est prononc\u00e9 le 7 mars 1974.Reprise par un directoire parisien, elle a r\u00e9duit le nombre d\u2019ouvriers de 200 \u00e0 150, il a d\u00fb abandonner \u00e0 son tour.Le 1er Octobre 1975, M. Harnist Georges reprend les activit\u00e9s avec un effectif de 40 personnes.Le 13 mai 1993, elle fut ravag\u00e9e par le feu, 6 centres de Secours et pr\u00e8s d\u2019une centaine de pompiers ont ma\u00eetris\u00e9 l\u2019incendie apr\u00e8s plusieurs heures d\u2019effort.Elle fut reprise par M. Missmer en 1994, et c&rsquo;est en1998 qu&rsquo;elle a \u00e9t\u00e9 reprise par la Soci\u00e9t\u00e9 CHIMITEX<\/h4>\n<p>Autre article<\/p>\n<p>20 millions de d\u00e9g\u00e2ts \u00e0 Montreux-Vieux MULHOUSE, 13 mai. (D\u00e9p\u00eache particuli\u00e8re.) \u2014 Un violent incendie provoqu\u00e9 par un court circuit a ravag\u00e9 hier soir la filature de Montreux-Vieux (Haut Rhin). Le b\u00e2timent de stockage a \u00e9t\u00e9 enti\u00e8rement d\u00e9truit, et les d\u00e9g\u00e2ts sont \u00e9valu\u00e9s \u00e0 20 millions.<\/p>\n<p>Sources\u00a0: Paris Presse L\u2019Intransigeant 14 mai 1953<\/p>\n","protected":false},"excerpt":{"rendered":"<p>La premi\u00e8re filature La derni\u00e8re filature \u00e0 Montreux-Vieux Elle occupait 220 personnes, fabriquant des wassingues (serpilli\u00e8res)En 1927, l\u2019usine de tissage fut compl\u00e8tement d\u00e9truite par un incendie.En 1930, ce fut au tour de la Filature.Dans les ann\u00e9es 1960, sa fabrication annuelle &hellip; <a href=\"https:\/\/montreux-vieux.net\/?page_id=4896\">Continuer la lecture <span class=\"meta-nav\">&rarr;<\/span><\/a><\/p>\n","protected":false},"author":1,"featured_media":0,"parent":13040,"menu_order":18,"comment_status":"open","ping_status":"open","template":"","meta":{"footnotes":""},"class_list":["post-4896","page","type-page","status-publish","hentry"],"_links":{"self":[{"href":"https:\/\/montreux-vieux.net\/index.php?rest_route=\/wp\/v2\/pages\/4896","targetHints":{"allow":["GET"]}}],"collection":[{"href":"https:\/\/montreux-vieux.net\/index.php?rest_route=\/wp\/v2\/pages"}],"about":[{"href":"https:\/\/montreux-vieux.net\/index.php?rest_route=\/wp\/v2\/types\/page"}],"author":[{"embeddable":true,"href":"https:\/\/montreux-vieux.net\/index.php?rest_route=\/wp\/v2\/users\/1"}],"replies":[{"embeddable":true,"href":"https:\/\/montreux-vieux.net\/index.php?rest_route=%2Fwp%2Fv2%2Fcomments&post=4896"}],"version-history":[{"count":9,"href":"https:\/\/montreux-vieux.net\/index.php?rest_route=\/wp\/v2\/pages\/4896\/revisions"}],"predecessor-version":[{"id":23019,"href":"https:\/\/montreux-vieux.net\/index.php?rest_route=\/wp\/v2\/pages\/4896\/revisions\/23019"}],"up":[{"embeddable":true,"href":"https:\/\/montreux-vieux.net\/index.php?rest_route=\/wp\/v2\/pages\/13040"}],"wp:attachment":[{"href":"https:\/\/montreux-vieux.net\/index.php?rest_route=%2Fwp%2Fv2%2Fmedia&parent=4896"}],"curies":[{"name":"wp","href":"https:\/\/api.w.org\/{rel}","templated":true}]}}