{"id":4912,"date":"2015-02-20T10:36:24","date_gmt":"2015-02-20T09:36:24","guid":{"rendered":"http:\/\/montreux-vieux.net\/?page_id=4912"},"modified":"2021-07-30T13:39:53","modified_gmt":"2021-07-30T12:39:53","slug":"les-armoiries","status":"publish","type":"page","link":"https:\/\/montreux-vieux.net\/?page_id=4912","title":{"rendered":"Les Armoiries"},"content":{"rendered":"\n<div class=\"wp-block-image\"><figure class=\"aligncenter\"><img loading=\"lazy\" decoding=\"async\" width=\"682\" height=\"793\" src=\"http:\/\/montreux-vieux.net\/montreux-vieux.net\/wp-content\/uploads\/2019\/05\/ScreenShot1709.jpg\" alt=\"\" class=\"wp-image-16438\" srcset=\"https:\/\/montreux-vieux.net\/montreux-vieux.net\/wp-content\/uploads\/2019\/05\/ScreenShot1709.jpg 682w, https:\/\/montreux-vieux.net\/montreux-vieux.net\/wp-content\/uploads\/2019\/05\/ScreenShot1709-258x300.jpg 258w, https:\/\/montreux-vieux.net\/montreux-vieux.net\/wp-content\/uploads\/2019\/05\/ScreenShot1709-600x698.jpg 600w\" sizes=\"auto, (max-width: 682px) 100vw, 682px\" \/><\/figure><\/div>\n\n\n<h3 style=\"text-align: center;\"><span class=\"textePagePlus\">Les Armoiries<\/span><\/h3>\n<p style=\"text-align: center;\"><a href=\"http:\/\/montreux-vieux.net\/montreux-vieux.net\/wp-content\/uploads\/2016\/01\/cropped-LION.gif\" target=\"_blank\" rel=\"noopener noreferrer\"><img loading=\"lazy\" decoding=\"async\" class=\"aligncenter wp-image-6677 size-thumbnail\" src=\"http:\/\/montreux-vieux.net\/montreux-vieux.net\/wp-content\/uploads\/2016\/01\/cropped-LION-150x150.gif\" alt=\"Les Armoiries de Montreux-VIEUX\" width=\"150\" height=\"150\" srcset=\"https:\/\/montreux-vieux.net\/montreux-vieux.net\/wp-content\/uploads\/2016\/01\/cropped-LION-150x150.gif 150w, https:\/\/montreux-vieux.net\/montreux-vieux.net\/wp-content\/uploads\/2016\/01\/cropped-LION-300x300.gif 300w, https:\/\/montreux-vieux.net\/montreux-vieux.net\/wp-content\/uploads\/2016\/01\/cropped-LION-270x270.gif 270w, https:\/\/montreux-vieux.net\/montreux-vieux.net\/wp-content\/uploads\/2016\/01\/cropped-LION-192x192.gif 192w, https:\/\/montreux-vieux.net\/montreux-vieux.net\/wp-content\/uploads\/2016\/01\/cropped-LION-180x180.gif 180w, https:\/\/montreux-vieux.net\/montreux-vieux.net\/wp-content\/uploads\/2016\/01\/cropped-LION-32x32.gif 32w\" sizes=\"auto, (max-width: 150px) 100vw, 150px\" \/><\/a><\/p>\n<h4 style=\"text-align: justify;\">\u00ab D\u2019or au lion rampant de sable \u00e0 la queue fourchue, lampass\u00e9 de gueules \u00e0 la bordure engr\u00eal\u00e9e de gueules \u00bb telles sont les armoiries officielles de notre commune telles qu\u2019elles ont \u00e9t\u00e9 \u00e9tablies par la commission d\u00e9partementale d\u2019h\u00e9raldique pr\u00e9sid\u00e9e par M. Christian Wilsdorf, directeur des Archives d\u00e9partementales charg\u00e9 de l\u2019armorial des communes du d\u00e9partement du Haut-Rhin.<\/h4>\n<h4 style=\"text-align: justify;\"><span class=\"textePagePlus\" style=\"color: #000000;\">Ainsi le village de Montreux-Vieux a \u00e9t\u00e9, \u00e0 son tour, dot\u00e9 d\u2019armoiries officielles, celles-ci lui faisant encore d\u00e9faut. Les armoiries retenues par la commission s\u2019expliquent par l\u2019appartenance du village aux sires de Montreux depuis le 12\u00e8 si\u00e8cle. Le lion dress\u00e9 sortant ses griffes et tirant la langue figure en effet, en bonne place dans le blason des comtes de Reinach, anciens seigneurs de Montreux- desquels on parle pour la premi\u00e8re fois en 1170. C\u2019est en effet \u00e0 cette date qu\u2019Alb\u00e9ric de Munst\u00e9rol est chef de m\u00e9tairie selon un acte de vente de Rambold de Spechbach \u00e0 l\u2019abbaye de Bailla.<br \/>En 1188 Werner de Montueux signe comme t\u00e9moin une charte d\u2019Henri ber \u00e9v\u00eaque de B\u00e2le par laquelle ce pr\u00e9lat exempte le monast\u00e8re de Lieu-Croissant de tout p\u00e9age dans l\u2019\u00e9v\u00each\u00e9.<br \/>En 1194, Hugues de Montreux \u00e9tait chanoine de l\u2019Eglise de B\u00e2le. En 1281, Werner de Montreux sert d\u2019arbitre dans une composition entre l\u2019\u00e9v\u00eaque de B\u00e2le Henri d\u2019Isny et Thi\u00e9baut Comte de Ferrette de leurs pr\u00e9tentions r\u00e9ciproques sur Florimont.<br \/>En 1291, Othon de Montreux figure comme t\u00e9moin dans une vente faite par le pr\u00e9v\u00f4t d\u2019Oelenberg \u00e0 l\u2019abbaye de Lucelle. Au 13\u00e8me si\u00e8cle dame Louise de Montreux meurt au couvent d\u2019Unterlinden \u00e0 Colmar.<br \/>En 1333, F\u00e9ry de Montreux \u00e9tait investi de ce fief. Il rend foi et hommage au marquis de Bade \u00e9poux de Jeanne de Montb\u00e9liard, veuve d\u2019Urlric II, comte de Ferrette et de laquelle le fief de .Montreux relevait apr\u00e8s la mort d\u2019Ulric En 1347, le fief de Montreux \u00e9choit en partage \u00e0 Ursule de Ferrette, comtesse de Hohenberg-Monfort. Le fief \u00e9tait alors tenu par Jean de Montreux fils de Guillaume.<br \/>En 1350, Albert d\u2019Autriche \u00e9poux de Jeannette de Ferrette, rach\u00e8te de celle-ci le domaine de Montreux. C\u2019est de cette ann\u00e9e que date la d\u00e9pendance du fief de Montreux du ch\u00e2teau de Delle, relevant directement de l\u2019Empire et possession de la maison d\u2019Autriche.<br \/>Le 24 Juillet 1351 Jean de Montreux, qualifi\u00e9 du titre de baron donne en fief h\u00e9r\u00e9ditaire \u00e0 un bourgeois de B\u00e2le, le village de Willer pr\u00e8s de Saint-L\u00e9ger. Le 9 Juillet 1386, Fr\u00e9d\u00e9ric de Montreux p\u00e9rit \u00e0 la bataille de Sempach avec de nombreux gentilshommes alsaciens.<br \/>En 1453, Georges de Montreux est institu\u00e9 pr\u00e9v\u00f4t de Belfort mais en 1458 le fief est partag\u00e9 entre les deux fils de Jean de Montreux, l\u2019un recevant Foussemagne, Montreux-Vieux, Montreux-Jeune, Bretagne et Fontaine et l\u2019ain\u00e9 Fr\u00e9d\u00e9ric, Chavannes-sur-l\u2019Etang, Lutran, Magny, Romagny, Valdieu, Chavannes les Grands, Cuneli\u00e8res et Frais.<br \/>Mais en 1474, Antoine de Montreux qui avait pris parti pour Charles le T\u00e9m\u00e9raire contre l\u2019archiduc Sigismond est d\u00e9poss\u00e9d\u00e9 de son fief. En 1585, le domaine de Fr\u00e9d\u00e9ric devait revenir aux enfants de Louis de Reinach Montreux Mais d\u00e8s 1560, Ferdinand 1er avait substitu\u00e9 une autre branche des Reinach \u00e0 celle de Louis de Reinach-Montreux, la branche de Henri dont les descendants form\u00e8rent les Reinach-Foussemagne, Muntzingen et Hirtzbach.<br \/>Les Reinach-Montreux s\u2019\u00e9teignirent en 1704<\/span><\/h4>\n<p>M. Lougnot 14 mai 2021<\/p>\n<p>La premi\u00e8re chose importante est la description<br \/>officielle (d\u00e9finition administrative propos\u00e9e<br \/>initialement par la commission d&rsquo;h\u00e9raldique) du<br \/>blason de Montreux-Vieux : \u00ab\u00a0D\u2019or au lion rampant<br \/>de sable \u00e0 la queue fourchue, arm\u00e9 et lampass\u00e9 de<br \/>gueules \u00e0 la bordure engr\u00eal\u00e9e de m\u00eame\u00a0\u00bb. Cette<br \/>description \u00e9tait reprise mot pour mot de celle<br \/>des armoiries de la famille noble de Montreux qui<br \/>figurait dans les armoriaux les plus anciens.<br \/>Apr\u00e8s quelques discussions avec le maire de<br \/>l&rsquo;\u00e9poque, cette commission s&rsquo;est ridiculis\u00e9e en<br \/>d\u00e9cidant de simplifier ces armoiries pour adopter<br \/>la description suivante : \u00ab\u00a0D\u2019or au lion rampant<br \/>de sable, lampass\u00e9 de gueules, \u00e0 la bordure<br \/>engr\u00eal\u00e9e de m\u00eame\u00a0\u00bb. Et finalement, elle a pondu<br \/>une repr\u00e9sentation dans laquelle la bordure \u00e9tait \u00e9galement modifi\u00e9e.<br \/>Comme vous l&rsquo;indiquez, cette famille noble<br \/>apparait \u00e0 la fin du 13e si\u00e8cle ; elle \u00e9tait<br \/>issue \u00e0 la fois des comtes de Toul et des comtes<br \/>de Ferrette et appartenait ainsi \u00e0 la descendance<br \/>des Tr\u00e8s anciennes familles de Lorraine et de Bar-Montb\u00e9liard.<br \/><br \/>La deuxi\u00e8me chose importante est le fait qu&rsquo;il<br \/>existait du 12e au d\u00e9but du 15e si\u00e8cle une<br \/>famille dite \u00ab\u00a0de Montreux-Vieux\u00a0\u00bb qui \u00e9taient des<br \/>minist\u00e9riaux des comtes de Ferrette et dont<br \/>certains furent arm\u00e9s chevaliers. Ils ne faut pas<br \/>les confondre avec les Montreux \u00e9voqu\u00e9s<br \/>pr\u00e9c\u00e9demment. Comme le montrent leurs alliances,<br \/>il s&rsquo;agissait de petite noblesse d&rsquo;extraction<br \/>roturi\u00e8re. A ce propos, il faut savoir qu&rsquo;Alb\u00e9ric<br \/>de Montreux ou Werner von M\u00fcnsterol, cit\u00e9s par<br \/>tous les anciens auteurs n&rsquo;ont vraisemblablement<br \/>rien \u00e0 voir avec la famille de Montreux et la<br \/>seigneurie \u00e9ponyme ; et de toutes fa\u00e7ons, ils<br \/>vivaient plus de 100 ans avant l&rsquo;apparition de cette famille.<br \/><br \/>Troisi\u00e8me chose importante, quelle que soit la<br \/>notori\u00e9t\u00e9 et la puissance des Reinach, ils n&rsquo;ont<br \/>historiquement rien \u00e0 voir avec les Montreux. Le<br \/>lion rampant apparaissant sur leurs armoiries est<br \/>un pur hasard, et ce lion est capp\u00e9 et contourn\u00e9<br \/>(regardant vers la droite). Les Reinach<br \/>n&rsquo;apparaissent dans le paysage montreusien qu&rsquo;\u00e0<br \/>la toute fin du 15e si\u00e8cle au moment o\u00f9 Louis de<br \/>Reinach \u00e9pouse Marie de Montreux, l&rsquo;une des<br \/>filles de Fr\u00e9d\u00e9ric de Montreux dernier<br \/>repr\u00e9sentant de la branche a\u00een\u00e9e de cette famille<br \/>et d\u00e9pourvue d&rsquo;h\u00e9ritier m\u00e2le. Louis de Reinach,<br \/>modeste chevalier au service des Habsbourg,<br \/>h\u00e9rita donc avec deux autres gendres de Fr\u00e9d\u00e9ric<br \/>de Montreux de sa succession f\u00e9odale. Et une<br \/>autre branche des Reinach ach\u00eatera un si\u00e8cle plus<br \/>tard, les restes de la part de seigneurie que<br \/>poss\u00e9dait encore les derniers descendants de la<br \/>branche cadette des Montreux, ce qui permettra<br \/>grace \u00e0 un mariage entre ces deux branches de<br \/>Reinach de \u00ab\u00a0r\u00e9unifier\u00a0\u00bb la vieille seigneurie de Montreux.<br \/><br \/>Et pour bien remettre les id\u00e9es en place, il faut<br \/>avoir conscience que la puissance et la notori\u00e9t\u00e9<br \/>des Montreux, ce que les historiens appellent le<br \/>niveau de noblesse, \u00e9tait bien sup\u00e9rieur \u00e0 celui<br \/>des Reinach au moment o\u00f9 Louis a \u00e9pous\u00e9 Marie de<br \/>Montreux. Lorsque j&rsquo;avais rencontr\u00e9 le baron<br \/>Maurice de Reinach qui avait bien voulu \u00e9crire la<br \/>pr\u00e9face de mon bouquin sur les Trois Montreux, iI<br \/>insistait beaucoup sur ce point et me disait<br \/>qu&rsquo;il aurait aim\u00e9 que les hasards de l&rsquo;histoire<br \/>l&rsquo;aient fait descendre de cette famille ; il<br \/>d\u00e9plorait sue ses anc\u00eatres de la branche des<br \/>Reinach-Hirtzbach n&rsquo;aient pas les Montreux dans leur ascendance.<br \/><br \/>En conclusion, cela montre bien que ceux qui ont<br \/>aujourd&rsquo;hui en charge les affaires de la commune<br \/>se sont fourvoy\u00e9s en introduisant ce logo<br \/>charmant mais ridicule \u00e0 c\u00f4t\u00e9 du blason<br \/>prestigieux des seigneurs de Montreux. Ils<br \/>manquent d\u00e9cid\u00e9ment du minimum de culture que<br \/>r\u00e9clame leurs fonctions. Mais je vois qu&rsquo;il en<br \/>est malheureusement de m\u00eame dans la plupart des<br \/>villages de cette ancienne seigneurie.<br \/><br \/><br \/><\/p>","protected":false},"excerpt":{"rendered":"<p>Les Armoiries \u00ab D\u2019or au lion rampant de sable \u00e0 la queue fourchue, lampass\u00e9 de gueules \u00e0 la bordure engr\u00eal\u00e9e de gueules \u00bb telles sont les armoiries officielles de notre commune telles qu\u2019elles ont \u00e9t\u00e9 \u00e9tablies par la commission d\u00e9partementale &hellip; <a href=\"https:\/\/montreux-vieux.net\/?page_id=4912\">Continuer la lecture <span class=\"meta-nav\">&rarr;<\/span><\/a><\/p>\n","protected":false},"author":1,"featured_media":0,"parent":5051,"menu_order":24,"comment_status":"open","ping_status":"open","template":"","meta":{"footnotes":""},"class_list":["post-4912","page","type-page","status-publish","hentry"],"_links":{"self":[{"href":"https:\/\/montreux-vieux.net\/index.php?rest_route=\/wp\/v2\/pages\/4912","targetHints":{"allow":["GET"]}}],"collection":[{"href":"https:\/\/montreux-vieux.net\/index.php?rest_route=\/wp\/v2\/pages"}],"about":[{"href":"https:\/\/montreux-vieux.net\/index.php?rest_route=\/wp\/v2\/types\/page"}],"author":[{"embeddable":true,"href":"https:\/\/montreux-vieux.net\/index.php?rest_route=\/wp\/v2\/users\/1"}],"replies":[{"embeddable":true,"href":"https:\/\/montreux-vieux.net\/index.php?rest_route=%2Fwp%2Fv2%2Fcomments&post=4912"}],"version-history":[{"count":8,"href":"https:\/\/montreux-vieux.net\/index.php?rest_route=\/wp\/v2\/pages\/4912\/revisions"}],"predecessor-version":[{"id":23808,"href":"https:\/\/montreux-vieux.net\/index.php?rest_route=\/wp\/v2\/pages\/4912\/revisions\/23808"}],"up":[{"embeddable":true,"href":"https:\/\/montreux-vieux.net\/index.php?rest_route=\/wp\/v2\/pages\/5051"}],"wp:attachment":[{"href":"https:\/\/montreux-vieux.net\/index.php?rest_route=%2Fwp%2Fv2%2Fmedia&parent=4912"}],"curies":[{"name":"wp","href":"https:\/\/api.w.org\/{rel}","templated":true}]}}