{"id":4939,"date":"2015-02-20T11:08:33","date_gmt":"2015-02-20T10:08:33","guid":{"rendered":"http:\/\/montreux-vieux.net\/?page_id=4939"},"modified":"2019-01-04T14:14:40","modified_gmt":"2019-01-04T13:14:40","slug":"distribution-de-prix-le-02-08-1917-a-lecole-des-filles","status":"publish","type":"page","link":"https:\/\/montreux-vieux.net\/?page_id=4939","title":{"rendered":"Distribution de prix le 02-08-1917 \u00e0 l\u2019\u00e9cole des filles"},"content":{"rendered":"<h3 style=\"text-align: center;\">Distribution de prix le 02-08-1917 \u00e0 l\u2019\u00e9cole des filles<\/h3>\n<h2>&nbsp;<a href=\"http:\/\/montreux-vieux.net\/?attachment_id=3199\" target=\"_blank\" rel=\"attachment wp-att-3199\"><img loading=\"lazy\" decoding=\"async\" class=\"aligncenter wp-image-3199 size-medium\" title=\"ScreenShot018\" src=\"http:\/\/montreux-vieux.net\/montreux-vieux.net\/wp-content\/uploads\/2011\/11\/ScreenShot0181-300x212.jpg\" alt=\" Ecole des filles distribution de prix le 02-08-1917 \u00e0 Montreux-Vieux\" width=\"300\" height=\"212\" srcset=\"https:\/\/montreux-vieux.net\/montreux-vieux.net\/wp-content\/uploads\/2011\/11\/ScreenShot0181-300x212.jpg 300w, https:\/\/montreux-vieux.net\/montreux-vieux.net\/wp-content\/uploads\/2011\/11\/ScreenShot0181.jpg 820w\" sizes=\"auto, (max-width: 300px) 100vw, 300px\" \/><\/a><\/h2>\n<h4 style=\"text-align: center;\">&nbsp;Ecole des filles distribution de prix le 02-08-1917<\/h4>\n<p><a href=\"http:\/\/montreux-vieux.net\/?attachment_id=3201\" target=\"_blank\" rel=\"attachment wp-att-3201\"><img loading=\"lazy\" decoding=\"async\" class=\"aligncenter wp-image-3201 size-medium\" title=\"ScreenShot019\" src=\"http:\/\/montreux-vieux.net\/montreux-vieux.net\/wp-content\/uploads\/2011\/11\/ScreenShot019-300x205.jpg\" alt=\"Le G\u00e9n\u00e9ral Hirschauer commandant le 18\u00e8 C.A. \u00e0 Montreux-Vieux\" width=\"300\" height=\"205\" srcset=\"https:\/\/montreux-vieux.net\/montreux-vieux.net\/wp-content\/uploads\/2011\/11\/ScreenShot019-300x205.jpg 300w, https:\/\/montreux-vieux.net\/montreux-vieux.net\/wp-content\/uploads\/2011\/11\/ScreenShot019.jpg 841w\" sizes=\"auto, (max-width: 300px) 100vw, 300px\" \/><\/a><\/p>\n<h4 style=\"text-align: center;\">Le G\u00e9n\u00e9ral Hirschauer commandant le 18\u00e8 C.A.<\/h4>\n<h4 style=\"text-align: justify;\">N\u00e9 le 16\/6\/1857 \u00e0 Saint-Avold (Moselle). Fils de Charles \u00c9douard HIRSCHAUER, Commissaire sp\u00e9cial (chemins de fer de l\u2019Est) et de Julie DUFOUR. Taille : 1,78 m. Religion : catholique. Mari\u00e9 en 1883 \u00e0 Marie Claire \u00c9lisabeth Jos\u00e9phine GOUSSEL.<\/h4>\n<h4 style=\"text-align: justify;\">Ancien \u00e9l\u00e8ve de l\u2019Ecole polytechnique (promotion 1876). Corps des officiers du G\u00e9nie.<\/h4>\n<h4 style=\"text-align: justify;\">G\u00e9n\u00e9ral de division.<\/h4>\n<h4 style=\"text-align: justify;\">Il effectue des \u00ab&nbsp;missions sp\u00e9ciales&nbsp;\u00bb en Allemagne pour le 2e bureau. Il construit la place forte de Lille, et devient capitaine \u00e0 l\u2019\u00c9cole sup\u00e9rieure de guerre, dont il sort 1er sur 77. Ayant connaissance de certains \u00e9l\u00e9ments secrets du dossier d\u2019Alfred Dreyfus,&nbsp;il ne croit pas en son innocence et accepte de t\u00e9moigner contre lui au proc\u00e8s en appel \u00e0 Rennes. Il est en 1901 au 1er bataillon d\u2019a\u00e9rostiers \u00e0 Versailles. Professeur de g\u00e9nie militaire et d\u2019a\u00e9ronautique \u00e0 l\u2019\u00c9cole sup\u00e9rieure de guerre de la marine, de 1907 \u00e0 1912. En 1910, il commande les troupes d\u2019a\u00e9rostation de Versailles, comme adjoint du g\u00e9n\u00e9ral Roques. Il devient inspecteur permanent de l\u2019a\u00e9ronautique militaire en 1912. En 1914, Galli\u00e9ni le nomme chef d\u2019\u00e9tat-major du camp retranch\u00e9 de Paris. Il dirigera l\u2019a\u00e9ronautique au minist\u00e8re de la Guerre en 1915 (et aura&nbsp;Albert Caquot&nbsp;sous ses ordres). Chef de brigade en Champagne (1915) puis commandant de division, puis de corps d\u2019arm\u00e9e, il prend la t\u00eate d\u2019une arm\u00e9e \u00e0 Verdun en novembre 1917. Il est alors tr\u00e8s populaire dans l\u2019opinion publique, du fait de sa naissance en Lorraine annex\u00e9e par les allemands. Il est nomm\u00e9 gouverneur militaire de Strasbourg en novembre 1918 et commandant sup\u00e9rieur du territoire de l\u2019Alsace en f\u00e9vrier 1919, puis mis \u00e0 la retraite. Une fois \u00e9lu s\u00e9nateur de la Moselle (de 1920 jusqu\u2019\u00e0 la seconde guerre mondiale), il suit de tr\u00e8s pr\u00e8s les questions d\u2019a\u00e9ronautique. Il a publi\u00e9 avec le g\u00e9n\u00e9ral Klein \u00ab&nbsp;Paris en \u00e9tat de d\u00e9fense&nbsp;\u00bb, pr\u00e9fac\u00e9 par le mar\u00e9chal Joffre, 1927<\/h4>\n<h4 style=\"text-align: justify;\">Grand-croix de la L\u00e9gion d\u2019honneur (1920)<\/h4>\n","protected":false},"excerpt":{"rendered":"<p>Distribution de prix le 02-08-1917 \u00e0 l\u2019\u00e9cole des filles &nbsp; &nbsp;Ecole des filles distribution de prix le 02-08-1917 Le G\u00e9n\u00e9ral Hirschauer commandant le 18\u00e8 C.A. N\u00e9 le 16\/6\/1857 \u00e0 Saint-Avold (Moselle). Fils de Charles \u00c9douard HIRSCHAUER, Commissaire sp\u00e9cial (chemins de &hellip; <a href=\"https:\/\/montreux-vieux.net\/?page_id=4939\">Continuer la lecture <span class=\"meta-nav\">&rarr;<\/span><\/a><\/p>\n","protected":false},"author":1,"featured_media":0,"parent":12826,"menu_order":18,"comment_status":"open","ping_status":"open","template":"","meta":{"footnotes":""},"class_list":["post-4939","page","type-page","status-publish","hentry"],"_links":{"self":[{"href":"https:\/\/montreux-vieux.net\/index.php?rest_route=\/wp\/v2\/pages\/4939","targetHints":{"allow":["GET"]}}],"collection":[{"href":"https:\/\/montreux-vieux.net\/index.php?rest_route=\/wp\/v2\/pages"}],"about":[{"href":"https:\/\/montreux-vieux.net\/index.php?rest_route=\/wp\/v2\/types\/page"}],"author":[{"embeddable":true,"href":"https:\/\/montreux-vieux.net\/index.php?rest_route=\/wp\/v2\/users\/1"}],"replies":[{"embeddable":true,"href":"https:\/\/montreux-vieux.net\/index.php?rest_route=%2Fwp%2Fv2%2Fcomments&post=4939"}],"version-history":[{"count":4,"href":"https:\/\/montreux-vieux.net\/index.php?rest_route=\/wp\/v2\/pages\/4939\/revisions"}],"predecessor-version":[{"id":13477,"href":"https:\/\/montreux-vieux.net\/index.php?rest_route=\/wp\/v2\/pages\/4939\/revisions\/13477"}],"up":[{"embeddable":true,"href":"https:\/\/montreux-vieux.net\/index.php?rest_route=\/wp\/v2\/pages\/12826"}],"wp:attachment":[{"href":"https:\/\/montreux-vieux.net\/index.php?rest_route=%2Fwp%2Fv2%2Fmedia&parent=4939"}],"curies":[{"name":"wp","href":"https:\/\/api.w.org\/{rel}","templated":true}]}}