{"id":4941,"date":"2015-02-20T11:09:34","date_gmt":"2015-02-20T10:09:34","guid":{"rendered":"http:\/\/montreux-vieux.net\/?page_id=4941"},"modified":"2016-01-27T16:27:42","modified_gmt":"2016-01-27T15:27:42","slug":"la-visite-du-general-petain-le-13-septembre-1917","status":"publish","type":"page","link":"https:\/\/montreux-vieux.net\/?page_id=4941","title":{"rendered":"La visite du G\u00e9n\u00e9ral P\u00e9tain le 13 septembre 1917"},"content":{"rendered":"<h3 style=\"text-align: center;\">La visite du G\u00e9n\u00e9ral P\u00e9tain le 13 septembre 1917<\/h3>\n<h2><a href=\"http:\/\/montreux-vieux.net\/?attachment_id=3469\" target=\"_blank\" rel=\"attachment wp-att-3469\"><img loading=\"lazy\" decoding=\"async\" class=\"aligncenter wp-image-3469 size-medium\" title=\"ScreenShot01113\" src=\"http:\/\/montreux-vieux.net\/montreux-vieux.net\/wp-content\/uploads\/2011\/11\/ScreenShot01113-300x213.jpg\" alt=\"La visite du G\u00e9n\u00e9ral P\u00e9tain le 13 septembre 1917 \u00e0 Montreux-Vieux\" width=\"300\" height=\"213\" srcset=\"https:\/\/montreux-vieux.net\/montreux-vieux.net\/wp-content\/uploads\/2011\/11\/ScreenShot01113-300x213.jpg 300w, https:\/\/montreux-vieux.net\/montreux-vieux.net\/wp-content\/uploads\/2011\/11\/ScreenShot01113.jpg 360w\" sizes=\"auto, (max-width: 300px) 100vw, 300px\" \/><\/a><\/h2>\n<h4 style=\"text-align: justify;\">Quartier G\u00e9n\u00e9ral du X..C.A. G\u00e9n\u00e9raux P\u00e9tain et De Boissoudy commandant la 7\u00e8me Arm\u00e9e, De Pouydraguin commandant le 18\u00e8 C.A.<\/h4>\n","protected":false},"excerpt":{"rendered":"<p>La visite du G\u00e9n\u00e9ral P\u00e9tain le 13 septembre 1917 Quartier G\u00e9n\u00e9ral du X..C.A. G\u00e9n\u00e9raux P\u00e9tain et De Boissoudy commandant la 7\u00e8me Arm\u00e9e, De Pouydraguin commandant le 18\u00e8 C.A.<\/p>\n","protected":false},"author":1,"featured_media":0,"parent":4909,"menu_order":7,"comment_status":"open","ping_status":"open","template":"","meta":{"footnotes":""},"class_list":["post-4941","page","type-page","status-publish","hentry"],"_links":{"self":[{"href":"https:\/\/montreux-vieux.net\/index.php?rest_route=\/wp\/v2\/pages\/4941","targetHints":{"allow":["GET"]}}],"collection":[{"href":"https:\/\/montreux-vieux.net\/index.php?rest_route=\/wp\/v2\/pages"}],"about":[{"href":"https:\/\/montreux-vieux.net\/index.php?rest_route=\/wp\/v2\/types\/page"}],"author":[{"embeddable":true,"href":"https:\/\/montreux-vieux.net\/index.php?rest_route=\/wp\/v2\/users\/1"}],"replies":[{"embeddable":true,"href":"https:\/\/montreux-vieux.net\/index.php?rest_route=%2Fwp%2Fv2%2Fcomments&post=4941"}],"version-history":[{"count":2,"href":"https:\/\/montreux-vieux.net\/index.php?rest_route=\/wp\/v2\/pages\/4941\/revisions"}],"predecessor-version":[{"id":6760,"href":"https:\/\/montreux-vieux.net\/index.php?rest_route=\/wp\/v2\/pages\/4941\/revisions\/6760"}],"up":[{"embeddable":true,"href":"https:\/\/montreux-vieux.net\/index.php?rest_route=\/wp\/v2\/pages\/4909"}],"wp:attachment":[{"href":"https:\/\/montreux-vieux.net\/index.php?rest_route=%2Fwp%2Fv2%2Fmedia&parent=4941"}],"curies":[{"name":"wp","href":"https:\/\/api.w.org\/{rel}","templated":true}]}}