{"id":4959,"date":"2015-02-20T13:51:15","date_gmt":"2015-02-20T12:51:15","guid":{"rendered":"http:\/\/montreux-vieux.net\/?page_id=4959"},"modified":"2020-04-16T15:50:49","modified_gmt":"2020-04-16T14:50:49","slug":"le-canal-du-rhone-au-rhin","status":"publish","type":"page","link":"https:\/\/montreux-vieux.net\/?page_id=4959","title":{"rendered":"Le canal du Rh\u00f4ne au Rhin"},"content":{"rendered":"<h3 style=\"text-align: center;\">Le canal du Rh\u00f4ne au Rhin<\/h3>\n<div id=\"attachment_3113\" style=\"width: 245px\" class=\"wp-caption aligncenter\"><a href=\"http:\/\/montreux-vieux.net\/montreux-vieux.net\/wp-content\/uploads\/2012\/11\/canal.jpg\" target=\"_blank\" rel=\"noopener noreferrer\"><img loading=\"lazy\" decoding=\"async\" aria-describedby=\"caption-attachment-3113\" class=\"wp-image-3113 size-full\" src=\"http:\/\/montreux-vieux.net\/montreux-vieux.net\/wp-content\/uploads\/2012\/11\/canal.jpg\" alt=\"Le canal du Rh\u00f4ne au Rhin \u00e0 Montreux-Vieux\" width=\"235\" height=\"174\" \/><\/a><p id=\"caption-attachment-3113\" class=\"wp-caption-text\">Le canal du Rh\u00f4ne au Rhin<\/p><\/div>\n<h4 style=\"text-align: justify;\">R\u00e9alis\u00e9 entre 1792 et 1834 il porta le nom de \u00ab Canal Napol\u00e9on \u00bb puis \u00ab Canal Monsieur \u00bb. Un nouveau tron\u00e7on a \u00e9t\u00e9 creus\u00e9 de 1929 \u00e0 1932 permettant la suppression de deux \u00e9cluses et d\u2019un pont-levis.<\/h4>\n<h4 style=\"text-align: justify;\">Lorsqu\u2019en 1928, le projet de creusement d\u2019une nouvelle branche du Canal du Rh\u00f4ne au Rhin, d\u00e9cid\u00e9 par d\u00e9cret du 23 f\u00e9vrier 1927, entra dans sa phase de r\u00e9alisation, les paysans des \u00ab 3 Montreux \u00bb lanc\u00e8rent un cri d\u2019alarme. Ils devenaient ainsi les pr\u00e9curseurs des \u00e9cologistes d\u2019aujourd\u2019hui.<\/h4>\n<h4 style=\"text-align: justify;\">On entendit alors des r\u00e9flexions et propos tels que: \u00ab Ils veulent prendre nos terres et tout retourner \u00bb ou \u00ab Le finage sera d\u00e9truit de m\u00eame que les animaux sauvages et les oiseaux \u00bb, etc.<\/h4>\n<h4 style=\"text-align: justify;\">Effectivement, quand les travaux s\u2019achev\u00e8rent en 1933, le paysage n\u2019\u00e9tait pas r\u00e9ellement engageant. Une importante superficie des terres agricoles avait \u00e9t\u00e9 soustraite a sa vocation et ses parcelles enti\u00e8rement ras\u00e9es. Au milieu des prairies d\u00e9fonc\u00e9es, c\u2019\u00e9tait des \u00e9tendues de terre pas m\u00eame aplanie, et de gigantesques tas d\u2019argile, de marne et de gravier qui s\u2019\u00e9tendaient de-ci, de-l\u00e0. Ce spectacle de paysage lunaire, presque de d\u00e9solation, \u00e9tait encore accentu\u00e9 par le fait que l\u2019entreprise charg\u00e9e de cette t\u00e2che de grande envergure, ayant connu des difficult\u00e9s financi\u00e8res, avait n\u00e9glig\u00e9 la finition. Les chantiers n\u2019avaient pas \u00e9t\u00e9 nettoy\u00e9s, des restes de baraquements, des outils, de la ferraille, des rails, des d\u00e9bris de toutes sortes tra\u00eenaient un peu partout. Une petite locomotive \u00e0 vapeur d\u2019une voie \u00e9troite construite sp\u00e9cialement sur les 5 kms sur lesquels avaient lieu les travaux, engin de fiction qui serait actuellement consid\u00e9r\u00e9 comme une petite merveille, resta en place, \u00e0 proximit\u00e9 de l\u2019Auberge du Stade aujourd\u2019hui, d\u00e9moli, jusqu\u2019\u00e0 l\u2019\u00e9t\u00e9 1939.<\/h4>\n<p style=\"text-align: center;\"><a href=\"http:\/\/montreux-vieux.net\/montreux-vieux.net\/wp-content\/uploads\/2015\/02\/canal1_sur-blog.jpg\" target=\"_blank\" rel=\"noopener noreferrer\"><img loading=\"lazy\" decoding=\"async\" class=\"aligncenter wp-image-4962 size-full\" src=\"http:\/\/montreux-vieux.net\/montreux-vieux.net\/wp-content\/uploads\/2015\/02\/canal1_sur-blog.jpg\" alt=\"Le canal du Rh\u00f4ne au Rhin \u00e0 Montreux-Vieux\" width=\"200\" height=\"150\" \/><\/a><\/p>\n<h4 style=\"text-align: justify;\">Durant l\u2019occupation 1940-1944, les autorit\u00e9s allemandes incit\u00e8rent les enfants \u00e0 aller r\u00e9cup\u00e9rer les vieux m\u00e9taux dispers\u00e9s \u00e0 cette endroit o\u00f9 avaient \u00e9t\u00e9 \u00e9difi\u00e9s les ateliers et d\u00e9p\u00f4ts de machines dans les ann\u00e9es 1928-1933.<\/h4>\n<h4 style=\"text-align: justify;\">Puis petit \u00e0 petit, plus ou moins rapidement suivant la composition des d\u00e9blais, la nature repris ses droits, y compris au \u00ab r\u00e9servoir \u00bb construit artificiellement au confluent de la Reppe et de la Suarcine. Entre les deux branches du canal du Rh\u00f4ne au Rhin , appel\u00e9es respectivement le \u00ab vieux \u00bb et le \u00ab nouveau canal \u00bb, en cet espace devenu en fait une \u00eele, se forma un milieu naturel compos\u00e9 de buissons, de taillis \u00e9pais, parsem\u00e9s de plans d\u2019eau et mar\u00e9cages et de roseli\u00e8res, constituant donc la zone du \u00ab R\u00e9servoir \u00bb un vaste biotope.<\/h4>\n<h4 style=\"text-align: justify;\">Cette \u00e9tendue d\u2019eau de plus de 3 ha sert de r\u00e9gulateur du niveau du Canal du Rh\u00f4ne au Rhin. Montreux-Vieux \u00e9tant le point le plus haut.<\/h4>\n<h4 style=\"text-align: justify;\">Il semble que l\u2019apog\u00e9e de cet int\u00e9ressant complexe naturel se situe entre les ann\u00e9es 1960 et 1980, o\u00f9 notamment, des sp\u00e9cialistes ornithologue avaient d\u00e9nombr\u00e9 de multiples esp\u00e8ces d\u2019oiseaux, certains m\u00eame rares dans notre r\u00e9gion. En outre, une flore tr\u00e8s importante et vari\u00e9e s\u2019y d\u00e9veloppait. A cette \u00e9poque, lors des chaudes nuits de printemps et d\u2019\u00e9t\u00e9, personne ne pouvait rester insensible au merveilleux chant des rossignols qui se r\u00e9pondaient, semblant rivaliser pour faire surgir de ces imp\u00e9n\u00e9trables fourr\u00e9s la m\u00e9lodie la plus suaves o\u00f9 couplets et refrains alternent si harmonieusement. Aucune cha\u00eene hi-fi, si sophistiqu\u00e9e soit-elle, ne saura jamais restituer la puret\u00e9 de ces chants paradisiaques. H\u00e9las, la nuit devient de plus en plus silencieuse en la mati\u00e8re, cependant avec un peu de chance et de la patience on peut encore parfois acc\u00e9der \u00e0 ce privil\u00e8ge incomparable que repr\u00e9sente le chant c\u00e9leste du rossignol myst\u00e9rieux.<\/h4>\n<p style=\"text-align: center;\"><a href=\"http:\/\/montreux-vieux.net\/montreux-vieux.net\/wp-content\/uploads\/2015\/02\/CANAL002.jpg\" target=\"_blank\" rel=\"noopener noreferrer\"><img loading=\"lazy\" decoding=\"async\" class=\"aligncenter wp-image-4964 size-full\" src=\"http:\/\/montreux-vieux.net\/montreux-vieux.net\/wp-content\/uploads\/2015\/02\/CANAL002.jpg\" alt=\"Le canal du Rh\u00f4ne au Rhin \u00e0 Montreux-Vieux\" width=\"463\" height=\"300\" srcset=\"https:\/\/montreux-vieux.net\/montreux-vieux.net\/wp-content\/uploads\/2015\/02\/CANAL002.jpg 463w, https:\/\/montreux-vieux.net\/montreux-vieux.net\/wp-content\/uploads\/2015\/02\/CANAL002-300x194.jpg 300w\" sizes=\"auto, (max-width: 463px) 100vw, 463px\" \/><\/a><\/p>\n<h4 style=\"text-align: justify;\">La nature est un tout, faune et flore sont indissociables. Malheureusement les agressions de l\u2019homme \u00e9rodent peu \u00e0 peu ces richesses. Il y a quelques ann\u00e9es on br\u00fblait encore r\u00e9guli\u00e8rement les roseli\u00e8res qui pourtant, comme chacun sait, sont de v\u00e9ritables r\u00e9serves, notamment sur le plan ornithologique.<\/h4>\n<p style=\"text-align: center;\"><a href=\"http:\/\/montreux-vieux.net\/montreux-vieux.net\/wp-content\/uploads\/2015\/02\/ScreenShot377.jpg\" target=\"_blank\" rel=\"noopener noreferrer\"><img loading=\"lazy\" decoding=\"async\" class=\"aligncenter wp-image-5151 size-full\" src=\"http:\/\/montreux-vieux.net\/montreux-vieux.net\/wp-content\/uploads\/2015\/02\/ScreenShot377.jpg\" alt=\"Le canal du Rh\u00f4ne au Rhin \u00e0 Montreux-Vieux lors du creusement\" width=\"636\" height=\"430\" srcset=\"https:\/\/montreux-vieux.net\/montreux-vieux.net\/wp-content\/uploads\/2015\/02\/ScreenShot377.jpg 636w, https:\/\/montreux-vieux.net\/montreux-vieux.net\/wp-content\/uploads\/2015\/02\/ScreenShot377-300x203.jpg 300w, https:\/\/montreux-vieux.net\/montreux-vieux.net\/wp-content\/uploads\/2015\/02\/ScreenShot377-600x406.jpg 600w\" sizes=\"auto, (max-width: 636px) 100vw, 636px\" \/><\/a><\/p>\n<h3 style=\"text-align: center;\">Le saviez-vous ? Un pont levis sur l&rsquo;ancien canal du Rh\u00f4ne au Rhin<\/h3>\n<h4 style=\"text-align: justify;\">Sur l\u2019ancien canal du Rh\u00f4ne au Rhin \u00e0 l\u2019entr\u00e9e de Montreux-Jeune il y avait un pont levis qui pouvait \u00eatre lev\u00e9 au passage des bateaux. A l\u2019\u00e9poque, comme le prouve les cartes postales il \u00e9tait situ\u00e9 sur le ban de la commune de Montreux-Vieux.<\/h4>\n<p style=\"text-align: center;\"><a href=\"http:\/\/montreux-vieux.net\/montreux-vieux.net\/wp-content\/uploads\/2016\/10\/backpackersguide.co_.jpg\" target=\"_blank\" rel=\"noopener noreferrer\"><img loading=\"lazy\" decoding=\"async\" class=\"aligncenter wp-image-7954 size-full\" src=\"http:\/\/montreux-vieux.net\/montreux-vieux.net\/wp-content\/uploads\/2016\/10\/backpackersguide.co_.jpg\" alt=\"Le pont sur l'ancien canal du Rh\u00f4ne au Rhin\" width=\"944\" height=\"755\" srcset=\"https:\/\/montreux-vieux.net\/montreux-vieux.net\/wp-content\/uploads\/2016\/10\/backpackersguide.co_.jpg 944w, https:\/\/montreux-vieux.net\/montreux-vieux.net\/wp-content\/uploads\/2016\/10\/backpackersguide.co_-300x240.jpg 300w, https:\/\/montreux-vieux.net\/montreux-vieux.net\/wp-content\/uploads\/2016\/10\/backpackersguide.co_-768x614.jpg 768w, https:\/\/montreux-vieux.net\/montreux-vieux.net\/wp-content\/uploads\/2016\/10\/backpackersguide.co_-600x480.jpg 600w\" sizes=\"auto, (max-width: 944px) 100vw, 944px\" \/><\/a><\/p>\n<h3 class=\"rich-text block-editor-rich-text__editable has-text-align-center\" role=\"textbox\" contenteditable=\"true\" aria-multiline=\"true\" aria-label=\"R\u00e9digez un titre\u2026\">Il y a 25 ans disparaissait en novembre 1994 L&rsquo;Auberge du Stade<\/h3>\n<h4 style=\"text-align: justify;\"><img decoding=\"async\" class=\"aligncenter\" src=\"http:\/\/montreux-vieux.net\/montreux-vieux.net\/wp-content\/uploads\/2019\/04\/ScreenShot1599.jpg\" alt=\"L\u2019attribut alt de cette image est vide, son nom de fichier est ScreenShot1599.jpg.\" \/><\/h4>\n\n\n<div class=\"wp-block-image\"><figure class=\"aligncenter\"><img decoding=\"async\" src=\"http:\/\/montreux-vieux.net\/montreux-vieux.net\/wp-content\/uploads\/2019\/04\/ScreenShot1608.jpg\" alt=\"L\u2019attribut alt de cette image est vide, son nom de fichier est ScreenShot1608.jpg.\"\/><\/figure><\/div>\n","protected":false},"excerpt":{"rendered":"<p>Le canal du Rh\u00f4ne au Rhin R\u00e9alis\u00e9 entre 1792 et 1834 il porta le nom de \u00ab Canal Napol\u00e9on \u00bb puis \u00ab Canal Monsieur \u00bb. Un nouveau tron\u00e7on a \u00e9t\u00e9 creus\u00e9 de 1929 \u00e0 1932 permettant la suppression de deux &hellip; <a href=\"https:\/\/montreux-vieux.net\/?page_id=4959\">Continuer la lecture <span class=\"meta-nav\">&rarr;<\/span><\/a><\/p>\n","protected":false},"author":1,"featured_media":0,"parent":13099,"menu_order":4,"comment_status":"open","ping_status":"open","template":"","meta":{"footnotes":""},"class_list":["post-4959","page","type-page","status-publish","hentry"],"_links":{"self":[{"href":"https:\/\/montreux-vieux.net\/index.php?rest_route=\/wp\/v2\/pages\/4959","targetHints":{"allow":["GET"]}}],"collection":[{"href":"https:\/\/montreux-vieux.net\/index.php?rest_route=\/wp\/v2\/pages"}],"about":[{"href":"https:\/\/montreux-vieux.net\/index.php?rest_route=\/wp\/v2\/types\/page"}],"author":[{"embeddable":true,"href":"https:\/\/montreux-vieux.net\/index.php?rest_route=\/wp\/v2\/users\/1"}],"replies":[{"embeddable":true,"href":"https:\/\/montreux-vieux.net\/index.php?rest_route=%2Fwp%2Fv2%2Fcomments&post=4959"}],"version-history":[{"count":13,"href":"https:\/\/montreux-vieux.net\/index.php?rest_route=\/wp\/v2\/pages\/4959\/revisions"}],"predecessor-version":[{"id":19320,"href":"https:\/\/montreux-vieux.net\/index.php?rest_route=\/wp\/v2\/pages\/4959\/revisions\/19320"}],"up":[{"embeddable":true,"href":"https:\/\/montreux-vieux.net\/index.php?rest_route=\/wp\/v2\/pages\/13099"}],"wp:attachment":[{"href":"https:\/\/montreux-vieux.net\/index.php?rest_route=%2Fwp%2Fv2%2Fmedia&parent=4959"}],"curies":[{"name":"wp","href":"https:\/\/api.w.org\/{rel}","templated":true}]}}