{"id":5153,"date":"2015-02-26T21:42:26","date_gmt":"2015-02-26T20:42:26","guid":{"rendered":"http:\/\/montreux-vieux.net\/?page_id=5153"},"modified":"2015-02-26T21:56:23","modified_gmt":"2015-02-26T20:56:23","slug":"le-nom-et-lorigine-des-trois-montreux","status":"publish","type":"page","link":"https:\/\/montreux-vieux.net\/?page_id=5153","title":{"rendered":"Le nom et l\u2019origine des Trois Montreux"},"content":{"rendered":"<h3 style=\"text-align: center;\"><span style=\"color: #000000;\">Le nom et l\u2019origine des Trois Montreux<\/span><\/h3>\n<h4 style=\"text-align: justify;\">La d\u00e9signation \u00ab Montreux \u00bb, vient du mot latin \u00ab monasteriolum \u00bb en fran\u00e7ais \u00abmoutier\u00bb ou \u00ab motier \u00bb, avec deux sens de signification: monast\u00e8re ou petite \u00e9glise. Cette origine se retrouve sous diverses et nombreuses formes comme Montreuil et autres. M\u00eame la langue germanique en est impr\u00e9gn\u00e9e avec \u00ab Munster \u00bb (cath\u00e9drale) dont des localit\u00e9s sont ainsi nomm\u00e9es. Les historiens, notamment l\u2019abb\u00e9 A. Behra auteur du remarquable ouvrage \u00ab Les 3 Montreux \u00bb, se sont pos\u00e9s la question: pourquoi \u00ab monasteriolum \u00bb ? Dans les ann\u00e9es 550 \u00e0 600, plus d\u2019une centaine d\u2019ann\u00e9es apr\u00e8s le d\u00e9part des Romains, les populations locales se sont trouv\u00e9es livr\u00e9es \u00e0 elles-m\u00eames. Souvent les hordes d\u2019envahisseurs les font fuir vers la montagne et les biens \u00e9tant irr\u00e9guli\u00e8rement exploit\u00e9s, bient\u00f4t la v\u00e9g\u00e9tation folle prend le dessus et le pays devient une friche. A ce moment l\u00e0, se situe le d\u00e9but de la christianisation syst\u00e9matique de notre petite contr\u00e9e. Des moines venus d\u2019Ecosse et d\u2019Irlande, viennent se fixer \u00e0 l\u2019arri\u00e8re de la r\u00e9gion ( Saint Colomban \u00e0 Luxeuil,Saint-Ursanne, et Saint Imier en Ajoie).<\/h4>\n<h2 style=\"text-align: center;\">\u00a0<em><strong><span style=\"color: #993300;\">Montreux-Vieux, le plus ancien des trois.<\/span><\/strong><\/em><\/h2>\n<h2 style=\"text-align: center;\"><strong><em>\u00a0<a href=\"http:\/\/montreux-vieux.net\/montreux-vieux.net\/wp-content\/uploads\/2015\/02\/00001.jpg\" target=\"_blank\"><img loading=\"lazy\" decoding=\"async\" class=\"aligncenter wp-image-5155 size-large\" src=\"http:\/\/montreux-vieux.net\/montreux-vieux.net\/wp-content\/uploads\/2015\/02\/00001-1024x768.jpg\" alt=\"0000\" width=\"640\" height=\"480\" srcset=\"https:\/\/montreux-vieux.net\/montreux-vieux.net\/wp-content\/uploads\/2015\/02\/00001-1024x768.jpg 1024w, https:\/\/montreux-vieux.net\/montreux-vieux.net\/wp-content\/uploads\/2015\/02\/00001-300x225.jpg 300w, https:\/\/montreux-vieux.net\/montreux-vieux.net\/wp-content\/uploads\/2015\/02\/00001-600x450.jpg 600w\" sizes=\"auto, (max-width: 640px) 100vw, 640px\" \/><\/a><\/em><\/strong><\/h2>\n<h4 style=\"text-align: justify;\">C\u2019est dans cette lanc\u00e9e que le premier missionnaire irlandais aurait fond\u00e9, sous l\u2019invocation d\u2019un saint \u00e0 sa d\u00e9votion qu\u2019\u00e9tait Saint-Alban, un petit lieu de culte, en quelque sorte un \u00ab petit couvent \u00bb. Mais J. Quiquerez a pouss\u00e9 ses recherches plus loin. Selon lui, ce moine se serait \u00e9tabli en ces lieux et avec des hommes du cru, aurait effectivement install\u00e9 un petit domaine de d\u00e9frichage avec pratiques religieuses. L\u2019historien en aurait m\u00eame d\u00e9termin\u00e9 l\u2019endroit approximatif, au bord de la rivi\u00e8re Saint-Nicolas, \u00e0 l\u2019ouest-sud-ouest du Montreux-Vieux actuel, (pr\u00e8s de la route de Cuneli\u00e8res) o\u00f9 se seraient rassembl\u00e9s des autochtones pour fonder un embryon de village autour. Ce serait donc en quelque sorte l\u2019acte de naissance des trois Montreux. Toujours d\u2019apr\u00e8s lui, les lieu-dits du cadastre sont significatifs: \u00ab Les Monillats \u00bb (petits moines), \u00ab sous la Haute Croix \u00bb, \u00ab Sur la Goutte aux Saints \u00bb, la \u00ab Vie du m\u00f4tier \u00bb (la route de l\u2019\u00e9glise), etc. Il y a m\u00eame le \u00ab Pr\u00e9 pa\u00efen \u00bb o\u00f9 les habitants de l\u2019\u00e9poque auraient pu se r\u00e9unir pour des c\u00e9l\u00e9brations pa\u00efennes. Il affirme (il est bien plac\u00e9 pour en parler, en tant qu\u2019ancien notaire), qu\u2019il est rare de trouver en un espace aussi restreint, un nombre respectable de noms se rapportant de toute \u00e9vidence \u00e0 une \u00e9poque d\u00e9termin\u00e9e. C\u2019\u00e9tait le cas pour ces lieu-dits group\u00e9s en bonne partie sur une magnifique hauteur que l\u2019on pourrait qualifier (\u00e9crit-il) de \u00ab colline inspir\u00e9e \u00bb.<\/h4>\n<h4 style=\"text-align: justify;\">Ce premier hameau aurait \u00e9t\u00e9 ras\u00e9 par les Armagnacs et vers 1480, une nouvelle petite agglom\u00e9ration avec une \u00e9glise aurait vu le jour un peu plus au nord-est, l\u00e0 o\u00f9 il a trouv\u00e9 son implantation d\u00e9finitive. En tout cas, la premi\u00e8re date historique, o\u00f9 le nom de Montreux appara\u00eet est l\u2019ann\u00e9e 1090 sous la forme latine \u00ab Monstrol \u00bb (cit\u00e9 \u00e0 trois reprises), dans une charte de la comtesse Mathilde, fille du comte Louis de Mousson, et \u00e9pouse d\u2019Hugues VII d\u2019Eguisheim. Mais la premi\u00e8re allusion \u00e0 Montreux-Vieux est faite en 1260 lorsque la Comtesse de Toul qui poss\u00e9dait le patronage de cette \u00e9glise en fit don \u00e0 l\u2019abbaye de Valdieu. L\u2019ancienne \u00e9glise d\u00e9di\u00e9e \u00e0 Saint-Blaise, celle qui pr\u00e9c\u00e9dait l\u2019actuelle, datait de 1782. Elle aura succ\u00e9d\u00e9 \u00e0 un autre b\u00e2timent cultuel qui ne mesurait que 6 m de longueur et cens\u00e9 avoir \u00e9t\u00e9 construit en 1680 environ. A partir de 1871 d\u00e9j\u00e0, l\u2019\u00e9tat d\u00e9plorable du b\u00e2timent avait n\u00e9cessit\u00e9 la fermeture du choeur. Deux facteurs ont jou\u00e9 alors.<\/h4>\n<h4 style=\"text-align: justify;\">D\u2019une part, il s\u2019est av\u00e9r\u00e9 que les r\u00e9parations seraient tr\u00e8s on\u00e9reuses et d\u2019autre part, les autorit\u00e9s allemandes qui voulaient faire de Montreux-Vieux (Altm\u00fcnsterol en langue germanique) premier village du Reich, une vitrine, tenaient \u00e0 ce qu\u2019une imposante \u00e9glise y soit construite. L\u2019affaire est remont\u00e9e jusqu\u2019\u00e0 l\u2019Empereur d\u2019Allemagne, le \u00ab Kaiser \u00bb. Il convient de pr\u00e9ciser que Montreux-Vieux ne comptait que 222 habitants en 1870, mais apr\u00e8s l\u2019annexion, ce fut l\u2019explosion d\u00e9mographique. En 1891, la population s\u2019\u00e9levait d\u00e9j\u00e0 \u00e0 623 \u00e2mes pour d\u00e9passer les 1.000 en 1913-1914. Avec les subsides de l\u2019Etat allemand et m\u00eame, personnellement du Kaiser (la grosse cloche serait, d\u2019apr\u00e8s le cur\u00e9 Schuler, un don du Kaiser lui-m\u00eame, alors que le ma\u00eetre-autel serait un cadeau de l\u2019Imp\u00e9ratrice), la nouvelle \u00e9glise a \u00e9t\u00e9 consacr\u00e9e le 3 octobre 1899. Le clocher comporte quatre cloches dont les tonalit\u00e9s ont \u00e9t\u00e9 r\u00e9ussies avec une pr\u00e9cision math\u00e9matique, ainsi qu\u2019une horloge. La m\u00e9lodieuse sonnerie sera par sa belle et pure musique, une source de joie sereine et harmonieuse pour tous les habitants de la paroisse mais aussi pour tous ceux des alentours. Le co\u00fbt total de l\u2019\u00e9difice s\u2019est \u00e9lev\u00e9 \u00e0 57.215 marks. Montreux-Vieux, le plus ancien (comme son nom l\u2019indique), en serait donc \u00e0 sa cinqui\u00e8me \u00e9glise si l\u2019on consid\u00e8re comme telles, les premi\u00e8res aux dimensions tr\u00e8s r\u00e9duites.<\/h4>\n<h4 style=\"text-align: justify;\">Ren\u00e9 et Marie Jeanne PIERRE<\/h4>\n","protected":false},"excerpt":{"rendered":"<p>Le nom et l\u2019origine des Trois Montreux La d\u00e9signation \u00ab Montreux \u00bb, vient du mot latin \u00ab monasteriolum \u00bb en fran\u00e7ais \u00abmoutier\u00bb ou \u00ab motier \u00bb, avec deux sens de signification: monast\u00e8re ou petite \u00e9glise. Cette origine se retrouve sous &hellip; <a href=\"https:\/\/montreux-vieux.net\/?page_id=5153\">Continuer la lecture <span class=\"meta-nav\">&rarr;<\/span><\/a><\/p>\n","protected":false},"author":1,"featured_media":0,"parent":4103,"menu_order":14,"comment_status":"open","ping_status":"open","template":"","meta":{"footnotes":""},"class_list":["post-5153","page","type-page","status-publish","hentry"],"_links":{"self":[{"href":"https:\/\/montreux-vieux.net\/index.php?rest_route=\/wp\/v2\/pages\/5153","targetHints":{"allow":["GET"]}}],"collection":[{"href":"https:\/\/montreux-vieux.net\/index.php?rest_route=\/wp\/v2\/pages"}],"about":[{"href":"https:\/\/montreux-vieux.net\/index.php?rest_route=\/wp\/v2\/types\/page"}],"author":[{"embeddable":true,"href":"https:\/\/montreux-vieux.net\/index.php?rest_route=\/wp\/v2\/users\/1"}],"replies":[{"embeddable":true,"href":"https:\/\/montreux-vieux.net\/index.php?rest_route=%2Fwp%2Fv2%2Fcomments&post=5153"}],"version-history":[{"count":3,"href":"https:\/\/montreux-vieux.net\/index.php?rest_route=\/wp\/v2\/pages\/5153\/revisions"}],"predecessor-version":[{"id":5157,"href":"https:\/\/montreux-vieux.net\/index.php?rest_route=\/wp\/v2\/pages\/5153\/revisions\/5157"}],"up":[{"embeddable":true,"href":"https:\/\/montreux-vieux.net\/index.php?rest_route=\/wp\/v2\/pages\/4103"}],"wp:attachment":[{"href":"https:\/\/montreux-vieux.net\/index.php?rest_route=%2Fwp%2Fv2%2Fmedia&parent=5153"}],"curies":[{"name":"wp","href":"https:\/\/api.w.org\/{rel}","templated":true}]}}