{"id":5171,"date":"2015-02-28T15:45:06","date_gmt":"2015-02-28T14:45:06","guid":{"rendered":"http:\/\/montreux-vieux.net\/?page_id=5171"},"modified":"2018-12-24T15:13:27","modified_gmt":"2018-12-24T14:13:27","slug":"laccordeon-club-de-montreux-vieux-2","status":"publish","type":"page","link":"https:\/\/montreux-vieux.net\/?page_id=5171","title":{"rendered":"L&rsquo;accord\u00e9on club de Montreux-Vieux"},"content":{"rendered":"<h3 style=\"text-align: center;\">L&rsquo;accord\u00e9on club de Montreux-Vieux<\/h3>\n<h4 style=\"text-align: justify;\">Le 8 janvier 1944 on pouvait lire que les accord\u00e9onistes de l\u2019accord\u00e9on club de Muensterol (Montreux-Vieux) ont eu un \u00e9norme succ\u00e8s lors de la belle f\u00eate de samedi soir. Tout le monde \u00e9tait content. &nbsp;Il y eu une pi\u00e8ce de th\u00e9\u00e2tre \u00ab&nbsp;les derniers 20 marks&nbsp;\u00bb Lors de l\u2019entre acte le pr\u00e9sident Monsieur Paul Braunstedter re\u00e7u les f\u00e9licitations du public.<\/h4>\n","protected":false},"excerpt":{"rendered":"<p>L&rsquo;accord\u00e9on club de Montreux-Vieux Le 8 janvier 1944 on pouvait lire que les accord\u00e9onistes de l\u2019accord\u00e9on club de Muensterol (Montreux-Vieux) ont eu un \u00e9norme succ\u00e8s lors de la belle f\u00eate de samedi soir. Tout le monde \u00e9tait content. &nbsp;Il y &hellip; <a href=\"https:\/\/montreux-vieux.net\/?page_id=5171\">Continuer la lecture <span class=\"meta-nav\">&rarr;<\/span><\/a><\/p>\n","protected":false},"author":1,"featured_media":0,"parent":12669,"menu_order":14,"comment_status":"open","ping_status":"open","template":"","meta":{"footnotes":""},"class_list":["post-5171","page","type-page","status-publish","hentry"],"_links":{"self":[{"href":"https:\/\/montreux-vieux.net\/index.php?rest_route=\/wp\/v2\/pages\/5171","targetHints":{"allow":["GET"]}}],"collection":[{"href":"https:\/\/montreux-vieux.net\/index.php?rest_route=\/wp\/v2\/pages"}],"about":[{"href":"https:\/\/montreux-vieux.net\/index.php?rest_route=\/wp\/v2\/types\/page"}],"author":[{"embeddable":true,"href":"https:\/\/montreux-vieux.net\/index.php?rest_route=\/wp\/v2\/users\/1"}],"replies":[{"embeddable":true,"href":"https:\/\/montreux-vieux.net\/index.php?rest_route=%2Fwp%2Fv2%2Fcomments&post=5171"}],"version-history":[{"count":2,"href":"https:\/\/montreux-vieux.net\/index.php?rest_route=\/wp\/v2\/pages\/5171\/revisions"}],"predecessor-version":[{"id":12790,"href":"https:\/\/montreux-vieux.net\/index.php?rest_route=\/wp\/v2\/pages\/5171\/revisions\/12790"}],"up":[{"embeddable":true,"href":"https:\/\/montreux-vieux.net\/index.php?rest_route=\/wp\/v2\/pages\/12669"}],"wp:attachment":[{"href":"https:\/\/montreux-vieux.net\/index.php?rest_route=%2Fwp%2Fv2%2Fmedia&parent=5171"}],"curies":[{"name":"wp","href":"https:\/\/api.w.org\/{rel}","templated":true}]}}