{"id":5242,"date":"2015-03-06T10:27:37","date_gmt":"2015-03-06T09:27:37","guid":{"rendered":"http:\/\/montreux-vieux.net\/?page_id=5242"},"modified":"2016-01-28T11:09:04","modified_gmt":"2016-01-28T10:09:04","slug":"albert-geiss-artiste-peintre","status":"publish","type":"page","link":"https:\/\/montreux-vieux.net\/?page_id=5242","title":{"rendered":"Albert Geiss artiste peintre"},"content":{"rendered":"<h3 style=\"text-align: center;\">Albert Geiss artiste peintre<\/h3>\n<div id=\"attachment_5243\" style=\"width: 235px\" class=\"wp-caption aligncenter\"><a href=\"http:\/\/montreux-vieux.net\/montreux-vieux.net\/wp-content\/uploads\/2015\/03\/561257_3696888854884_346057412_n.jpg\" target=\"_blank\"><img loading=\"lazy\" decoding=\"async\" aria-describedby=\"caption-attachment-5243\" class=\"wp-image-5243 size-medium\" src=\"http:\/\/montreux-vieux.net\/montreux-vieux.net\/wp-content\/uploads\/2015\/03\/561257_3696888854884_346057412_n-225x300.jpg\" alt=\"Albert Geiss artiste peintre Montreux-Vieux\" width=\"225\" height=\"300\" srcset=\"https:\/\/montreux-vieux.net\/montreux-vieux.net\/wp-content\/uploads\/2015\/03\/561257_3696888854884_346057412_n-225x300.jpg 225w, https:\/\/montreux-vieux.net\/montreux-vieux.net\/wp-content\/uploads\/2015\/03\/561257_3696888854884_346057412_n-600x800.jpg 600w, https:\/\/montreux-vieux.net\/montreux-vieux.net\/wp-content\/uploads\/2015\/03\/561257_3696888854884_346057412_n.jpg 720w\" sizes=\"auto, (max-width: 225px) 100vw, 225px\" \/><\/a><p id=\"caption-attachment-5243\" class=\"wp-caption-text\">Albert Geiss (1er \u00e0 gauche)<\/p><\/div>\n<h4 style=\"text-align: center;\">N\u00e9crologie d&rsquo;Albert Geiss<\/h4>\n<h4 style=\"text-align: justify;\">C&rsquo;est avec \u00e9motion que la population montreusienne a appris la nouvelle. Albert Geiss, figure embl\u00e9matique du village et des alentours est d\u00e9c\u00e9d\u00e9 le 7 septembre 2012 \u00e0 l&rsquo;\u00e2ge de 78 ans \u00e0 l&rsquo;h\u00f4pital de Besancon. Artiste peintre de talent et r\u00e9put\u00e9, ce dernier exer\u00e7ait son art avec passion et continuelle recherche de perfection, admir\u00e9 par les amateurs d&rsquo;art mais aussi par ses nombreux amis pour sa joie de vivre et sa gentillesse sans limite. Avec son fr\u00e8re Etienne, il avait d\u00e9but\u00e9 sa carri\u00e8re professionnelle dans l\u2019\u00e9b\u00e9nisterie. Puis, toujours avec son fr\u00e8re, il travailla au centre routier Georges Helminger \u00e0 Montreux-Vieux et ce jusqu&rsquo;\u00e0 sa retraite. Il faisait partie du Graal de Belfort et de l&rsquo;amicale des amis de la Maison Perronne de Montreux-Jeune dont il a \u00e9t\u00e9 une cheville ouvri\u00e8re. Il donnait des cours de dessin et de peinture au sein de l&rsquo;ALC de Valdieu-Lutran. Mari\u00e9 \u00e0 Jacqueline Chipeaux, il eut trois enfants Jean-Claude, chef d&rsquo;entreprise, Philippe, d\u00e9c\u00e9d\u00e9 en bas \u00e2ge accidentellement et Philippe, saxophoniste de renom. Il avait la joie de suivre l&rsquo;\u00e9volution de sa famille et de la choyer.<\/h4>\n<h4 style=\"text-align: justify;\">Les obs\u00e8ques ont \u00e9t\u00e9 c\u00e9l\u00e9br\u00e9es en l&rsquo;\u00e9glise Saint-Alban du village par le p\u00e8re Piotr Kopitzara, au cours desquelles des hommages ont \u00e9t\u00e9 rendus au d\u00e9funt en pr\u00e9sence d&rsquo;une nombreuse assistance, \u00e0 la hauteur de la notorit\u00e9 d&rsquo;Albert Geiss, un homme d&rsquo;exception qui manquera \u00e0 tous ceux qui l&rsquo;ont connu et appr\u00e9ci\u00e9.<\/h4>\n<h4 style=\"text-align: justify;\">David Poinsatte<\/h4>\n","protected":false},"excerpt":{"rendered":"<p>Albert Geiss artiste peintre N\u00e9crologie d&rsquo;Albert Geiss C&rsquo;est avec \u00e9motion que la population montreusienne a appris la nouvelle. Albert Geiss, figure embl\u00e9matique du village et des alentours est d\u00e9c\u00e9d\u00e9 le 7 septembre 2012 \u00e0 l&rsquo;\u00e2ge de 78 ans \u00e0 l&rsquo;h\u00f4pital &hellip; <a href=\"https:\/\/montreux-vieux.net\/?page_id=5242\">Continuer la lecture <span class=\"meta-nav\">&rarr;<\/span><\/a><\/p>\n","protected":false},"author":1,"featured_media":0,"parent":4091,"menu_order":14,"comment_status":"open","ping_status":"open","template":"","meta":{"footnotes":""},"class_list":["post-5242","page","type-page","status-publish","hentry"],"_links":{"self":[{"href":"https:\/\/montreux-vieux.net\/index.php?rest_route=\/wp\/v2\/pages\/5242","targetHints":{"allow":["GET"]}}],"collection":[{"href":"https:\/\/montreux-vieux.net\/index.php?rest_route=\/wp\/v2\/pages"}],"about":[{"href":"https:\/\/montreux-vieux.net\/index.php?rest_route=\/wp\/v2\/types\/page"}],"author":[{"embeddable":true,"href":"https:\/\/montreux-vieux.net\/index.php?rest_route=\/wp\/v2\/users\/1"}],"replies":[{"embeddable":true,"href":"https:\/\/montreux-vieux.net\/index.php?rest_route=%2Fwp%2Fv2%2Fcomments&post=5242"}],"version-history":[{"count":2,"href":"https:\/\/montreux-vieux.net\/index.php?rest_route=\/wp\/v2\/pages\/5242\/revisions"}],"predecessor-version":[{"id":6849,"href":"https:\/\/montreux-vieux.net\/index.php?rest_route=\/wp\/v2\/pages\/5242\/revisions\/6849"}],"up":[{"embeddable":true,"href":"https:\/\/montreux-vieux.net\/index.php?rest_route=\/wp\/v2\/pages\/4091"}],"wp:attachment":[{"href":"https:\/\/montreux-vieux.net\/index.php?rest_route=%2Fwp%2Fv2%2Fmedia&parent=5242"}],"curies":[{"name":"wp","href":"https:\/\/api.w.org\/{rel}","templated":true}]}}

<h3 style="text-align: center;">Albert Geiss artiste peintre</h3>
<div id="attachment_5243" style="width: 235px" class="wp-caption aligncenter"><a href="http://montreux-vieux.net/montreux-vieux.net/wp-content/uploads/2015/03/561257_3696888854884_346057412_n.jpg" target="_blank"><img loading="lazy" decoding="async" aria-describedby="caption-attachment-5243" class="wp-image-5243 size-medium" src="http://montreux-vieux.net/montreux-vieux.net/wp-content/uploads/2015/03/561257_3696888854884_346057412_n-225x300.jpg" alt="Albert Geiss artiste peintre Montreux-Vieux" width="225" height="300" srcset="https://montreux-vieux.net/montreux-vieux.net/wp-content/uploads/2015/03/561257_3696888854884_346057412_n-225x300.jpg 225w, https://montreux-vieux.net/montreux-vieux.net/wp-content/uploads/2015/03/561257_3696888854884_346057412_n-600x800.jpg 600w, https://montreux-vieux.net/montreux-vieux.net/wp-content/uploads/2015/03/561257_3696888854884_346057412_n.jpg 720w" sizes="auto, (max-width: 225px) 100vw, 225px" /></a><p id="caption-attachment-5243" class="wp-caption-text">Albert Geiss (1er à gauche)</p></div>
<h4 style="text-align: center;">Nécrologie d&rsquo;Albert Geiss</h4>
<h4 style="text-align: justify;">C&rsquo;est avec émotion que la population montreusienne a appris la nouvelle. Albert Geiss, figure emblématique du village et des alentours est décédé le 7 septembre 2012 à l&rsquo;âge de 78 ans à l&rsquo;hôpital de Besancon. Artiste peintre de talent et réputé, ce dernier exerçait son art avec passion et continuelle recherche de perfection, admiré par les amateurs d&rsquo;art mais aussi par ses nombreux amis pour sa joie de vivre et sa gentillesse sans limite. Avec son frère Etienne, il avait débuté sa carrière professionnelle dans l’ébénisterie. Puis, toujours avec son frère, il travailla au centre routier Georges Helminger à Montreux-Vieux et ce jusqu&rsquo;à sa retraite. Il faisait partie du Graal de Belfort et de l&rsquo;amicale des amis de la Maison Perronne de Montreux-Jeune dont il a été une cheville ouvrière. Il donnait des cours de dessin et de peinture au sein de l&rsquo;ALC de Valdieu-Lutran. Marié à Jacqueline Chipeaux, il eut trois enfants Jean-Claude, chef d&rsquo;entreprise, Philippe, décédé en bas âge accidentellement et Philippe, saxophoniste de renom. Il avait la joie de suivre l&rsquo;évolution de sa famille et de la choyer.</h4>
<h4 style="text-align: justify;">Les obsèques ont été célébrées en l&rsquo;église Saint-Alban du village par le père Piotr Kopitzara, au cours desquelles des hommages ont été rendus au défunt en présence d&rsquo;une nombreuse assistance, à la hauteur de la notorité d&rsquo;Albert Geiss, un homme d&rsquo;exception qui manquera à tous ceux qui l&rsquo;ont connu et apprécié.</h4>
<h4 style="text-align: justify;">David Poinsatte</h4>

<p>Albert Geiss artiste peintre Nécrologie d&rsquo;Albert Geiss C&rsquo;est avec émotion que la population montreusienne a appris la nouvelle. Albert Geiss, figure emblématique du village et des alentours est décédé le 7 septembre 2012 à l&rsquo;âge de 78 ans à l&rsquo;hôpital &hellip; <a href="https://montreux-vieux.net/?page_id=5242">Continuer la lecture <span class="meta-nav">&rarr;</span></a></p>
