{"id":6104,"date":"2015-09-20T09:29:15","date_gmt":"2015-09-20T08:29:15","guid":{"rendered":"http:\/\/montreux-vieux.net\/?page_id=6104"},"modified":"2018-12-28T13:26:33","modified_gmt":"2018-12-28T12:26:33","slug":"lemigration-de-montreusiens-vers-lamerique","status":"publish","type":"page","link":"https:\/\/montreux-vieux.net\/?page_id=6104","title":{"rendered":"L\u2019\u00e9migration de montreusiens vers l\u2019Am\u00e9rique"},"content":{"rendered":"<h3 style=\"text-align: center;\">L\u2019\u00e9migration de montreusiens vers l\u2019Am\u00e9rique<\/h3>\n<h4>D\u00e8s le XVIIe si\u00e8cle, les pers\u00e9cutions religieuses, les catastrophes naturelles et les famines ont men\u00e9 les Alsaciens protestants \u00e0 fuir. Les populations migrantes se sont r\u00e9fugi\u00e9es aux Etats-Unis ou dans les pays de l\u2019Est, notamment en Autriche-Hongrie.<\/h4>\n<h4 style=\"text-align: justify;\">Au XIXe si\u00e8cle, l\u2019Alsace conna\u00eet de nouvelles vagues d\u2019\u00e9migration, d\u2019abord vers la Russie, puis vers les Etats-Unis et l\u2019Alg\u00e9rie.&nbsp; Entre 1815 et 1870, environ 45 000 d\u2019entre eux embarquent ainsi pour les Etats-Unis.<\/h4>\n<p style=\"text-align: center;\"><a href=\"http:\/\/montreux-vieux.net\/montreux-vieux.net\/wp-content\/uploads\/2015\/09\/ScreenShot659.jpg\" target=\"_blank\"><img loading=\"lazy\" decoding=\"async\" class=\"aligncenter wp-image-6101 size-medium\" src=\"http:\/\/montreux-vieux.net\/montreux-vieux.net\/wp-content\/uploads\/2015\/09\/ScreenShot659-300x161.jpg\" alt=\"ScreenShot659\" width=\"300\" height=\"161\" srcset=\"https:\/\/montreux-vieux.net\/montreux-vieux.net\/wp-content\/uploads\/2015\/09\/ScreenShot659-300x161.jpg 300w, https:\/\/montreux-vieux.net\/montreux-vieux.net\/wp-content\/uploads\/2015\/09\/ScreenShot659-600x323.jpg 600w, https:\/\/montreux-vieux.net\/montreux-vieux.net\/wp-content\/uploads\/2015\/09\/ScreenShot659.jpg 667w\" sizes=\"auto, (max-width: 300px) 100vw, 300px\" \/><\/a><\/p>\n<h4 style=\"text-align: justify;\">L\u2019\u00e9migration aux Etats-Unis pendant le XIXe si\u00e8cle est marqu\u00e9e par plusieurs vagues. Une premi\u00e8re vague en 1817 concerne essentiellement des Alsaciens ruraux ou des ouvriers du textile originaires de la r\u00e9gion de Colmar. Entre 1828 et 1837, une seconde vague touche les habitants des arrondissements de Wissembourg et de Saverne. Enfin, \u00e0 partir de 1838, les populations migrantes partent de toute l\u2019Alsace, particuli\u00e8rement touch\u00e9e par une crise agricole et une crise industrielle.<\/h4>\n<h4 style=\"text-align: justify;\">De Montreux-Vieux \u00e9galement&nbsp; quelques familles ont \u00e9t\u00e9 candidates \u00e0 l\u2019\u00e9migration vers l\u2019Am\u00e9rique notamment Grosjean Joseph Nicolas, cultivateur parti&nbsp; le 30 janvier 1847, &nbsp;Flottat Jean-Pierre, cultivateur,&nbsp; parti \u00e9galement le 30 janvier 1847. Gevrier Jean-P\u00eferre, cultivateur, parti le 22 juillet 1857,&nbsp;&nbsp; Guittard Marie-Madeleine partie le 30 janvier 1847, Jung C\u00e9lestine n\u00e9e Pr\u00e9vot Modeste, Vve Pr\u00e9vot n\u00e9e Dietrich Anne Marie parties le 12 ao\u00fbt 1862<\/h4>\n","protected":false},"excerpt":{"rendered":"<p>L\u2019\u00e9migration de montreusiens vers l\u2019Am\u00e9rique D\u00e8s le XVIIe si\u00e8cle, les pers\u00e9cutions religieuses, les catastrophes naturelles et les famines ont men\u00e9 les Alsaciens protestants \u00e0 fuir. Les populations migrantes se sont r\u00e9fugi\u00e9es aux Etats-Unis ou dans les pays de l\u2019Est, notamment &hellip; <a href=\"https:\/\/montreux-vieux.net\/?page_id=6104\">Continuer la lecture <span class=\"meta-nav\">&rarr;<\/span><\/a><\/p>\n","protected":false},"author":1,"featured_media":0,"parent":13095,"menu_order":2,"comment_status":"closed","ping_status":"open","template":"","meta":{"footnotes":""},"class_list":["post-6104","page","type-page","status-publish","hentry"],"_links":{"self":[{"href":"https:\/\/montreux-vieux.net\/index.php?rest_route=\/wp\/v2\/pages\/6104","targetHints":{"allow":["GET"]}}],"collection":[{"href":"https:\/\/montreux-vieux.net\/index.php?rest_route=\/wp\/v2\/pages"}],"about":[{"href":"https:\/\/montreux-vieux.net\/index.php?rest_route=\/wp\/v2\/types\/page"}],"author":[{"embeddable":true,"href":"https:\/\/montreux-vieux.net\/index.php?rest_route=\/wp\/v2\/users\/1"}],"replies":[{"embeddable":true,"href":"https:\/\/montreux-vieux.net\/index.php?rest_route=%2Fwp%2Fv2%2Fcomments&post=6104"}],"version-history":[{"count":2,"href":"https:\/\/montreux-vieux.net\/index.php?rest_route=\/wp\/v2\/pages\/6104\/revisions"}],"predecessor-version":[{"id":13110,"href":"https:\/\/montreux-vieux.net\/index.php?rest_route=\/wp\/v2\/pages\/6104\/revisions\/13110"}],"up":[{"embeddable":true,"href":"https:\/\/montreux-vieux.net\/index.php?rest_route=\/wp\/v2\/pages\/13095"}],"wp:attachment":[{"href":"https:\/\/montreux-vieux.net\/index.php?rest_route=%2Fwp%2Fv2%2Fmedia&parent=6104"}],"curies":[{"name":"wp","href":"https:\/\/api.w.org\/{rel}","templated":true}]}}