{"id":6640,"date":"2016-01-20T14:48:52","date_gmt":"2016-01-20T13:48:52","guid":{"rendered":"http:\/\/montreux-vieux.net\/?page_id=6640"},"modified":"2018-12-28T13:27:33","modified_gmt":"2018-12-28T12:27:33","slug":"le-saviez-vous-les-chiffres-de-la-consommation-deau-19872000","status":"publish","type":"page","link":"https:\/\/montreux-vieux.net\/?page_id=6640","title":{"rendered":"Le saviez-vous ? Les chiffres de la consommation d&rsquo;eau 1987\/2000"},"content":{"rendered":"<h3 style=\"text-align: center;\">Le saviez-vous ? Les chiffres de la consommation d&rsquo;eau 1987\/2000<\/h3>\n<p style=\"text-align: center;\"><a href=\"http:\/\/montreux-vieux.net\/montreux-vieux.net\/wp-content\/uploads\/2016\/01\/0009.jpg\" target=\"_blank\"><img loading=\"lazy\" decoding=\"async\" class=\"aligncenter wp-image-6628 size-medium\" src=\"http:\/\/montreux-vieux.net\/montreux-vieux.net\/wp-content\/uploads\/2016\/01\/0009-300x169.jpg\" alt=\"La station de pompage de Montreux-Vieux\" width=\"300\" height=\"169\" srcset=\"https:\/\/montreux-vieux.net\/montreux-vieux.net\/wp-content\/uploads\/2016\/01\/0009-300x169.jpg 300w, https:\/\/montreux-vieux.net\/montreux-vieux.net\/wp-content\/uploads\/2016\/01\/0009-600x338.jpg 600w, https:\/\/montreux-vieux.net\/montreux-vieux.net\/wp-content\/uploads\/2016\/01\/0009.jpg 640w\" sizes=\"auto, (max-width: 300px) 100vw, 300px\" \/><\/a><\/p>\n<h4 style=\"text-align: justify;\">&nbsp;Le nombre d&rsquo;abonn\u00e9s \u00e9tait de 277. La moyenne journali\u00e8re&nbsp;consomm\u00e9e&nbsp;par personne en 1999 \u00e9tait de 141,40 L.<\/h4>\n<p style=\"text-align: center;\">&nbsp;\n<table id=\"tablepress-6\" class=\"tablepress tablepress-id-6\">\n<thead>\n<tr class=\"row-1\">\n\t<th class=\"column-1\">1987<\/th><th class=\"column-2\">60 812<\/th>\n<\/tr>\n<\/thead>\n<tbody class=\"row-striping row-hover\">\n<tr class=\"row-2\">\n\t<td class=\"column-1\">1988<\/td><td class=\"column-2\">65 170<\/td>\n<\/tr>\n<tr class=\"row-3\">\n\t<td class=\"column-1\">1989<\/td><td class=\"column-2\">68 232<\/td>\n<\/tr>\n<tr class=\"row-4\">\n\t<td class=\"column-1\">1990<\/td><td class=\"column-2\">72 465<\/td>\n<\/tr>\n<tr class=\"row-5\">\n\t<td class=\"column-1\">1991<\/td><td class=\"column-2\">74 401<\/td>\n<\/tr>\n<tr class=\"row-6\">\n\t<td class=\"column-1\">1992<\/td><td class=\"column-2\">66 222<\/td>\n<\/tr>\n<tr class=\"row-7\">\n\t<td class=\"column-1\">1993<\/td><td class=\"column-2\">61 018<\/td>\n<\/tr>\n<tr class=\"row-8\">\n\t<td class=\"column-1\">1994<\/td><td class=\"column-2\">77 401<\/td>\n<\/tr>\n<tr class=\"row-9\">\n\t<td class=\"column-1\">1995<\/td><td class=\"column-2\">65 989<\/td>\n<\/tr>\n<tr class=\"row-10\">\n\t<td class=\"column-1\">1996<\/td><td class=\"column-2\">68 499<\/td>\n<\/tr>\n<tr class=\"row-11\">\n\t<td class=\"column-1\">1997<\/td><td class=\"column-2\">66 563<\/td>\n<\/tr>\n<tr class=\"row-12\">\n\t<td class=\"column-1\">1998<\/td><td class=\"column-2\">69395<\/td>\n<\/tr>\n<tr class=\"row-13\">\n\t<td class=\"column-1\">1999<\/td><td class=\"column-2\">72 737<\/td>\n<\/tr>\n<tr class=\"row-14\">\n\t<td class=\"column-1\">2000<\/td><td class=\"column-2\">59 214<\/td>\n<\/tr>\n<\/tbody>\n<\/table>\n<\/p>\n","protected":false},"excerpt":{"rendered":"<p>Le saviez-vous ? Les chiffres de la consommation d&rsquo;eau 1987\/2000 &nbsp;Le nombre d&rsquo;abonn\u00e9s \u00e9tait de 277. La moyenne journali\u00e8re&nbsp;consomm\u00e9e&nbsp;par personne en 1999 \u00e9tait de 141,40 L. &nbsp;<\/p>\n","protected":false},"author":1,"featured_media":0,"parent":13097,"menu_order":2,"comment_status":"closed","ping_status":"open","template":"","meta":{"footnotes":""},"class_list":["post-6640","page","type-page","status-publish","hentry"],"_links":{"self":[{"href":"https:\/\/montreux-vieux.net\/index.php?rest_route=\/wp\/v2\/pages\/6640","targetHints":{"allow":["GET"]}}],"collection":[{"href":"https:\/\/montreux-vieux.net\/index.php?rest_route=\/wp\/v2\/pages"}],"about":[{"href":"https:\/\/montreux-vieux.net\/index.php?rest_route=\/wp\/v2\/types\/page"}],"author":[{"embeddable":true,"href":"https:\/\/montreux-vieux.net\/index.php?rest_route=\/wp\/v2\/users\/1"}],"replies":[{"embeddable":true,"href":"https:\/\/montreux-vieux.net\/index.php?rest_route=%2Fwp%2Fv2%2Fcomments&post=6640"}],"version-history":[{"count":3,"href":"https:\/\/montreux-vieux.net\/index.php?rest_route=\/wp\/v2\/pages\/6640\/revisions"}],"predecessor-version":[{"id":13111,"href":"https:\/\/montreux-vieux.net\/index.php?rest_route=\/wp\/v2\/pages\/6640\/revisions\/13111"}],"up":[{"embeddable":true,"href":"https:\/\/montreux-vieux.net\/index.php?rest_route=\/wp\/v2\/pages\/13097"}],"wp:attachment":[{"href":"https:\/\/montreux-vieux.net\/index.php?rest_route=%2Fwp%2Fv2%2Fmedia&parent=6640"}],"curies":[{"name":"wp","href":"https:\/\/api.w.org\/{rel}","templated":true}]}}