{"id":7067,"date":"2016-02-21T11:46:15","date_gmt":"2016-02-21T10:46:15","guid":{"rendered":"http:\/\/montreux-vieux.net\/?page_id=7067"},"modified":"2018-12-28T13:36:20","modified_gmt":"2018-12-28T12:36:20","slug":"le-saviez-vous-les-optants-pour-la-nationalite-francaise","status":"publish","type":"page","link":"https:\/\/montreux-vieux.net\/?page_id=7067","title":{"rendered":"Le saviez-vous ? Les optants pour la nationalit\u00e9 fran\u00e7aise"},"content":{"rendered":"<h3 style=\"text-align: center;\">Le saviez-vous&nbsp;? Les optants pour la nationalit\u00e9 fran\u00e7aise<\/h3>\n<h4 style=\"text-align: justify;\">Les habitants de Montreux-Vieux&nbsp; \u00e0 la signature du Trait\u00e9 de Francfort sign\u00e9 le 10 mai 1871 mettant fin \u00e0 la guerre franco-prussienne de 1870 avec 1693 autres communes devaient opter soit pour la nationalit\u00e9 fran\u00e7aise ou de prendre la nationalit\u00e9 allemande. Ils pouvaient conserver leurs immeubles alors situ\u00e9s en Allemagne.<\/h4>\n<p style=\"text-align: center;\"><a href=\"http:\/\/montreux-vieux.net\/montreux-vieux.net\/wp-content\/uploads\/2016\/02\/Untitled-design-8.jpg\" target=\"_blank\"><img loading=\"lazy\" decoding=\"async\" class=\"aligncenter wp-image-7065 size-full\" src=\"http:\/\/montreux-vieux.net\/montreux-vieux.net\/wp-content\/uploads\/2016\/02\/Untitled-design-8.jpg\" alt=\"Les optants\" width=\"944\" height=\"755\" srcset=\"https:\/\/montreux-vieux.net\/montreux-vieux.net\/wp-content\/uploads\/2016\/02\/Untitled-design-8.jpg 944w, https:\/\/montreux-vieux.net\/montreux-vieux.net\/wp-content\/uploads\/2016\/02\/Untitled-design-8-300x240.jpg 300w, https:\/\/montreux-vieux.net\/montreux-vieux.net\/wp-content\/uploads\/2016\/02\/Untitled-design-8-768x614.jpg 768w, https:\/\/montreux-vieux.net\/montreux-vieux.net\/wp-content\/uploads\/2016\/02\/Untitled-design-8-600x480.jpg 600w\" sizes=\"auto, (max-width: 944px) 100vw, 944px\" \/><\/a><\/p>\n<h4 style=\"text-align: justify;\">C\u2019est \u00e0 cette p\u00e9riode qu\u2019un bon nombre d\u2019habitants sont partis s\u2019installer \u00e0 Belfort. C\u2019est la raison pour laquelle l\u2019on retrouve un nombre important de noms \u00e0 consonance alsacienne dans cette ville.<\/h4>\n<h4 style=\"text-align: justify;\">Une statue a \u00e9t\u00e9 \u00e9rig\u00e9e en la ville de Nancy illustrant parfaitement le d\u00e9sarroi qui exista en 1872 lorsque les citoyens d\u2019origine alsacienne et une partie de la Lorraine eurent \u00e0 choisir entre la nationalit\u00e9 allemande et la nationalit\u00e9 fran\u00e7aise.<\/h4>\n<h4 style=\"text-align: justify;\"><strong>&nbsp;<\/strong>A la fin de la guerre en 1918 ceux qui avaient opt\u00e9 pour la nationalit\u00e9 allemande et voulant redevenir fran\u00e7ais \u00e9taient contraints de faire une demande de r\u00e9int\u00e9gration \u00e0 la France pour \u00eatre fran\u00e7ais. En mairie existe un registretr\u00e8s \u00e9pais et un second de moindre \u00e9paisseur ou figurent la liste de toutes les personnes de Montreux-Vieux ayant demand\u00e9 leur r\u00e9int\u00e9gration.<\/h4>\n<h4 style=\"text-align: justify;\">En 1997 certaines personnes \u00e2g\u00e9es devaient encore produire un certificat de r\u00e9int\u00e9gration&nbsp;pour renouveler leur pi\u00e8ce d\u2019identit\u00e9.<\/h4>\n","protected":false},"excerpt":{"rendered":"<p>Le saviez-vous&nbsp;? Les optants pour la nationalit\u00e9 fran\u00e7aise Les habitants de Montreux-Vieux&nbsp; \u00e0 la signature du Trait\u00e9 de Francfort sign\u00e9 le 10 mai 1871 mettant fin \u00e0 la guerre franco-prussienne de 1870 avec 1693 autres communes devaient opter soit pour &hellip; <a href=\"https:\/\/montreux-vieux.net\/?page_id=7067\">Continuer la lecture <span class=\"meta-nav\">&rarr;<\/span><\/a><\/p>\n","protected":false},"author":1,"featured_media":0,"parent":12673,"menu_order":26,"comment_status":"closed","ping_status":"open","template":"","meta":{"footnotes":""},"class_list":["post-7067","page","type-page","status-publish","hentry"],"_links":{"self":[{"href":"https:\/\/montreux-vieux.net\/index.php?rest_route=\/wp\/v2\/pages\/7067","targetHints":{"allow":["GET"]}}],"collection":[{"href":"https:\/\/montreux-vieux.net\/index.php?rest_route=\/wp\/v2\/pages"}],"about":[{"href":"https:\/\/montreux-vieux.net\/index.php?rest_route=\/wp\/v2\/types\/page"}],"author":[{"embeddable":true,"href":"https:\/\/montreux-vieux.net\/index.php?rest_route=\/wp\/v2\/users\/1"}],"replies":[{"embeddable":true,"href":"https:\/\/montreux-vieux.net\/index.php?rest_route=%2Fwp%2Fv2%2Fcomments&post=7067"}],"version-history":[{"count":2,"href":"https:\/\/montreux-vieux.net\/index.php?rest_route=\/wp\/v2\/pages\/7067\/revisions"}],"predecessor-version":[{"id":13115,"href":"https:\/\/montreux-vieux.net\/index.php?rest_route=\/wp\/v2\/pages\/7067\/revisions\/13115"}],"up":[{"embeddable":true,"href":"https:\/\/montreux-vieux.net\/index.php?rest_route=\/wp\/v2\/pages\/12673"}],"wp:attachment":[{"href":"https:\/\/montreux-vieux.net\/index.php?rest_route=%2Fwp%2Fv2%2Fmedia&parent=7067"}],"curies":[{"name":"wp","href":"https:\/\/api.w.org\/{rel}","templated":true}]}}