{"id":7083,"date":"2016-02-22T16:03:51","date_gmt":"2016-02-22T15:03:51","guid":{"rendered":"http:\/\/montreux-vieux.net\/?page_id=7083"},"modified":"2019-02-02T14:49:07","modified_gmt":"2019-02-02T13:49:07","slug":"a-montreux-vieux-durant-la-periode-de-1871-a-1914-lheure-locale-allemande-est-en-avance-de-26-minutes-sur-lheure-francaise","status":"publish","type":"page","link":"https:\/\/montreux-vieux.net\/?page_id=7083","title":{"rendered":"A Montreux-Vieux durant la p\u00e9riode de 1871 \u00e0 1914 l\u2019heure locale allemande est en avance de 26 minutes sur l\u2019heure fran\u00e7aise"},"content":{"rendered":"<h3 style=\"text-align: center;\">A Montreux-Vieux durant la p\u00e9riode de 1871 \u00e0 1914 l\u2019heure locale allemande est en avance de 26 minutes sur l\u2019heure fran\u00e7aise<\/h3>\n<div id=\"attachment_7749\" style=\"width: 558px\" class=\"wp-caption aligncenter\"><a href=\"http:\/\/montreux-vieux.net\/montreux-vieux.net\/wp-content\/uploads\/2016\/02\/ScreenShot114.jpg\" target=\"_blank\" rel=\"noopener\"><img loading=\"lazy\" decoding=\"async\" aria-describedby=\"caption-attachment-7749\" class=\"wp-image-7749 size-full\" src=\"http:\/\/montreux-vieux.net\/montreux-vieux.net\/wp-content\/uploads\/2016\/02\/ScreenShot114.jpg\" alt=\"Buffet de la Gare Montreux-Vieux\" width=\"548\" height=\"367\" srcset=\"https:\/\/montreux-vieux.net\/montreux-vieux.net\/wp-content\/uploads\/2016\/02\/ScreenShot114.jpg 548w, https:\/\/montreux-vieux.net\/montreux-vieux.net\/wp-content\/uploads\/2016\/02\/ScreenShot114-300x201.jpg 300w\" sizes=\"auto, (max-width: 548px) 100vw, 548px\" \/><\/a><p id=\"caption-attachment-7749\" class=\"wp-caption-text\">Cette carte postale prouve qu&rsquo;il y avait bien une heure allemande.<\/p><\/div>\n<h4 style=\"text-align: justify;\">A Montreux-Vieux durant la p\u00e9riode de 1871 \u00e0 1914 l\u2019heure locale allemande est en avance de 26 minutes sur l\u2019heure fran\u00e7aise. L\u2019heure allemande calcul\u00e9e sur le m\u00e9ridien de Berlin est en avance de 40 minutes sur l\u2019heure fran\u00e7aise. Elle a \u00e9t\u00e9 r\u00e9tablie le 12 ao\u00fbt 1914.<\/h4>\n<p style=\"text-align: center;\"><a href=\"http:\/\/montreux-vieux.net\/montreux-vieux.net\/wp-content\/uploads\/2016\/02\/1-2.jpg\" target=\"_blank\" rel=\"noopener\"><img loading=\"lazy\" decoding=\"async\" class=\"aligncenter wp-image-7081 size-full\" src=\"http:\/\/montreux-vieux.net\/montreux-vieux.net\/wp-content\/uploads\/2016\/02\/1-2.jpg\" alt=\"La gare de Montreux-Vieux\" width=\"944\" height=\"755\" srcset=\"https:\/\/montreux-vieux.net\/montreux-vieux.net\/wp-content\/uploads\/2016\/02\/1-2.jpg 944w, https:\/\/montreux-vieux.net\/montreux-vieux.net\/wp-content\/uploads\/2016\/02\/1-2-300x240.jpg 300w, https:\/\/montreux-vieux.net\/montreux-vieux.net\/wp-content\/uploads\/2016\/02\/1-2-768x614.jpg 768w, https:\/\/montreux-vieux.net\/montreux-vieux.net\/wp-content\/uploads\/2016\/02\/1-2-600x480.jpg 600w\" sizes=\"auto, (max-width: 944px) 100vw, 944px\" \/><\/a><\/p>\n<h4 style=\"text-align: justify;\">Les heures locales des diverses m\u00e9tropoles (Berlin, Dresde, Cologne, etc.) servaient d\u2019heures r\u00e9gulatrices pour les diverses lignes de chemins de fer. On unifia les choses pour toute l\u2019Allemagne du Nord et l\u2019Elsass-Lothringen (l\u2019Alsace- Lorraine); Le \u00a0r\u00e8glement du 4 janvier 1875 exigeait que chaque station ait une horloge r\u00e9gl\u00e9e sur l\u2019heure locale et que les guides horaires destin\u00e9s au public donnent l\u2019heure locale de chacune des localit\u00e9s desservies ; \u00e0 en croire les horaires annonc\u00e9s, il fallait pr\u00e8s d\u2019une heure de plus pour aller de Cologne \u00e0 Berlin que de Berlin \u00e0 Cologne : les longitudes en \u00e9taient la cause. Les conducteurs de trains n\u2019avaient pas \u00e0 conna\u00eetre le temps local, ils se guidaient d\u2019apr\u00e8s leurs propres chronom\u00e8tres, en se conformant aux horaires de service \u00e9tablis pour eux, diff\u00e9rents des horaires destin\u00e9s au public.<\/h4>\n<p style=\"text-align: center;\"><a href=\"http:\/\/montreux-vieux.net\/montreux-vieux.net\/wp-content\/uploads\/2016\/09\/ScreenShot419.jpg\" target=\"_blank\" rel=\"noopener\"><img loading=\"lazy\" decoding=\"async\" class=\"aligncenter wp-image-8779 size-full\" src=\"http:\/\/montreux-vieux.net\/montreux-vieux.net\/wp-content\/uploads\/2016\/09\/ScreenShot419.jpg\" alt=\"\" width=\"678\" height=\"609\" srcset=\"https:\/\/montreux-vieux.net\/montreux-vieux.net\/wp-content\/uploads\/2016\/09\/ScreenShot419.jpg 678w, https:\/\/montreux-vieux.net\/montreux-vieux.net\/wp-content\/uploads\/2016\/09\/ScreenShot419-300x269.jpg 300w, https:\/\/montreux-vieux.net\/montreux-vieux.net\/wp-content\/uploads\/2016\/09\/ScreenShot419-600x539.jpg 600w\" sizes=\"auto, (max-width: 678px) 100vw, 678px\" \/><\/a><\/p>\n","protected":false},"excerpt":{"rendered":"<p>A Montreux-Vieux durant la p\u00e9riode de 1871 \u00e0 1914 l\u2019heure locale allemande est en avance de 26 minutes sur l\u2019heure fran\u00e7aise A Montreux-Vieux durant la p\u00e9riode de 1871 \u00e0 1914 l\u2019heure locale allemande est en avance de 26 minutes sur &hellip; <a href=\"https:\/\/montreux-vieux.net\/?page_id=7083\">Continuer la lecture <span class=\"meta-nav\">&rarr;<\/span><\/a><\/p>\n","protected":false},"author":1,"featured_media":0,"parent":13013,"menu_order":2,"comment_status":"closed","ping_status":"open","template":"","meta":{"footnotes":""},"class_list":["post-7083","page","type-page","status-publish","hentry"],"_links":{"self":[{"href":"https:\/\/montreux-vieux.net\/index.php?rest_route=\/wp\/v2\/pages\/7083","targetHints":{"allow":["GET"]}}],"collection":[{"href":"https:\/\/montreux-vieux.net\/index.php?rest_route=\/wp\/v2\/pages"}],"about":[{"href":"https:\/\/montreux-vieux.net\/index.php?rest_route=\/wp\/v2\/types\/page"}],"author":[{"embeddable":true,"href":"https:\/\/montreux-vieux.net\/index.php?rest_route=\/wp\/v2\/users\/1"}],"replies":[{"embeddable":true,"href":"https:\/\/montreux-vieux.net\/index.php?rest_route=%2Fwp%2Fv2%2Fcomments&post=7083"}],"version-history":[{"count":6,"href":"https:\/\/montreux-vieux.net\/index.php?rest_route=\/wp\/v2\/pages\/7083\/revisions"}],"predecessor-version":[{"id":14443,"href":"https:\/\/montreux-vieux.net\/index.php?rest_route=\/wp\/v2\/pages\/7083\/revisions\/14443"}],"up":[{"embeddable":true,"href":"https:\/\/montreux-vieux.net\/index.php?rest_route=\/wp\/v2\/pages\/13013"}],"wp:attachment":[{"href":"https:\/\/montreux-vieux.net\/index.php?rest_route=%2Fwp%2Fv2%2Fmedia&parent=7083"}],"curies":[{"name":"wp","href":"https:\/\/api.w.org\/{rel}","templated":true}]}}