{"id":7089,"date":"2016-02-22T17:28:25","date_gmt":"2016-02-22T16:28:25","guid":{"rendered":"http:\/\/montreux-vieux.net\/?page_id=7089"},"modified":"2018-12-24T15:11:00","modified_gmt":"2018-12-24T14:11:00","slug":"laccordeon-club-de-montreux-vieux","status":"publish","type":"page","link":"https:\/\/montreux-vieux.net\/?page_id=7089","title":{"rendered":"L\u2019Accord\u00e9on Club de Montreux-Vieux"},"content":{"rendered":"<h3 style=\"text-align: center;\">L\u2019Accord\u00e9on Club de Montreux-Vieux<\/h3>\n<h4 style=\"text-align: justify;\">Sous la baguette de Monsieur Aim\u00e9 M\u00e9rian, l\u2019accord\u00e9on club \u00e9tait pr\u00e9sid\u00e9 par Monsieur Paul Braunstedter, boucher \u00e0 Montreux-Vieux.<\/h4>\n<p><a href=\"http:\/\/montreux-vieux.net\/montreux-vieux.net\/wp-content\/uploads\/2016\/02\/Cub-acord\u00e9ons-002.jpg\" target=\"_blank\" rel=\"noopener noreferrer\"><img loading=\"lazy\" decoding=\"async\" class=\"aligncenter wp-image-7086 size-large\" src=\"http:\/\/montreux-vieux.net\/montreux-vieux.net\/wp-content\/uploads\/2016\/02\/Cub-acord\u00e9ons-002-1024x762.jpg\" alt=\"Cub acord\u00e9ons Montreux-Vieux\" width=\"640\" height=\"476\" srcset=\"https:\/\/montreux-vieux.net\/montreux-vieux.net\/wp-content\/uploads\/2016\/02\/Cub-acord\u00e9ons-002-1024x762.jpg 1024w, https:\/\/montreux-vieux.net\/montreux-vieux.net\/wp-content\/uploads\/2016\/02\/Cub-acord\u00e9ons-002-300x223.jpg 300w, https:\/\/montreux-vieux.net\/montreux-vieux.net\/wp-content\/uploads\/2016\/02\/Cub-acord\u00e9ons-002-768x571.jpg 768w, https:\/\/montreux-vieux.net\/montreux-vieux.net\/wp-content\/uploads\/2016\/02\/Cub-acord\u00e9ons-002-600x446.jpg 600w\" sizes=\"auto, (max-width: 640px) 100vw, 640px\" \/><\/a><\/p>\n<h4 style=\"text-align: justify;\">Cette association parcourait de nombreuses villes et villages \u00e0 l\u2019\u00e9poque. En 1948, elle \u00e9tait invit\u00e9e \u00e0 la Foire-Expositions d\u2019Aurillac dans le Cantal afin de donner une petite repr\u00e9sentation. Tr\u00e8s vite il a fallu interrompre la prestation car des taureaux en voulaient aux musiciens v\u00eatus d\u2019un gilet rouge.&nbsp; Dans la pr\u00e9cipitation le pr\u00e9sident en oublia&nbsp; le fromage distribu\u00e9 \u00e0 cette occasion mais il lui a \u00e9t\u00e9 envoy\u00e9 quelques jours apr\u00e8s.<\/h4>\n<p><a href=\"http:\/\/montreux-vieux.net\/montreux-vieux.net\/wp-content\/uploads\/2016\/02\/Cub-acord\u00e9ons-001.jpg\" target=\"_blank\" rel=\"noopener noreferrer\"><img loading=\"lazy\" decoding=\"async\" class=\"aligncenter wp-image-7087 size-large\" src=\"http:\/\/montreux-vieux.net\/montreux-vieux.net\/wp-content\/uploads\/2016\/02\/Cub-acord\u00e9ons-001-1024x651.jpg\" alt=\"Cub acord\u00e9ons enfant Montreux-Vieux\" width=\"640\" height=\"407\" srcset=\"https:\/\/montreux-vieux.net\/montreux-vieux.net\/wp-content\/uploads\/2016\/02\/Cub-acord\u00e9ons-001-1024x651.jpg 1024w, https:\/\/montreux-vieux.net\/montreux-vieux.net\/wp-content\/uploads\/2016\/02\/Cub-acord\u00e9ons-001-300x191.jpg 300w, https:\/\/montreux-vieux.net\/montreux-vieux.net\/wp-content\/uploads\/2016\/02\/Cub-acord\u00e9ons-001-768x488.jpg 768w, https:\/\/montreux-vieux.net\/montreux-vieux.net\/wp-content\/uploads\/2016\/02\/Cub-acord\u00e9ons-001-600x381.jpg 600w, https:\/\/montreux-vieux.net\/montreux-vieux.net\/wp-content\/uploads\/2016\/02\/Cub-acord\u00e9ons-001.jpg 1645w\" sizes=\"auto, (max-width: 640px) 100vw, 640px\" \/><\/a><\/p>\n<div id=\"attachment_9325\" style=\"width: 650px\" class=\"wp-caption aligncenter\"><a href=\"http:\/\/montreux-vieux.net\/montreux-vieux.net\/wp-content\/uploads\/2016\/02\/Num\u00e9riser0003.jpg\" target=\"_blank\" rel=\"noopener noreferrer\"><img loading=\"lazy\" decoding=\"async\" aria-describedby=\"caption-attachment-9325\" class=\"wp-image-9325 size-large\" src=\"http:\/\/montreux-vieux.net\/montreux-vieux.net\/wp-content\/uploads\/2016\/02\/Num\u00e9riser0003-1024x642.jpg\" alt=\"Inauguration de la salle des f\u00eates en 1959\" width=\"640\" height=\"401\" srcset=\"https:\/\/montreux-vieux.net\/montreux-vieux.net\/wp-content\/uploads\/2016\/02\/Num\u00e9riser0003-1024x642.jpg 1024w, https:\/\/montreux-vieux.net\/montreux-vieux.net\/wp-content\/uploads\/2016\/02\/Num\u00e9riser0003-300x188.jpg 300w, https:\/\/montreux-vieux.net\/montreux-vieux.net\/wp-content\/uploads\/2016\/02\/Num\u00e9riser0003-768x482.jpg 768w, https:\/\/montreux-vieux.net\/montreux-vieux.net\/wp-content\/uploads\/2016\/02\/Num\u00e9riser0003-600x376.jpg 600w, https:\/\/montreux-vieux.net\/montreux-vieux.net\/wp-content\/uploads\/2016\/02\/Num\u00e9riser0003.jpg 1028w\" sizes=\"auto, (max-width: 640px) 100vw, 640px\" \/><\/a><p id=\"caption-attachment-9325\" class=\"wp-caption-text\">A l&rsquo;occasion de l&rsquo;inauguration de la salle des f\u00eates la musique municipale de Dannemarie et quelques membres de l&rsquo;accord\u00e9on Club de Montreux-Vieux<\/p><\/div>\n","protected":false},"excerpt":{"rendered":"<p>L\u2019Accord\u00e9on Club de Montreux-Vieux Sous la baguette de Monsieur Aim\u00e9 M\u00e9rian, l\u2019accord\u00e9on club \u00e9tait pr\u00e9sid\u00e9 par Monsieur Paul Braunstedter, boucher \u00e0 Montreux-Vieux. Cette association parcourait de nombreuses villes et villages \u00e0 l\u2019\u00e9poque. En 1948, elle \u00e9tait invit\u00e9e \u00e0 la Foire-Expositions &hellip; <a href=\"https:\/\/montreux-vieux.net\/?page_id=7089\">Continuer la lecture <span class=\"meta-nav\">&rarr;<\/span><\/a><\/p>\n","protected":false},"author":1,"featured_media":0,"parent":12669,"menu_order":12,"comment_status":"closed","ping_status":"open","template":"","meta":{"footnotes":""},"class_list":["post-7089","page","type-page","status-publish","hentry"],"_links":{"self":[{"href":"https:\/\/montreux-vieux.net\/index.php?rest_route=\/wp\/v2\/pages\/7089","targetHints":{"allow":["GET"]}}],"collection":[{"href":"https:\/\/montreux-vieux.net\/index.php?rest_route=\/wp\/v2\/pages"}],"about":[{"href":"https:\/\/montreux-vieux.net\/index.php?rest_route=\/wp\/v2\/types\/page"}],"author":[{"embeddable":true,"href":"https:\/\/montreux-vieux.net\/index.php?rest_route=\/wp\/v2\/users\/1"}],"replies":[{"embeddable":true,"href":"https:\/\/montreux-vieux.net\/index.php?rest_route=%2Fwp%2Fv2%2Fcomments&post=7089"}],"version-history":[{"count":3,"href":"https:\/\/montreux-vieux.net\/index.php?rest_route=\/wp\/v2\/pages\/7089\/revisions"}],"predecessor-version":[{"id":12789,"href":"https:\/\/montreux-vieux.net\/index.php?rest_route=\/wp\/v2\/pages\/7089\/revisions\/12789"}],"up":[{"embeddable":true,"href":"https:\/\/montreux-vieux.net\/index.php?rest_route=\/wp\/v2\/pages\/12669"}],"wp:attachment":[{"href":"https:\/\/montreux-vieux.net\/index.php?rest_route=%2Fwp%2Fv2%2Fmedia&parent=7089"}],"curies":[{"name":"wp","href":"https:\/\/api.w.org\/{rel}","templated":true}]}}