{"id":7992,"date":"2016-10-13T13:33:01","date_gmt":"2016-10-13T12:33:01","guid":{"rendered":"http:\/\/montreux-vieux.net\/?page_id=7992"},"modified":"2019-01-02T14:02:39","modified_gmt":"2019-01-02T13:02:39","slug":"la-cabine-telephonique-a-ete-deposee-en-092016","status":"publish","type":"page","link":"https:\/\/montreux-vieux.net\/?page_id=7992","title":{"rendered":"La cabine t\u00e9l\u00e9phonique a \u00e9t\u00e9 d\u00e9pos\u00e9e en 09\/2016"},"content":{"rendered":"<h3 style=\"text-align: center;\">La cabine t\u00e9l\u00e9phonique a \u00e9t\u00e9 d\u00e9pos\u00e9e en 09\/2016<\/h3>\n<h4 style=\"text-align: justify;\">La cabine t\u00e9l\u00e9phonique faisant partie du paysage montreusien durant de longues ann\u00e9es a \u00e9t\u00e9 d\u00e9pos\u00e9e en septembre 2016 par les services de La Poste.<\/h4>\n<h4 style=\"text-align: justify;\">Elles seront d\u00e9pos\u00e9es sur l\u2019ensemble du territoire fran\u00e7ais pour le 31 d\u00e9cembre 2017.<\/h4>\n<p style=\"text-align: center;\"><a href=\"http:\/\/montreux-vieux.net\/montreux-vieux.net\/wp-content\/uploads\/2016\/09\/ScreenShot154.jpg\" target=\"_blank\"><img loading=\"lazy\" decoding=\"async\" class=\"aligncenter wp-image-7814 size-full\" src=\"http:\/\/montreux-vieux.net\/montreux-vieux.net\/wp-content\/uploads\/2016\/09\/ScreenShot154.jpg\" alt=\"La cabine t\u00e9l\u00e9phonique\" width=\"743\" height=\"593\" srcset=\"https:\/\/montreux-vieux.net\/montreux-vieux.net\/wp-content\/uploads\/2016\/09\/ScreenShot154.jpg 743w, https:\/\/montreux-vieux.net\/montreux-vieux.net\/wp-content\/uploads\/2016\/09\/ScreenShot154-300x239.jpg 300w, https:\/\/montreux-vieux.net\/montreux-vieux.net\/wp-content\/uploads\/2016\/09\/ScreenShot154-600x479.jpg 600w\" sizes=\"auto, (max-width: 743px) 100vw, 743px\" \/><\/a><\/p>\n","protected":false},"excerpt":{"rendered":"<p>La cabine t\u00e9l\u00e9phonique a \u00e9t\u00e9 d\u00e9pos\u00e9e en 09\/2016 La cabine t\u00e9l\u00e9phonique faisant partie du paysage montreusien durant de longues ann\u00e9es a \u00e9t\u00e9 d\u00e9pos\u00e9e en septembre 2016 par les services de La Poste. Elles seront d\u00e9pos\u00e9es sur l\u2019ensemble du territoire fran\u00e7ais &hellip; <a href=\"https:\/\/montreux-vieux.net\/?page_id=7992\">Continuer la lecture <span class=\"meta-nav\">&rarr;<\/span><\/a><\/p>\n","protected":false},"author":1,"featured_media":0,"parent":13036,"menu_order":32,"comment_status":"closed","ping_status":"open","template":"","meta":{"footnotes":""},"class_list":["post-7992","page","type-page","status-publish","hentry"],"_links":{"self":[{"href":"https:\/\/montreux-vieux.net\/index.php?rest_route=\/wp\/v2\/pages\/7992","targetHints":{"allow":["GET"]}}],"collection":[{"href":"https:\/\/montreux-vieux.net\/index.php?rest_route=\/wp\/v2\/pages"}],"about":[{"href":"https:\/\/montreux-vieux.net\/index.php?rest_route=\/wp\/v2\/types\/page"}],"author":[{"embeddable":true,"href":"https:\/\/montreux-vieux.net\/index.php?rest_route=\/wp\/v2\/users\/1"}],"replies":[{"embeddable":true,"href":"https:\/\/montreux-vieux.net\/index.php?rest_route=%2Fwp%2Fv2%2Fcomments&post=7992"}],"version-history":[{"count":2,"href":"https:\/\/montreux-vieux.net\/index.php?rest_route=\/wp\/v2\/pages\/7992\/revisions"}],"predecessor-version":[{"id":13350,"href":"https:\/\/montreux-vieux.net\/index.php?rest_route=\/wp\/v2\/pages\/7992\/revisions\/13350"}],"up":[{"embeddable":true,"href":"https:\/\/montreux-vieux.net\/index.php?rest_route=\/wp\/v2\/pages\/13036"}],"wp:attachment":[{"href":"https:\/\/montreux-vieux.net\/index.php?rest_route=%2Fwp%2Fv2%2Fmedia&parent=7992"}],"curies":[{"name":"wp","href":"https:\/\/api.w.org\/{rel}","templated":true}]}}