{"id":8004,"date":"2016-10-13T13:55:55","date_gmt":"2016-10-13T12:55:55","guid":{"rendered":"http:\/\/montreux-vieux.net\/?page_id=8004"},"modified":"2020-06-17T15:51:15","modified_gmt":"2020-06-17T14:51:15","slug":"le-saviez-vous-montreux-vieux-disposait-de-la-croix-rouge-de-brancardiers-et-dinfirmiers","status":"publish","type":"page","link":"https:\/\/montreux-vieux.net\/?page_id=8004","title":{"rendered":"Le saviez-vous ? Montreux-Vieux disposait de la Croix Rouge de brancardiers et d\u2019infirmiers"},"content":{"rendered":"<h3 style=\"text-align: center;\">Le saviez-vous ? Montreux-Vieux disposait de la Croix Rouge de brancardiers et d\u2019infirmiers<\/h3>\n<h4 style=\"text-align: justify;\">En janvier 1937 &nbsp;M. Barbier (Ernest-Joseph), chef instructeur de la section des infirmiers-brancardiers volontaires de Croix-Rouge fran\u00e7aise de <span class=\"highlightedText\">Montreux-Vieux a \u00e9t\u00e9 d\u00e9cor\u00e9 de la&nbsp;<\/span>&nbsp;M\u00e9daille de bronze.(journal officiel du 7 mai 1936)<\/h4>\n<p style=\"text-align: center;\"><a href=\"http:\/\/montreux-vieux.net\/montreux-vieux.net\/wp-content\/uploads\/2016\/09\/winterCollection-1.jpg\" target=\"_blank\" rel=\"noopener noreferrer\"><img loading=\"lazy\" decoding=\"async\" class=\"aligncenter wp-image-7747 size-full\" src=\"http:\/\/montreux-vieux.net\/montreux-vieux.net\/wp-content\/uploads\/2016\/09\/winterCollection-1.jpg\" alt=\"infirmiers\" width=\"944\" height=\"755\" srcset=\"https:\/\/montreux-vieux.net\/montreux-vieux.net\/wp-content\/uploads\/2016\/09\/winterCollection-1.jpg 944w, https:\/\/montreux-vieux.net\/montreux-vieux.net\/wp-content\/uploads\/2016\/09\/winterCollection-1-300x240.jpg 300w, https:\/\/montreux-vieux.net\/montreux-vieux.net\/wp-content\/uploads\/2016\/09\/winterCollection-1-768x614.jpg 768w, https:\/\/montreux-vieux.net\/montreux-vieux.net\/wp-content\/uploads\/2016\/09\/winterCollection-1-600x480.jpg 600w\" sizes=\"auto, (max-width: 944px) 100vw, 944px\" \/><\/a><\/p>\n\n\n<p><\/p>\n\n\n\n<p class=\"has-text-align-center\">Exercice annuel<\/p>\n\n\n\n<p>MONTREUX-VIEUX &#8230; Exercice annuel des infirmiers-brancardiers de l\u2019arrondissement. \u2014 C est par une chaleur caniculaire que s est d\u00e9roul\u00e9 a Montreux-Vieux le deuxi\u00e8me exercice d\u2019ensemble des soci\u00e9t\u00e9s de la Croix-Rouge du sous-groupement d\u2019Altkirch. M. le sous-pr\u00e9fet Hollweek assistait a la manoeuvre, et s\u2019en montra enchant\u00e9. Un brillant d\u00e9fil\u00e9, un bref arr\u00eat devant le monument aux morts o\u00f9 fut d\u00e9pos\u00e9e une couronne et observ\u00e9e une minute de silence, pr\u00e9c\u00e9d\u00e8rent l\u2019exercice qui se d\u00e9roula sur un pr\u00e9 voisin. Il s\u2019agissait de donner les premiers secours aux victimes d\u2019une catastrophe de chemin de fer. Les op\u00e9rations de pansement et d&rsquo;\u00e9vacuation par autos, train et m\u00eame par une p\u00e9niche, se d\u00e9roul\u00e8rent avec une promptitude remarquable, qui valut aux infirmiers-brancardiers les \u00e9loges sans restriction de leurs chefs. Un vin d\u2019honneur fut servi \u00e0 l\u2019issue de l\u2019exercice, en attendant le banquet, qui termina de la plus agr\u00e9able et r\u00e9confortante mani\u00e8re cette belle manifestation, sanitaire.<\/p>\n\n\n\n<p>Sources\u00a0: L\u2019Express de Mulhouse<strong> 2 juillet 1935<\/strong><\/p>\n","protected":false},"excerpt":{"rendered":"<p>Le saviez-vous ? Montreux-Vieux disposait de la Croix Rouge de brancardiers et d\u2019infirmiers En janvier 1937 &nbsp;M. Barbier (Ernest-Joseph), chef instructeur de la section des infirmiers-brancardiers volontaires de Croix-Rouge fran\u00e7aise de Montreux-Vieux a \u00e9t\u00e9 d\u00e9cor\u00e9 de la&nbsp;&nbsp;M\u00e9daille de bronze.(journal officiel &hellip; <a href=\"https:\/\/montreux-vieux.net\/?page_id=8004\">Continuer la lecture <span class=\"meta-nav\">&rarr;<\/span><\/a><\/p>\n","protected":false},"author":1,"featured_media":0,"parent":13030,"menu_order":4,"comment_status":"closed","ping_status":"open","template":"","meta":{"footnotes":""},"class_list":["post-8004","page","type-page","status-publish","hentry"],"_links":{"self":[{"href":"https:\/\/montreux-vieux.net\/index.php?rest_route=\/wp\/v2\/pages\/8004","targetHints":{"allow":["GET"]}}],"collection":[{"href":"https:\/\/montreux-vieux.net\/index.php?rest_route=\/wp\/v2\/pages"}],"about":[{"href":"https:\/\/montreux-vieux.net\/index.php?rest_route=\/wp\/v2\/types\/page"}],"author":[{"embeddable":true,"href":"https:\/\/montreux-vieux.net\/index.php?rest_route=\/wp\/v2\/users\/1"}],"replies":[{"embeddable":true,"href":"https:\/\/montreux-vieux.net\/index.php?rest_route=%2Fwp%2Fv2%2Fcomments&post=8004"}],"version-history":[{"count":5,"href":"https:\/\/montreux-vieux.net\/index.php?rest_route=\/wp\/v2\/pages\/8004\/revisions"}],"predecessor-version":[{"id":19732,"href":"https:\/\/montreux-vieux.net\/index.php?rest_route=\/wp\/v2\/pages\/8004\/revisions\/19732"}],"up":[{"embeddable":true,"href":"https:\/\/montreux-vieux.net\/index.php?rest_route=\/wp\/v2\/pages\/13030"}],"wp:attachment":[{"href":"https:\/\/montreux-vieux.net\/index.php?rest_route=%2Fwp%2Fv2%2Fmedia&parent=8004"}],"curies":[{"name":"wp","href":"https:\/\/api.w.org\/{rel}","templated":true}]}}