{"id":8010,"date":"2016-10-13T14:13:21","date_gmt":"2016-10-13T13:13:21","guid":{"rendered":"http:\/\/montreux-vieux.net\/?page_id=8010"},"modified":"2016-10-13T14:13:21","modified_gmt":"2016-10-13T13:13:21","slug":"le-saviez-vous-il-y-avait-deja-un-dentiste-a-montreux-vieux-en-1912","status":"publish","type":"page","link":"https:\/\/montreux-vieux.net\/?page_id=8010","title":{"rendered":"Le saviez-vous ? Il y avait d\u00e9j\u00e0 un dentiste \u00e0 Montreux-Vieux en 1912"},"content":{"rendered":"<h3 style=\"text-align: center;\">Le saviez-vous\u00a0? Il y avait d\u00e9j\u00e0 un dentiste \u00e0 Montreux-Vieux en 1912<\/h3>\n<p><a href=\"http:\/\/montreux-vieux.net\/montreux-vieux.net\/wp-content\/uploads\/2016\/02\/mammals.jpg\" target=\"_blank\"><img loading=\"lazy\" decoding=\"async\" class=\"aligncenter wp-image-7070 size-full\" src=\"http:\/\/montreux-vieux.net\/montreux-vieux.net\/wp-content\/uploads\/2016\/02\/mammals.jpg\" sizes=\"auto, (max-width: 944px) 100vw, 944px\" srcset=\"http:\/\/montreux-vieux.net\/montreux-vieux.net\/wp-content\/uploads\/2016\/02\/mammals.jpg 944w, http:\/\/montreux-vieux.net\/montreux-vieux.net\/wp-content\/uploads\/2016\/02\/mammals-300x240.jpg 300w, http:\/\/montreux-vieux.net\/montreux-vieux.net\/wp-content\/uploads\/2016\/02\/mammals-768x614.jpg 768w, http:\/\/montreux-vieux.net\/montreux-vieux.net\/wp-content\/uploads\/2016\/02\/mammals-600x480.jpg 600w\" alt=\"dentiste \" width=\"944\" height=\"755\" \/><\/a><\/p>\n<h4 style=\"text-align: justify;\">Il y avait d\u00e9j\u00e0 un dentiste \u00e0 Montreux-Vieux en 1912. Ce dernier avait besoin d\u2019un m\u00e9canicien\u00a0(proth\u00e9siste), un jeune sortant d\u2019apprentissage. Il sera nourri et log\u00e9. L\u2019article pr\u00e9cise que pour tout renseignement il fallait \u00e9crire \u00e0 Monsieur Descours, H\u00f4tel Lorentz \u00e0 Montreux-Vieux (Alsace).<\/h4>\n<h4 style=\"text-align: justify;\">Le Monde dentaire \u2013 Journal des dentistes fran\u00e7ais de juillet 1912<\/h4>\n","protected":false},"excerpt":{"rendered":"<p>Le saviez-vous\u00a0? Il y avait d\u00e9j\u00e0 un dentiste \u00e0 Montreux-Vieux en 1912 Il y avait d\u00e9j\u00e0 un dentiste \u00e0 Montreux-Vieux en 1912. Ce dernier avait besoin d\u2019un m\u00e9canicien\u00a0(proth\u00e9siste), un jeune sortant d\u2019apprentissage. Il sera nourri et log\u00e9. L\u2019article pr\u00e9cise que &hellip; <a href=\"https:\/\/montreux-vieux.net\/?page_id=8010\">Continuer la lecture <span class=\"meta-nav\">&rarr;<\/span><\/a><\/p>\n","protected":false},"author":1,"featured_media":0,"parent":1502,"menu_order":10,"comment_status":"closed","ping_status":"open","template":"","meta":{"footnotes":""},"class_list":["post-8010","page","type-page","status-publish","hentry"],"_links":{"self":[{"href":"https:\/\/montreux-vieux.net\/index.php?rest_route=\/wp\/v2\/pages\/8010","targetHints":{"allow":["GET"]}}],"collection":[{"href":"https:\/\/montreux-vieux.net\/index.php?rest_route=\/wp\/v2\/pages"}],"about":[{"href":"https:\/\/montreux-vieux.net\/index.php?rest_route=\/wp\/v2\/types\/page"}],"author":[{"embeddable":true,"href":"https:\/\/montreux-vieux.net\/index.php?rest_route=\/wp\/v2\/users\/1"}],"replies":[{"embeddable":true,"href":"https:\/\/montreux-vieux.net\/index.php?rest_route=%2Fwp%2Fv2%2Fcomments&post=8010"}],"version-history":[{"count":1,"href":"https:\/\/montreux-vieux.net\/index.php?rest_route=\/wp\/v2\/pages\/8010\/revisions"}],"predecessor-version":[{"id":8011,"href":"https:\/\/montreux-vieux.net\/index.php?rest_route=\/wp\/v2\/pages\/8010\/revisions\/8011"}],"up":[{"embeddable":true,"href":"https:\/\/montreux-vieux.net\/index.php?rest_route=\/wp\/v2\/pages\/1502"}],"wp:attachment":[{"href":"https:\/\/montreux-vieux.net\/index.php?rest_route=%2Fwp%2Fv2%2Fmedia&parent=8010"}],"curies":[{"name":"wp","href":"https:\/\/api.w.org\/{rel}","templated":true}]}}