{"id":8376,"date":"2016-11-02T16:24:43","date_gmt":"2016-11-02T15:24:43","guid":{"rendered":"http:\/\/montreux-vieux.net\/?page_id=8376"},"modified":"2019-01-02T14:47:01","modified_gmt":"2019-01-02T13:47:01","slug":"le-temple","status":"publish","type":"page","link":"https:\/\/montreux-vieux.net\/?page_id=8376","title":{"rendered":"Le Temple"},"content":{"rendered":"<h3 style=\"text-align: center;\">Signification de l&rsquo;\u00e9criture gothique sur le mur du Temple<\/h3>\n<h4 style=\"text-align: justify;\">Certaines personnes ignorent la signification de l&rsquo;\u00e9criture gothique qui figure sur le mur du Temple. Voici ce que pr\u00e9cisement cela veut dire: \u00ab\u00a0Bienheureux sont ceux qui entendent et&nbsp; suivent la parole de Dieu\u00a0\u00bb<\/h4>\n<p style=\"text-align: center;\"><a href=\"http:\/\/montreux-vieux.net\/montreux-vieux.net\/wp-content\/uploads\/2016\/10\/ExmoorSomerset.jpg\" target=\"_blank\"><img loading=\"lazy\" decoding=\"async\" class=\"aligncenter wp-image-8024 size-full\" src=\"http:\/\/montreux-vieux.net\/montreux-vieux.net\/wp-content\/uploads\/2016\/10\/ExmoorSomerset.jpg\" alt=\"Bienheureux sont ceux qui entendent et suivent la parole de Dieu\" width=\"944\" height=\"755\" srcset=\"https:\/\/montreux-vieux.net\/montreux-vieux.net\/wp-content\/uploads\/2016\/10\/ExmoorSomerset.jpg 944w, https:\/\/montreux-vieux.net\/montreux-vieux.net\/wp-content\/uploads\/2016\/10\/ExmoorSomerset-300x240.jpg 300w, https:\/\/montreux-vieux.net\/montreux-vieux.net\/wp-content\/uploads\/2016\/10\/ExmoorSomerset-768x614.jpg 768w, https:\/\/montreux-vieux.net\/montreux-vieux.net\/wp-content\/uploads\/2016\/10\/ExmoorSomerset-600x480.jpg 600w\" sizes=\"auto, (max-width: 944px) 100vw, 944px\" \/><\/a><\/p>\n","protected":false},"excerpt":{"rendered":"<p>Signification de l&rsquo;\u00e9criture gothique sur le mur du Temple Certaines personnes ignorent la signification de l&rsquo;\u00e9criture gothique qui figure sur le mur du Temple. Voici ce que pr\u00e9cisement cela veut dire: \u00ab\u00a0Bienheureux sont ceux qui entendent et&nbsp; suivent la parole &hellip; <a href=\"https:\/\/montreux-vieux.net\/?page_id=8376\">Continuer la lecture <span class=\"meta-nav\">&rarr;<\/span><\/a><\/p>\n","protected":false},"author":1,"featured_media":0,"parent":13022,"menu_order":4,"comment_status":"closed","ping_status":"open","template":"","meta":{"footnotes":""},"class_list":["post-8376","page","type-page","status-publish","hentry"],"_links":{"self":[{"href":"https:\/\/montreux-vieux.net\/index.php?rest_route=\/wp\/v2\/pages\/8376","targetHints":{"allow":["GET"]}}],"collection":[{"href":"https:\/\/montreux-vieux.net\/index.php?rest_route=\/wp\/v2\/pages"}],"about":[{"href":"https:\/\/montreux-vieux.net\/index.php?rest_route=\/wp\/v2\/types\/page"}],"author":[{"embeddable":true,"href":"https:\/\/montreux-vieux.net\/index.php?rest_route=\/wp\/v2\/users\/1"}],"replies":[{"embeddable":true,"href":"https:\/\/montreux-vieux.net\/index.php?rest_route=%2Fwp%2Fv2%2Fcomments&post=8376"}],"version-history":[{"count":2,"href":"https:\/\/montreux-vieux.net\/index.php?rest_route=\/wp\/v2\/pages\/8376\/revisions"}],"predecessor-version":[{"id":13361,"href":"https:\/\/montreux-vieux.net\/index.php?rest_route=\/wp\/v2\/pages\/8376\/revisions\/13361"}],"up":[{"embeddable":true,"href":"https:\/\/montreux-vieux.net\/index.php?rest_route=\/wp\/v2\/pages\/13022"}],"wp:attachment":[{"href":"https:\/\/montreux-vieux.net\/index.php?rest_route=%2Fwp%2Fv2%2Fmedia&parent=8376"}],"curies":[{"name":"wp","href":"https:\/\/api.w.org\/{rel}","templated":true}]}}