{"id":8378,"date":"2016-11-02T16:26:21","date_gmt":"2016-11-02T15:26:21","guid":{"rendered":"http:\/\/montreux-vieux.net\/?page_id=8378"},"modified":"2019-02-03T14:44:31","modified_gmt":"2019-02-03T13:44:31","slug":"le-jumelage-montreux-vieux-voltago-agordino","status":"publish","type":"page","link":"https:\/\/montreux-vieux.net\/?page_id=8378","title":{"rendered":"Le Jumelage Montreux-Vieux &#8211; Voltago-Agordino"},"content":{"rendered":"<h3 style=\"text-align: center;\">Le Jumelage Montreux-Vieux &#8211; Voltago-Agordino<\/h3>\n<h4 style=\"text-align: justify;\">C\u2019est en date du 30 avril 2004 que fut sign\u00e9 le serment de jumelage entre la commune de Montreux-Vieux et celle de Voltago-Agordino en Italie.<\/h4>\n<h4 style=\"text-align: justify;\">Le choix du village est simple, 10% de la population italienne domicili\u00e9e \u00e0 Montreux-Vieux est issue du village de Voltago-Agordino, elle est arriv\u00e9e apr\u00e8s guerre pour travailler dans l\u2019usine de filature et tissage (FTT) et souvent log\u00e9e dans ce que l\u2019on appelait \u00ab&nbsp;Les baraques &nbsp;am\u00e9ricaines&nbsp;\u00bb \u00e0 l&#8217;emplacement ou se trouvents le terrain de tennis.<\/h4>\n<h4 style=\"text-align: justify;\">Cette amiti\u00e9 d\u00e9sormais scell\u00e9e par ce serment permet le brassage de population dans un climat de confiance et dans une ambiance de conviviabilit\u00e9 mais aussi favoriser des \u00e9changes culturels etc. Depuis 2004 plusieurs \u00e9changes&nbsp;se sont succ\u00e9d\u00e9s.<\/h4>\n<p style=\"text-align: center;\"><a href=\"http:\/\/montreux-vieux.net\/montreux-vieux.net\/wp-content\/uploads\/2016\/10\/montreux-vieux-voltago.jpg\" target=\"_blank\"><img loading=\"lazy\" decoding=\"async\" class=\"aligncenter wp-image-7960 size-full\" src=\"http:\/\/montreux-vieux.net\/montreux-vieux.net\/wp-content\/uploads\/2016\/10\/montreux-vieux-voltago.jpg\" alt=\"montreux-vieux-voltago\" width=\"944\" height=\"755\" srcset=\"https:\/\/montreux-vieux.net\/montreux-vieux.net\/wp-content\/uploads\/2016\/10\/montreux-vieux-voltago.jpg 944w, https:\/\/montreux-vieux.net\/montreux-vieux.net\/wp-content\/uploads\/2016\/10\/montreux-vieux-voltago-300x240.jpg 300w, https:\/\/montreux-vieux.net\/montreux-vieux.net\/wp-content\/uploads\/2016\/10\/montreux-vieux-voltago-768x614.jpg 768w, https:\/\/montreux-vieux.net\/montreux-vieux.net\/wp-content\/uploads\/2016\/10\/montreux-vieux-voltago-600x480.jpg 600w\" sizes=\"auto, (max-width: 944px) 100vw, 944px\" \/><\/a><\/p>\n\n\n<div class=\"wp-block-image\"><figure class=\"aligncenter\"><a href=\"http:\/\/montreux-vieux.net\/montreux-vieux.net\/wp-content\/uploads\/2017\/09\/Samedi-16-septembre-2017-\u00e0-10-h-\u00e0-la-caserne-des-sapeurs-pompiers-de-Montreux-Vieux.jpg\" target=\"_blank\" rel=\"noreferrer noopener\"><img loading=\"lazy\" decoding=\"async\" width=\"945\" height=\"756\" src=\"http:\/\/montreux-vieux.net\/montreux-vieux.net\/wp-content\/uploads\/2017\/09\/Samedi-16-septembre-2017-\u00e0-10-h-\u00e0-la-caserne-des-sapeurs-pompiers-de-Montreux-Vieux.jpg\" alt=\"Signature d'un pacte civil Montreux-Vieux-Voltago\" class=\"wp-image-9683\" srcset=\"https:\/\/montreux-vieux.net\/montreux-vieux.net\/wp-content\/uploads\/2017\/09\/Samedi-16-septembre-2017-\u00e0-10-h-\u00e0-la-caserne-des-sapeurs-pompiers-de-Montreux-Vieux.jpg 945w, https:\/\/montreux-vieux.net\/montreux-vieux.net\/wp-content\/uploads\/2017\/09\/Samedi-16-septembre-2017-\u00e0-10-h-\u00e0-la-caserne-des-sapeurs-pompiers-de-Montreux-Vieux-300x240.jpg 300w, https:\/\/montreux-vieux.net\/montreux-vieux.net\/wp-content\/uploads\/2017\/09\/Samedi-16-septembre-2017-\u00e0-10-h-\u00e0-la-caserne-des-sapeurs-pompiers-de-Montreux-Vieux-768x614.jpg 768w, https:\/\/montreux-vieux.net\/montreux-vieux.net\/wp-content\/uploads\/2017\/09\/Samedi-16-septembre-2017-\u00e0-10-h-\u00e0-la-caserne-des-sapeurs-pompiers-de-Montreux-Vieux-600x480.jpg 600w\" sizes=\"auto, (max-width: 945px) 100vw, 945px\" \/><\/a><\/figure><\/div>\n\n\n\n<h3 class=\"wp-block-heading\" style=\"text-align:center\">Signature d&rsquo;un pacte d&rsquo;amiti\u00e9 entre la garde civile de Voltago et les sapeurs pompiers de Montreux-Vieux<\/h3>\n\n\n\n<figure class=\"wp-block-image\"><img decoding=\"async\" src=\"http:\/\/montreux-vieux.net\/montreux-vieux.net\/wp-content\/uploads\/2017\/09\/2017.jpg\" alt=\"Signature d'un pacte d'amiti\u00e9\"\/><\/figure>\n","protected":false},"excerpt":{"rendered":"<p>Le Jumelage Montreux-Vieux &#8211; Voltago-Agordino C\u2019est en date du 30 avril 2004 que fut sign\u00e9 le serment de jumelage entre la commune de Montreux-Vieux et celle de Voltago-Agordino en Italie. Le choix du village est simple, 10% de la population &hellip; <a href=\"https:\/\/montreux-vieux.net\/?page_id=8378\">Continuer la lecture <span class=\"meta-nav\">&rarr;<\/span><\/a><\/p>\n","protected":false},"author":1,"featured_media":0,"parent":13042,"menu_order":12,"comment_status":"closed","ping_status":"open","template":"","meta":{"footnotes":""},"class_list":["post-8378","page","type-page","status-publish","hentry"],"_links":{"self":[{"href":"https:\/\/montreux-vieux.net\/index.php?rest_route=\/wp\/v2\/pages\/8378","targetHints":{"allow":["GET"]}}],"collection":[{"href":"https:\/\/montreux-vieux.net\/index.php?rest_route=\/wp\/v2\/pages"}],"about":[{"href":"https:\/\/montreux-vieux.net\/index.php?rest_route=\/wp\/v2\/types\/page"}],"author":[{"embeddable":true,"href":"https:\/\/montreux-vieux.net\/index.php?rest_route=\/wp\/v2\/users\/1"}],"replies":[{"embeddable":true,"href":"https:\/\/montreux-vieux.net\/index.php?rest_route=%2Fwp%2Fv2%2Fcomments&post=8378"}],"version-history":[{"count":5,"href":"https:\/\/montreux-vieux.net\/index.php?rest_route=\/wp\/v2\/pages\/8378\/revisions"}],"predecessor-version":[{"id":14574,"href":"https:\/\/montreux-vieux.net\/index.php?rest_route=\/wp\/v2\/pages\/8378\/revisions\/14574"}],"up":[{"embeddable":true,"href":"https:\/\/montreux-vieux.net\/index.php?rest_route=\/wp\/v2\/pages\/13042"}],"wp:attachment":[{"href":"https:\/\/montreux-vieux.net\/index.php?rest_route=%2Fwp%2Fv2%2Fmedia&parent=8378"}],"curies":[{"name":"wp","href":"https:\/\/api.w.org\/{rel}","templated":true}]}}