{"id":9418,"date":"2017-06-28T16:17:45","date_gmt":"2017-06-28T15:17:45","guid":{"rendered":"http:\/\/montreux-vieux.net\/?page_id=9418"},"modified":"2018-12-25T18:08:47","modified_gmt":"2018-12-25T17:08:47","slug":"le-saviez-vous-trains-de-marchandises-entre-montreux-vieux-et-berlin","status":"publish","type":"page","link":"https:\/\/montreux-vieux.net\/?page_id=9418","title":{"rendered":"Le saviez-vous\u00a0? Trains de marchandises entre Montreux-Vieux et Berlin"},"content":{"rendered":"<h3 style=\"text-align: center;\">Le saviez-vous&nbsp;? Trains de marchandises entre Montreux-Vieux et Berlin<\/h3>\n<p style=\"text-align: center;\"><a href=\"http:\/\/montreux-vieux.net\/montreux-vieux.net\/wp-content\/uploads\/2017\/06\/photography-2.jpg\" target=\"_blank\" rel=\"noopener\"><img loading=\"lazy\" decoding=\"async\" class=\"aligncenter wp-image-9415 size-full\" src=\"http:\/\/montreux-vieux.net\/montreux-vieux.net\/wp-content\/uploads\/2017\/06\/photography-2.jpg\" alt=\"Le saviez-vous&nbsp;? Trains de marchandises entre Montreux-Vieux et Berlin\" width=\"945\" height=\"756\" srcset=\"https:\/\/montreux-vieux.net\/montreux-vieux.net\/wp-content\/uploads\/2017\/06\/photography-2.jpg 945w, https:\/\/montreux-vieux.net\/montreux-vieux.net\/wp-content\/uploads\/2017\/06\/photography-2-300x240.jpg 300w, https:\/\/montreux-vieux.net\/montreux-vieux.net\/wp-content\/uploads\/2017\/06\/photography-2-768x614.jpg 768w, https:\/\/montreux-vieux.net\/montreux-vieux.net\/wp-content\/uploads\/2017\/06\/photography-2-600x480.jpg 600w\" sizes=\"auto, (max-width: 945px) 100vw, 945px\" \/><\/a><\/p>\n<h4 style=\"text-align: justify;\">En 1911 un&nbsp; tableau figurant dans les Anales de l&rsquo;Institut national agronomique : administration, enseignement et recherche&nbsp;(BNF), publie les horaires de certains trains permettant l\u2019acheminement de marchandises entre certaines gares. Cet \u00e9tat indique la gare exp\u00e9ditrice de Montreux-Vieux et celle destinatrice de Berlin avec un parcours de 902 km. L\u2019heure de d\u00e9part est 8h 51 et l\u2019heure d\u2019arriv\u00e9e 10h 25. soit une dur\u00e9e de trajet de 50h 34 en vitesse commerciale de 17, 8 km \u00e0 l\u2019heure.. Les trains utilis\u00e9s portaient les num\u00e9ros suivants&nbsp;: 39, 6884, 6887, 6363, 519, 6091, 891 et 6077.<\/h4>\n<h4 style=\"text-align: justify;\">Ce tableau porte aussi la mention <strong>\u00ab&nbsp;<em>Le tableau suivant, dress\u00e9 d&rsquo;apr\u00e8s les horaires publi\u00e9s, &nbsp;<\/em><em>permet de se rendre compte de la rapidit\u00e9 de ces acheminements<\/em>&nbsp;\u00bb<\/strong><\/h4>\n","protected":false},"excerpt":{"rendered":"<p>Le saviez-vous&nbsp;? Trains de marchandises entre Montreux-Vieux et Berlin En 1911 un&nbsp; tableau figurant dans les Anales de l&rsquo;Institut national agronomique : administration, enseignement et recherche&nbsp;(BNF), publie les horaires de certains trains permettant l\u2019acheminement de marchandises entre certaines gares. Cet &hellip; <a href=\"https:\/\/montreux-vieux.net\/?page_id=9418\">Continuer la lecture <span class=\"meta-nav\">&rarr;<\/span><\/a><\/p>\n","protected":false},"author":1,"featured_media":0,"parent":13007,"menu_order":6,"comment_status":"closed","ping_status":"open","template":"","meta":{"footnotes":""},"class_list":["post-9418","page","type-page","status-publish","hentry"],"_links":{"self":[{"href":"https:\/\/montreux-vieux.net\/index.php?rest_route=\/wp\/v2\/pages\/9418","targetHints":{"allow":["GET"]}}],"collection":[{"href":"https:\/\/montreux-vieux.net\/index.php?rest_route=\/wp\/v2\/pages"}],"about":[{"href":"https:\/\/montreux-vieux.net\/index.php?rest_route=\/wp\/v2\/types\/page"}],"author":[{"embeddable":true,"href":"https:\/\/montreux-vieux.net\/index.php?rest_route=\/wp\/v2\/users\/1"}],"replies":[{"embeddable":true,"href":"https:\/\/montreux-vieux.net\/index.php?rest_route=%2Fwp%2Fv2%2Fcomments&post=9418"}],"version-history":[{"count":3,"href":"https:\/\/montreux-vieux.net\/index.php?rest_route=\/wp\/v2\/pages\/9418\/revisions"}],"predecessor-version":[{"id":12780,"href":"https:\/\/montreux-vieux.net\/index.php?rest_route=\/wp\/v2\/pages\/9418\/revisions\/12780"}],"up":[{"embeddable":true,"href":"https:\/\/montreux-vieux.net\/index.php?rest_route=\/wp\/v2\/pages\/13007"}],"wp:attachment":[{"href":"https:\/\/montreux-vieux.net\/index.php?rest_route=%2Fwp%2Fv2%2Fmedia&parent=9418"}],"curies":[{"name":"wp","href":"https:\/\/api.w.org\/{rel}","templated":true}]}}