{"id":9812,"date":"2017-10-02T11:13:21","date_gmt":"2017-10-02T10:13:21","guid":{"rendered":"http:\/\/montreux-vieux.net\/?page_id=9812"},"modified":"2018-12-26T09:49:46","modified_gmt":"2018-12-26T08:49:46","slug":"le-saviez-vous-il-y-a-3-presbyteres-a-montreux-vieux","status":"publish","type":"page","link":"https:\/\/montreux-vieux.net\/?page_id=9812","title":{"rendered":"Le saviez-vous ? Il y a 3 presbyt\u00e8res \u00e0 Montreux-Vieux."},"content":{"rendered":"<h3 style=\"text-align: center;\">Le saviez-vous ? Il y a 3 presbyt\u00e8res \u00e0 Montreux-Vieux.<\/h3>\n<div id=\"attachment_9810\" style=\"width: 955px\" class=\"wp-caption aligncenter\"><a href=\"http:\/\/montreux-vieux.net\/montreux-vieux.net\/wp-content\/uploads\/2017\/10\/Les-trois-presbyt\u00e8res-de-Montreux-Vieux.jpg\" target=\"_blank\" rel=\"noopener\"><img loading=\"lazy\" decoding=\"async\" aria-describedby=\"caption-attachment-9810\" class=\"wp-image-9810 size-full\" src=\"http:\/\/montreux-vieux.net\/montreux-vieux.net\/wp-content\/uploads\/2017\/10\/Les-trois-presbyt\u00e8res-de-Montreux-Vieux.jpg\" alt=\"Le saviez-vous ? Il y a 3 presbyt\u00e8res \u00e0 Montreux-Vieux.\" width=\"945\" height=\"756\" srcset=\"https:\/\/montreux-vieux.net\/montreux-vieux.net\/wp-content\/uploads\/2017\/10\/Les-trois-presbyt\u00e8res-de-Montreux-Vieux.jpg 945w, https:\/\/montreux-vieux.net\/montreux-vieux.net\/wp-content\/uploads\/2017\/10\/Les-trois-presbyt\u00e8res-de-Montreux-Vieux-300x240.jpg 300w, https:\/\/montreux-vieux.net\/montreux-vieux.net\/wp-content\/uploads\/2017\/10\/Les-trois-presbyt\u00e8res-de-Montreux-Vieux-768x614.jpg 768w, https:\/\/montreux-vieux.net\/montreux-vieux.net\/wp-content\/uploads\/2017\/10\/Les-trois-presbyt\u00e8res-de-Montreux-Vieux-600x480.jpg 600w\" sizes=\"auto, (max-width: 945px) 100vw, 945px\" \/><\/a><p id=\"caption-attachment-9810\" class=\"wp-caption-text\">1) celui occup\u00e9 par Mr et Mme Lambert Guy construit vers1838 abritant le desservant de l\u2019ancienne \u00e9glise achev\u00e9e en 1787. 2) celui actuellement inoccup\u00e9 construite vers 1900 et abritant le desservant de la nouvelle \u00e9glise consacr\u00e9e le 21 juin 1899. 3) celui occup\u00e9 actuellement par le P.S.R. (ancienne Poste) construit vers 1900 abritant le pasteur du Temple Protestant achev\u00e9 vers 1903.<\/p><\/div>\n","protected":false},"excerpt":{"rendered":"<p>Le saviez-vous ? Il y a 3 presbyt\u00e8res \u00e0 Montreux-Vieux.<\/p>\n","protected":false},"author":1,"featured_media":0,"parent":13020,"menu_order":2,"comment_status":"closed","ping_status":"open","template":"","meta":{"footnotes":""},"class_list":["post-9812","page","type-page","status-publish","hentry"],"_links":{"self":[{"href":"https:\/\/montreux-vieux.net\/index.php?rest_route=\/wp\/v2\/pages\/9812","targetHints":{"allow":["GET"]}}],"collection":[{"href":"https:\/\/montreux-vieux.net\/index.php?rest_route=\/wp\/v2\/pages"}],"about":[{"href":"https:\/\/montreux-vieux.net\/index.php?rest_route=\/wp\/v2\/types\/page"}],"author":[{"embeddable":true,"href":"https:\/\/montreux-vieux.net\/index.php?rest_route=\/wp\/v2\/users\/1"}],"replies":[{"embeddable":true,"href":"https:\/\/montreux-vieux.net\/index.php?rest_route=%2Fwp%2Fv2%2Fcomments&post=9812"}],"version-history":[{"count":2,"href":"https:\/\/montreux-vieux.net\/index.php?rest_route=\/wp\/v2\/pages\/9812\/revisions"}],"predecessor-version":[{"id":12785,"href":"https:\/\/montreux-vieux.net\/index.php?rest_route=\/wp\/v2\/pages\/9812\/revisions\/12785"}],"up":[{"embeddable":true,"href":"https:\/\/montreux-vieux.net\/index.php?rest_route=\/wp\/v2\/pages\/13020"}],"wp:attachment":[{"href":"https:\/\/montreux-vieux.net\/index.php?rest_route=%2Fwp%2Fv2%2Fmedia&parent=9812"}],"curies":[{"name":"wp","href":"https:\/\/api.w.org\/{rel}","templated":true}]}}